{"id":121,"date":"2017-02-21T19:20:05","date_gmt":"2017-02-21T22:20:05","guid":{"rendered":"https:\/\/semead.com.br\/16\/?page_id=121"},"modified":"2017-02-21T19:24:00","modified_gmt":"2017-02-21T22:24:00","slug":"programacao","status":"publish","type":"page","link":"https:\/\/semead.com.br\/16\/programacao\/","title":{"rendered":"Programa\u00e7\u00e3o"},"content":{"rendered":"<p><strong>Apresenta\u00e7\u00e3o de trabalho<\/strong><\/p>\n<p><a href=\"https:\/\/semead.com.br\/16\/wp-content\/uploads\/sites\/6\/2017\/02\/Programa\u00c3\u00a7\u00c3\u00a3o-24-de-outubro.pdf\">-24 de outubro<\/a><\/p>\n<p><a href=\"https:\/\/semead.com.br\/16\/wp-content\/uploads\/sites\/6\/2017\/02\/Programa\u00c3\u00a7\u00c3\u00a3o-25-de-outubro.pdf\">-25 de outubro<\/a><\/p>\n<p><a href=\"https:\/\/semead.com.br\/16\/wp-content\/uploads\/sites\/6\/2017\/02\/Programacao-paineis-tematicos-2013.pdf\">-Programa\u00e7\u00e3o dos Pain\u00e9is tem\u00e1ticos \u2013 24 de outubro \u2013 11:00-12:45<\/a><\/p>\n<p>&nbsp;<\/p>\n<p><em>*Programa\u00e7\u00e3o sujeita \u00e0 altera\u00e7\u00f5es<\/em><\/p>\n<h2>23 de Outubro de 2013 \u2013 Cons\u00f3rcio Doutoral<\/h2>\n<table id=\"tablepress-10\" class=\"tablepress tablepress-id-10\">\n<tbody class=\"row-hover\">\n<tr class=\"row-1 odd\">\n<td class=\"column-1\">Sala Congrega\u00e7\u00e3o<br \/>\n9:00 \u2013 9:15<\/td>\n<td class=\"column-2\">Boas Vindas e Abertura<br \/>\nProf. Dr. Walter Bataglia<\/td>\n<\/tr>\n<tr class=\"row-2 even\">\n<td class=\"column-1\">9:15 \u2013 10:15<\/td>\n<td class=\"column-2\">Confer\u00eancia \u2013 Qual Filosofia da Ci\u00eancia voc\u00ea Pratica?<br \/>\nProfa. Dra. Cristiane Drebes Pedron<\/td>\n<\/tr>\n<tr class=\"row-3 odd\">\n<td class=\"column-1\">Hall da Congrega\u00e7\u00e3o<br \/>\n10:15 \u2013 10:30<\/td>\n<td class=\"column-2\">Coffe Break<\/td>\n<\/tr>\n<tr class=\"row-4 even\">\n<td class=\"column-1\">10:30 \u2013 11:30<\/td>\n<td class=\"column-2\">Confer\u00eancia &#8211; Constru\u00e7\u00e3o de Teoria<br \/>\nProf. Dr. Walter Bataglia<\/td>\n<\/tr>\n<tr class=\"row-5 odd\">\n<td class=\"column-1\">11:30 \u2013 12:30<\/td>\n<td class=\"column-2\">Confer\u00eancia \u2013 Desenho de Pesquisa<br \/>\nProf. Dr. Antonio Carlos Gil<\/td>\n<\/tr>\n<tr class=\"row-6 even\">\n<td class=\"column-1\">12:30 \u2013 14:00<\/td>\n<td class=\"column-2\">Almo\u00e7o<\/td>\n<\/tr>\n<tr class=\"row-7 odd\">\n<td class=\"column-1\">14:00 \u2013 16:00<\/td>\n<td class=\"column-2\">Sess\u00f5es Paralelas de Trabalhos 1<br \/>\nApresenta\u00e7\u00f5es dos Trabalhos do Cons\u00f3rcio Doutoral SEMEAD<\/td>\n<\/tr>\n<tr class=\"row-8 even\">\n<td class=\"column-1\">Hall da Congrega\u00e7\u00e3o<br \/>\n16:00 \u2013 16:30<\/td>\n<td class=\"column-2\">Coffe Break<\/td>\n<\/tr>\n<tr class=\"row-9 odd\">\n<td class=\"column-1\">16:30 \u2013 18:30<\/td>\n<td class=\"column-2\">Sess\u00f5es Paralelas de Trabalhos 2<br \/>\nApresenta\u00e7\u00f5es dos Trabalhos do Cons\u00f3rcio Doutoral SEMEAD<\/td>\n<\/tr>\n<\/tbody>\n<\/table>\n<p>&nbsp;<\/p>\n<h2>24 de Outubro de 2013 \u2013 SemeAd e ALAC<\/h2>\n<table id=\"tablepress-2\" class=\"tablepress tablepress-id-2\">\n<tbody class=\"row-hover\">\n<tr class=\"row-1 odd\">\n<td class=\"column-1\">Audit\u00f3rio FEA 5<br \/>\n9:00 \u2013 9:30<\/td>\n<td class=\"column-2\">Abertura: Coordenadores e Convidados: SEMEAD e ALAC<\/td>\n<\/tr>\n<tr class=\"row-2 even\">\n<td class=\"column-1\">9:30 \u2013 10:00<\/td>\n<td class=\"column-2\">Convidado para Palestra: Prof. Aridelmo Jos\u00e9 Campanharo Teixeira \u2013 Coordenador Adjunto de Mestrados Profissionais da \u00c1rea de Administra\u00e7\u00e3o da CAPES \u201c<br \/>\n\u201cA Import\u00e2ncia do Desenvolvimentos dos MPs e das dificuldades e obst\u00e1culos a serem transpostos\u201d.<\/td>\n<\/tr>\n<tr class=\"row-3 odd\">\n<td class=\"column-1\">Audit\u00f3rio FEA 5<br \/>\n10:00 \u2013 10:45<\/td>\n<td class=\"column-2\">Confer\u00eancia Magistral (ALAC) &#8211; Dr. Jeffrey Shay, Presidente da NACRA &#8220;Lessons from an Experienced Case Writer and Teacher&#8221;<\/td>\n<\/tr>\n<tr class=\"row-4 even\">\n<td class=\"column-1\">10:45 \u2013 11:00<\/td>\n<td class=\"column-2\">Coffe Break<\/td>\n<\/tr>\n<tr class=\"row-5 odd\">\n<td class=\"column-1\">11:00 \u2013 12:45<\/td>\n<td class=\"column-2\">Pain\u00e9is Tem\u00e1ticos SEMEAD \u2013 Salas corredores E, G.<br \/>\nPANEL ALAC \u2013 FEA-5<\/td>\n<\/tr>\n<tr class=\"row-6 even\">\n<td class=\"column-1\">11:00 \u2013 12:00<\/td>\n<td class=\"column-2\">Pesquisa: &#8220;Melhores Empresas para Voc\u00ea Trabalhar<br \/>\n&#8211; MEPT&#8221; &#8211; Sala E-6<\/td>\n<\/tr>\n<tr class=\"row-7 odd\">\n<td class=\"column-1\">12:45 \u2013 14:00<\/td>\n<td class=\"column-2\">Almo\u00e7o<\/td>\n<\/tr>\n<tr class=\"row-8 even\">\n<td class=\"column-1\">14:00 \u2013 16:00<\/td>\n<td class=\"column-2\">1\u00aa Sess\u00e3o &#8211; Apresenta\u00e7\u00e3o dos Trabalhos SEMEAD &#8211; Salas corredores E,G, A-2, Congrega\u00e7\u00e3o e Ruy Leme.<br \/>\nTaller sobre la escritura de casos ALAC<\/td>\n<\/tr>\n<tr class=\"row-9 odd\">\n<td class=\"column-1\">Hall da Congrega\u00e7\u00e3o<br \/>\n16:00 \u2013 16:30<\/td>\n<td class=\"column-2\">Coffe Break<\/td>\n<\/tr>\n<tr class=\"row-10 even\">\n<td class=\"column-1\">16:30 \u2013 18:30<\/td>\n<td class=\"column-2\">2\u00aa Sess\u00e3o &#8211; Apresenta\u00e7\u00e3o de trabalhos SEMEAD &#8211; Salas corredores E,G, C-8, Congrega\u00e7\u00e3o e Ruy Leme<br \/>\nPANEL ALAC<\/td>\n<\/tr>\n<tr class=\"row-11 odd\">\n<td class=\"column-1\">Sala da Congrega\u00e7\u00e3o<br \/>\n18:30 \u2013 20:00<\/td>\n<td class=\"column-2\">Premia\u00e7\u00e3o SEMEAD<\/td>\n<\/tr>\n<tr class=\"row-12 even\">\n<td class=\"column-1\">Restaurante Sweden (FEA)<br \/>\n20:00<\/td>\n<td class=\"column-2\">Jantar (SEMEAD e ALAC)<\/td>\n<\/tr>\n<\/tbody>\n<\/table>\n<p>&nbsp;<\/p>\n<h2>25 de Outubro de 2013\u00a0&#8211; SemeAd e ALAC<\/h2>\n<table id=\"tablepress-3\" class=\"tablepress tablepress-id-3\">\n<tbody class=\"row-hover\">\n<tr class=\"row-1 odd\">\n<td class=\"column-1\">9:00 \u2013 10:30<\/td>\n<td class=\"column-2\">1\u00aa Sess\u00e3o &#8211; Apresenta\u00e7\u00e3o dos Trabalhos SEMEAD &#8211; Salas corredor C e Congrega\u00e7\u00e3o<br \/>\nConfer\u00eancia ALAC &#8211; Sala C-8.<\/td>\n<\/tr>\n<tr class=\"row-2 even\">\n<td class=\"column-1\">Hall da Congrega\u00e7\u00e3o<br \/>\n10:30 \u2013 11:00<\/td>\n<td class=\"column-2\">Coffee break<\/td>\n<\/tr>\n<tr class=\"row-3 odd\">\n<td class=\"column-1\">11:00 \u2013 13:00<\/td>\n<td class=\"column-2\">2\u00aa Sess\u00e3o &#8211; Apresenta\u00e7\u00e3o de trabalhos SEMEAD &#8211; Salas corredores E, G, Congrega\u00e7\u00e3o e Ruy Leme.<\/p>\n<p>Revisi\u00f3n de um caso por um panel de expertos en la metodologia (Introducci\u00f3n al trabajo dentro de las mesas de revisi\u00f3n de casos) \u2013 ALAC &#8211; Corredor C.<\/td>\n<\/tr>\n<tr class=\"row-4 even\">\n<td class=\"column-1\">13:00 \u2013 14:00<\/td>\n<td class=\"column-2\">Almo\u00e7o<\/td>\n<\/tr>\n<tr class=\"row-5 odd\">\n<td class=\"column-1\">14:00 \u2013 16:00<\/td>\n<td class=\"column-2\">3\u00aa Sess\u00e3o &#8211; Apresenta\u00e7\u00e3o dos Trabalhos SEMEAD &#8211; Salas corredores E, G e C.<br \/>\nRevisi\u00f3n de Casos Participantes ALAC &#8211; Sala C-8.<\/td>\n<\/tr>\n<tr class=\"row-6 even\">\n<td class=\"column-1\">16:00 \u2013 16:30<\/td>\n<td class=\"column-2\">Coffe Break<\/td>\n<\/tr>\n<tr class=\"row-7 odd\">\n<td class=\"column-1\">16:30 \u2013 18:30<\/td>\n<td class=\"column-2\">4\u00aa Sess\u00e3o &#8211; Apresenta\u00e7\u00e3o de trabalhos SEMEAD &#8211; Salas corredores C, E, G, Congrega\u00e7\u00e3o e Ruy Leme.<br \/>\nContinuaci\u00f3n Revisi\u00f3n de Casos Participantes ALAC &#8211; Sala C-8<\/td>\n<\/tr>\n<\/tbody>\n<\/table>\n","protected":false},"excerpt":{"rendered":"<p>Apresenta\u00e7\u00e3o de trabalho -24 de outubro -25 de outubro -Programa\u00e7\u00e3o dos Pain\u00e9is tem\u00e1ticos \u2013 24 de outubro \u2013 11:00-12:45 &nbsp; *Programa\u00e7\u00e3o sujeita \u00e0 altera\u00e7\u00f5es 23 de Outubro de 2013 \u2013 Cons\u00f3rcio Doutoral Sala Congrega\u00e7\u00e3o 9:00 \u2013 9:15 Boas Vindas e Abertura Prof. Dr. Walter Bataglia 9:15 \u2013 10:15 Confer\u00eancia \u2013 Qual Filosofia da Ci\u00eancia voc\u00ea&#8230;<\/p>\n","protected":false},"author":4,"featured_media":0,"parent":0,"menu_order":0,"comment_status":"closed","ping_status":"closed","template":"","meta":{"_acf_changed":false,"_monsterinsights_skip_tracking":false,"_monsterinsights_sitenote_active":false,"_monsterinsights_sitenote_note":"","_monsterinsights_sitenote_category":0,"footnotes":""},"class_list":["post-121","page","type-page","status-publish","hentry"],"acf":[],"yoast_head":"<!-- This site is optimized with the Yoast SEO plugin v27.1.1 - https:\/\/yoast.com\/product\/yoast-seo-wordpress\/ -->\n<title>Programa\u00e7\u00e3o - XVI SemeAd<\/title>\n<meta name=\"robots\" content=\"index, follow, max-snippet:-1, max-image-preview:large, max-video-preview:-1\" \/>\n<link rel=\"canonical\" href=\"https:\/\/semead.com.br\/16\/programacao\/\" \/>\n<meta property=\"og:locale\" content=\"pt_BR\" \/>\n<meta property=\"og:type\" content=\"article\" \/>\n<meta property=\"og:title\" content=\"Programa\u00e7\u00e3o - XVI SemeAd\" \/>\n<meta property=\"og:description\" content=\"Apresenta\u00e7\u00e3o de trabalho -24 de outubro -25 de outubro -Programa\u00e7\u00e3o dos Pain\u00e9is tem\u00e1ticos \u2013 24 de outubro \u2013 11:00-12:45 &nbsp; *Programa\u00e7\u00e3o sujeita \u00e0 altera\u00e7\u00f5es 23 de Outubro de 2013 \u2013 Cons\u00f3rcio Doutoral Sala Congrega\u00e7\u00e3o 9:00 \u2013 9:15 Boas Vindas e Abertura Prof. Dr. Walter Bataglia 9:15 \u2013 10:15 Confer\u00eancia \u2013 Qual Filosofia da Ci\u00eancia voc\u00ea...\" \/>\n<meta property=\"og:url\" content=\"https:\/\/semead.com.br\/16\/programacao\/\" \/>\n<meta property=\"og:site_name\" content=\"XVI SemeAd\" \/>\n<meta property=\"article:modified_time\" content=\"2017-02-21T22:24:00+00:00\" \/>\n<meta name=\"twitter:card\" content=\"summary_large_image\" \/>\n<meta name=\"twitter:label1\" content=\"Est. tempo de leitura\" \/>\n\t<meta name=\"twitter:data1\" content=\"2 minutos\" \/>\n<script type=\"application\/ld+json\" class=\"yoast-schema-graph\">{\"@context\":\"https:\/\/schema.org\",\"@graph\":[{\"@type\":\"WebPage\",\"@id\":\"https:\/\/semead.com.br\/16\/programacao\/\",\"url\":\"https:\/\/semead.com.br\/16\/programacao\/\",\"name\":\"Programa\u00e7\u00e3o - XVI SemeAd\",\"isPartOf\":{\"@id\":\"https:\/\/semead.com.br\/16\/#website\"},\"datePublished\":\"2017-02-21T22:20:05+00:00\",\"dateModified\":\"2017-02-21T22:24:00+00:00\",\"breadcrumb\":{\"@id\":\"https:\/\/semead.com.br\/16\/programacao\/#breadcrumb\"},\"inLanguage\":\"pt-BR\",\"potentialAction\":[{\"@type\":\"ReadAction\",\"target\":[\"https:\/\/semead.com.br\/16\/programacao\/\"]}]},{\"@type\":\"BreadcrumbList\",\"@id\":\"https:\/\/semead.com.br\/16\/programacao\/#breadcrumb\",\"itemListElement\":[{\"@type\":\"ListItem\",\"position\":1,\"name\":\"In\u00edcio\",\"item\":\"https:\/\/semead.com.br\/16\/\"},{\"@type\":\"ListItem\",\"position\":2,\"name\":\"Programa\u00e7\u00e3o\"}]},{\"@type\":\"WebSite\",\"@id\":\"https:\/\/semead.com.br\/16\/#website\",\"url\":\"https:\/\/semead.com.br\/16\/\",\"name\":\"XVI SemeAd\",\"description\":\"S\u00f3 mais um site SemeAd\",\"potentialAction\":[{\"@type\":\"SearchAction\",\"target\":{\"@type\":\"EntryPoint\",\"urlTemplate\":\"https:\/\/semead.com.br\/16\/?s={search_term_string}\"},\"query-input\":{\"@type\":\"PropertyValueSpecification\",\"valueRequired\":true,\"valueName\":\"search_term_string\"}}],\"inLanguage\":\"pt-BR\"}]}<\/script>\n<!-- \/ Yoast SEO plugin. -->","yoast_head_json":{"title":"Programa\u00e7\u00e3o - XVI SemeAd","robots":{"index":"index","follow":"follow","max-snippet":"max-snippet:-1","max-image-preview":"max-image-preview:large","max-video-preview":"max-video-preview:-1"},"canonical":"https:\/\/semead.com.br\/16\/programacao\/","og_locale":"pt_BR","og_type":"article","og_title":"Programa\u00e7\u00e3o - XVI SemeAd","og_description":"Apresenta\u00e7\u00e3o de trabalho -24 de outubro -25 de outubro -Programa\u00e7\u00e3o dos Pain\u00e9is tem\u00e1ticos \u2013 24 de outubro \u2013 11:00-12:45 &nbsp; *Programa\u00e7\u00e3o sujeita \u00e0 altera\u00e7\u00f5es 23 de Outubro de 2013 \u2013 Cons\u00f3rcio Doutoral Sala Congrega\u00e7\u00e3o 9:00 \u2013 9:15 Boas Vindas e Abertura Prof. Dr. Walter Bataglia 9:15 \u2013 10:15 Confer\u00eancia \u2013 Qual Filosofia da Ci\u00eancia voc\u00ea...","og_url":"https:\/\/semead.com.br\/16\/programacao\/","og_site_name":"XVI SemeAd","article_modified_time":"2017-02-21T22:24:00+00:00","twitter_card":"summary_large_image","twitter_misc":{"Est. tempo de leitura":"2 minutos"},"schema":{"@context":"https:\/\/schema.org","@graph":[{"@type":"WebPage","@id":"https:\/\/semead.com.br\/16\/programacao\/","url":"https:\/\/semead.com.br\/16\/programacao\/","name":"Programa\u00e7\u00e3o - XVI SemeAd","isPartOf":{"@id":"https:\/\/semead.com.br\/16\/#website"},"datePublished":"2017-02-21T22:20:05+00:00","dateModified":"2017-02-21T22:24:00+00:00","breadcrumb":{"@id":"https:\/\/semead.com.br\/16\/programacao\/#breadcrumb"},"inLanguage":"pt-BR","potentialAction":[{"@type":"ReadAction","target":["https:\/\/semead.com.br\/16\/programacao\/"]}]},{"@type":"BreadcrumbList","@id":"https:\/\/semead.com.br\/16\/programacao\/#breadcrumb","itemListElement":[{"@type":"ListItem","position":1,"name":"In\u00edcio","item":"https:\/\/semead.com.br\/16\/"},{"@type":"ListItem","position":2,"name":"Programa\u00e7\u00e3o"}]},{"@type":"WebSite","@id":"https:\/\/semead.com.br\/16\/#website","url":"https:\/\/semead.com.br\/16\/","name":"XVI SemeAd","description":"S\u00f3 mais um site SemeAd","potentialAction":[{"@type":"SearchAction","target":{"@type":"EntryPoint","urlTemplate":"https:\/\/semead.com.br\/16\/?s={search_term_string}"},"query-input":{"@type":"PropertyValueSpecification","valueRequired":true,"valueName":"search_term_string"}}],"inLanguage":"pt-BR"}]}},"_links":{"self":[{"href":"https:\/\/semead.com.br\/16\/wp-json\/wp\/v2\/pages\/121","targetHints":{"allow":["GET"]}}],"collection":[{"href":"https:\/\/semead.com.br\/16\/wp-json\/wp\/v2\/pages"}],"about":[{"href":"https:\/\/semead.com.br\/16\/wp-json\/wp\/v2\/types\/page"}],"author":[{"embeddable":true,"href":"https:\/\/semead.com.br\/16\/wp-json\/wp\/v2\/users\/4"}],"replies":[{"embeddable":true,"href":"https:\/\/semead.com.br\/16\/wp-json\/wp\/v2\/comments?post=121"}],"version-history":[{"count":0,"href":"https:\/\/semead.com.br\/16\/wp-json\/wp\/v2\/pages\/121\/revisions"}],"wp:attachment":[{"href":"https:\/\/semead.com.br\/16\/wp-json\/wp\/v2\/media?parent=121"}],"curies":[{"name":"wp","href":"https:\/\/api.w.org\/{rel}","templated":true}]}}