{"id":81,"date":"2017-02-21T18:58:42","date_gmt":"2017-02-21T21:58:42","guid":{"rendered":"https:\/\/semead.com.br\/16\/?page_id=81"},"modified":"2017-02-21T19:01:55","modified_gmt":"2017-02-21T22:01:55","slug":"chamada-de-trabalhos","status":"publish","type":"page","link":"https:\/\/semead.com.br\/16\/consorcio-doutoral\/chamada-de-trabalhos\/","title":{"rendered":"Chamada de Trabalhos"},"content":{"rendered":"<p><strong>Chamada de Trabalhos do\u00a0Cons\u00f3rcio Doutoral do XVI SemeAd 2013 para estudantes de doutorado em ADMINISTRA\u00c7\u00c3O<\/strong><\/p>\n<p><strong>23 de Outubro 09h00 -18h30<\/strong><\/p>\n<p>O Cons\u00f3rcio Doutoral est\u00e1 aberto para todos os estudantes no n\u00edvel de doutoramento trabalhando no campo da administra\u00e7\u00e3o. S\u00e3o convidados artigos que busquem ampliar o conhecimento sobre a administra\u00e7\u00e3o. Encorajam-se todos os estudantes de doutorado em administra\u00e7\u00e3o a submeterem suas pesquisas para o evento. Os trabalhos submetidos ao Cons\u00f3rcio Doutoral n\u00e3o passar\u00e3o pelo processo de avalia\u00e7\u00e3o pr\u00e9via. Todos ser\u00e3o alocados para apresenta\u00e7\u00e3o. Espera-se aceitar de 15 a 18 trabalhos de doutorandos. Se um n\u00famero maior de trabalhos for submetido, ser\u00e1 dada prioridade para aqueles cujos doutorandos est\u00e3o mais pr\u00f3ximos ao per\u00edodo de conclus\u00e3o do curso. Tamb\u00e9m ser\u00e1 utilizado o crit\u00e9rio de limita\u00e7\u00e3o do n\u00famero de doutorandos por universidade.<\/p>\n<p>A \u00eanfase principal est\u00e1 nas apresenta\u00e7\u00f5es dos doutorandos. Sess\u00f5es de 2hs ser\u00e3o constitu\u00eddas com os artigos de 3 doutorandos. Aos doutorandos apresentadores ser\u00e1 dado o tempo m\u00e1ximo de 15 minutos para apresenta\u00e7\u00e3o. Isto \u00e9 15 minutos e somente 15 minutos. \u00c9 uma importante habilidade de acad\u00eamicos bem sucedidos serem capazes de apresentar as mais interessantes e importantes caracter\u00edsticas e resultados de seus trabalhos em um tempo ex\u00edguo. O coordenador da sess\u00e3o garantir\u00e1 que os apresentadores cumpram o tempo programado. Para cada artigo ser\u00e1 atribu\u00eddo um discutidor j\u00fanior (um colega de doutorado) e um discutidor s\u00eanior (um professor de um PPGA convidado), os quais ter\u00e3o 5 e 15 minutos, respectivamente, para apresentar suas cr\u00edticas e sugest\u00f5es para a melhoria do trabalho. O uso de slides pelo apresentador e pelos discutidores \u00e9 bem vindo.<\/p>\n<p>Todos os doutorandos que apresentarem seus artigos tamb\u00e9m ser\u00e3o designados como discutidores juniores de artigos de colegas. Os discutidores devem desenvolver coment\u00e1rios claros, precisos, perspicazes, contundentes, mas que sejam construtivos, que reconhe\u00e7am contribui\u00e7\u00f5es significantes, e que foquem aspectos, nos quais melhorias possam ou devam ser feitas. Devem oferecer aos autores algo \u00fatil para levarem de li\u00e7\u00e3o de casa.<\/p>\n<p>Todos os doutorandos que participarem do Cons\u00f3rcio Doutoral tamb\u00e9m participar\u00e3o do XVI Semead como um todo, tendo a oportunidade de contato com os palestrantes convidados e os demais pesquisadores que estar\u00e3o apresentando seus trabalhos no evento.<\/p>\n","protected":false},"excerpt":{"rendered":"<p>Chamada de Trabalhos do\u00a0Cons\u00f3rcio Doutoral do XVI SemeAd 2013 para estudantes de doutorado em ADMINISTRA\u00c7\u00c3O 23 de Outubro 09h00 -18h30 O Cons\u00f3rcio Doutoral est\u00e1 aberto para todos os estudantes no n\u00edvel de doutoramento trabalhando no campo da administra\u00e7\u00e3o. S\u00e3o convidados artigos que busquem ampliar o conhecimento sobre a administra\u00e7\u00e3o. Encorajam-se todos os estudantes de doutorado&#8230;<\/p>\n","protected":false},"author":4,"featured_media":0,"parent":83,"menu_order":0,"comment_status":"closed","ping_status":"closed","template":"","meta":{"_acf_changed":false,"_monsterinsights_skip_tracking":false,"_monsterinsights_sitenote_active":false,"_monsterinsights_sitenote_note":"","_monsterinsights_sitenote_category":0,"footnotes":""},"class_list":["post-81","page","type-page","status-publish","hentry"],"acf":[],"yoast_head":"<!-- This site is optimized with the Yoast SEO plugin v27.1.1 - https:\/\/yoast.com\/product\/yoast-seo-wordpress\/ -->\n<title>Chamada de Trabalhos - XVI SemeAd<\/title>\n<meta name=\"robots\" content=\"index, follow, max-snippet:-1, max-image-preview:large, max-video-preview:-1\" \/>\n<link rel=\"canonical\" href=\"https:\/\/semead.com.br\/16\/consorcio-doutoral\/chamada-de-trabalhos\/\" \/>\n<meta property=\"og:locale\" content=\"pt_BR\" \/>\n<meta property=\"og:type\" content=\"article\" \/>\n<meta property=\"og:title\" content=\"Chamada de Trabalhos - XVI SemeAd\" \/>\n<meta property=\"og:description\" content=\"Chamada de Trabalhos do\u00a0Cons\u00f3rcio Doutoral do XVI SemeAd 2013 para estudantes de doutorado em ADMINISTRA\u00c7\u00c3O 23 de Outubro 09h00 -18h30 O Cons\u00f3rcio Doutoral est\u00e1 aberto para todos os estudantes no n\u00edvel de doutoramento trabalhando no campo da administra\u00e7\u00e3o. S\u00e3o convidados artigos que busquem ampliar o conhecimento sobre a administra\u00e7\u00e3o. Encorajam-se todos os estudantes de doutorado...\" \/>\n<meta property=\"og:url\" content=\"https:\/\/semead.com.br\/16\/consorcio-doutoral\/chamada-de-trabalhos\/\" \/>\n<meta property=\"og:site_name\" content=\"XVI SemeAd\" \/>\n<meta property=\"article:modified_time\" content=\"2017-02-21T22:01:55+00:00\" \/>\n<meta name=\"twitter:card\" content=\"summary_large_image\" \/>\n<meta name=\"twitter:label1\" content=\"Est. tempo de leitura\" \/>\n\t<meta name=\"twitter:data1\" content=\"2 minutos\" \/>\n<script type=\"application\/ld+json\" class=\"yoast-schema-graph\">{\"@context\":\"https:\/\/schema.org\",\"@graph\":[{\"@type\":\"WebPage\",\"@id\":\"https:\/\/semead.com.br\/16\/consorcio-doutoral\/chamada-de-trabalhos\/\",\"url\":\"https:\/\/semead.com.br\/16\/consorcio-doutoral\/chamada-de-trabalhos\/\",\"name\":\"Chamada de Trabalhos - XVI SemeAd\",\"isPartOf\":{\"@id\":\"https:\/\/semead.com.br\/16\/#website\"},\"datePublished\":\"2017-02-21T21:58:42+00:00\",\"dateModified\":\"2017-02-21T22:01:55+00:00\",\"breadcrumb\":{\"@id\":\"https:\/\/semead.com.br\/16\/consorcio-doutoral\/chamada-de-trabalhos\/#breadcrumb\"},\"inLanguage\":\"pt-BR\",\"potentialAction\":[{\"@type\":\"ReadAction\",\"target\":[\"https:\/\/semead.com.br\/16\/consorcio-doutoral\/chamada-de-trabalhos\/\"]}]},{\"@type\":\"BreadcrumbList\",\"@id\":\"https:\/\/semead.com.br\/16\/consorcio-doutoral\/chamada-de-trabalhos\/#breadcrumb\",\"itemListElement\":[{\"@type\":\"ListItem\",\"position\":1,\"name\":\"In\u00edcio\",\"item\":\"https:\/\/semead.com.br\/16\/\"},{\"@type\":\"ListItem\",\"position\":2,\"name\":\"Cons\u00f3rcio Doutoral\",\"item\":\"https:\/\/semead.com.br\/16\/consorcio-doutoral\/\"},{\"@type\":\"ListItem\",\"position\":3,\"name\":\"Chamada de Trabalhos\"}]},{\"@type\":\"WebSite\",\"@id\":\"https:\/\/semead.com.br\/16\/#website\",\"url\":\"https:\/\/semead.com.br\/16\/\",\"name\":\"XVI SemeAd\",\"description\":\"S\u00f3 mais um site SemeAd\",\"potentialAction\":[{\"@type\":\"SearchAction\",\"target\":{\"@type\":\"EntryPoint\",\"urlTemplate\":\"https:\/\/semead.com.br\/16\/?s={search_term_string}\"},\"query-input\":{\"@type\":\"PropertyValueSpecification\",\"valueRequired\":true,\"valueName\":\"search_term_string\"}}],\"inLanguage\":\"pt-BR\"}]}<\/script>\n<!-- \/ Yoast SEO plugin. -->","yoast_head_json":{"title":"Chamada de Trabalhos - XVI SemeAd","robots":{"index":"index","follow":"follow","max-snippet":"max-snippet:-1","max-image-preview":"max-image-preview:large","max-video-preview":"max-video-preview:-1"},"canonical":"https:\/\/semead.com.br\/16\/consorcio-doutoral\/chamada-de-trabalhos\/","og_locale":"pt_BR","og_type":"article","og_title":"Chamada de Trabalhos - XVI SemeAd","og_description":"Chamada de Trabalhos do\u00a0Cons\u00f3rcio Doutoral do XVI SemeAd 2013 para estudantes de doutorado em ADMINISTRA\u00c7\u00c3O 23 de Outubro 09h00 -18h30 O Cons\u00f3rcio Doutoral est\u00e1 aberto para todos os estudantes no n\u00edvel de doutoramento trabalhando no campo da administra\u00e7\u00e3o. S\u00e3o convidados artigos que busquem ampliar o conhecimento sobre a administra\u00e7\u00e3o. Encorajam-se todos os estudantes de doutorado...","og_url":"https:\/\/semead.com.br\/16\/consorcio-doutoral\/chamada-de-trabalhos\/","og_site_name":"XVI SemeAd","article_modified_time":"2017-02-21T22:01:55+00:00","twitter_card":"summary_large_image","twitter_misc":{"Est. tempo de leitura":"2 minutos"},"schema":{"@context":"https:\/\/schema.org","@graph":[{"@type":"WebPage","@id":"https:\/\/semead.com.br\/16\/consorcio-doutoral\/chamada-de-trabalhos\/","url":"https:\/\/semead.com.br\/16\/consorcio-doutoral\/chamada-de-trabalhos\/","name":"Chamada de Trabalhos - XVI SemeAd","isPartOf":{"@id":"https:\/\/semead.com.br\/16\/#website"},"datePublished":"2017-02-21T21:58:42+00:00","dateModified":"2017-02-21T22:01:55+00:00","breadcrumb":{"@id":"https:\/\/semead.com.br\/16\/consorcio-doutoral\/chamada-de-trabalhos\/#breadcrumb"},"inLanguage":"pt-BR","potentialAction":[{"@type":"ReadAction","target":["https:\/\/semead.com.br\/16\/consorcio-doutoral\/chamada-de-trabalhos\/"]}]},{"@type":"BreadcrumbList","@id":"https:\/\/semead.com.br\/16\/consorcio-doutoral\/chamada-de-trabalhos\/#breadcrumb","itemListElement":[{"@type":"ListItem","position":1,"name":"In\u00edcio","item":"https:\/\/semead.com.br\/16\/"},{"@type":"ListItem","position":2,"name":"Cons\u00f3rcio Doutoral","item":"https:\/\/semead.com.br\/16\/consorcio-doutoral\/"},{"@type":"ListItem","position":3,"name":"Chamada de Trabalhos"}]},{"@type":"WebSite","@id":"https:\/\/semead.com.br\/16\/#website","url":"https:\/\/semead.com.br\/16\/","name":"XVI SemeAd","description":"S\u00f3 mais um site SemeAd","potentialAction":[{"@type":"SearchAction","target":{"@type":"EntryPoint","urlTemplate":"https:\/\/semead.com.br\/16\/?s={search_term_string}"},"query-input":{"@type":"PropertyValueSpecification","valueRequired":true,"valueName":"search_term_string"}}],"inLanguage":"pt-BR"}]}},"_links":{"self":[{"href":"https:\/\/semead.com.br\/16\/wp-json\/wp\/v2\/pages\/81","targetHints":{"allow":["GET"]}}],"collection":[{"href":"https:\/\/semead.com.br\/16\/wp-json\/wp\/v2\/pages"}],"about":[{"href":"https:\/\/semead.com.br\/16\/wp-json\/wp\/v2\/types\/page"}],"author":[{"embeddable":true,"href":"https:\/\/semead.com.br\/16\/wp-json\/wp\/v2\/users\/4"}],"replies":[{"embeddable":true,"href":"https:\/\/semead.com.br\/16\/wp-json\/wp\/v2\/comments?post=81"}],"version-history":[{"count":0,"href":"https:\/\/semead.com.br\/16\/wp-json\/wp\/v2\/pages\/81\/revisions"}],"up":[{"embeddable":true,"href":"https:\/\/semead.com.br\/16\/wp-json\/wp\/v2\/pages\/83"}],"wp:attachment":[{"href":"https:\/\/semead.com.br\/16\/wp-json\/wp\/v2\/media?parent=81"}],"curies":[{"name":"wp","href":"https:\/\/api.w.org\/{rel}","templated":true}]}}