{"id":97,"date":"2017-02-21T19:06:45","date_gmt":"2017-02-21T22:06:45","guid":{"rendered":"https:\/\/semead.com.br\/16\/?page_id=97"},"modified":"2017-02-21T19:09:42","modified_gmt":"2017-02-21T22:09:42","slug":"indicacao-para-periodicos","status":"publish","type":"page","link":"https:\/\/semead.com.br\/16\/trabalhos\/indicacao-para-periodicos\/","title":{"rendered":"Indica\u00e7\u00e3o para Peri\u00f3dicos"},"content":{"rendered":"<p>Os trabalhos melhor avaliados ser\u00e3o indicados para o <em>fast-track<\/em> nos peri\u00f3dicos que ap\u00f3iam o Seme<em>Ad<\/em>. Ressalva-se que n\u00e3o necessariamente todos os trabalhos indicados ser\u00e3o aceitos para o <em>fast-track<\/em>, pois esta \u00e9 uma decis\u00e3o dos peri\u00f3dicos. Esclarece-se que os trabalhados aceitos pelos peri\u00f3dicos para o <em>fast-track<\/em> automaticamente superaram a fase de <em>desk review<\/em> e j\u00e1 entram diretamente na fase de <em>blind review<\/em> de cada peri\u00f3dico, ou seja, podem concluir o processo completo de avalia\u00e7\u00e3o em prazos mais curtos.Cabe ressalvar que estar aprovado no <em>fast-track<\/em> n\u00e3o significa que o artigo est\u00e1 automaticamente aceito e sim que dever\u00e1 continuar no processo de avalia\u00e7\u00e3o conforme os crit\u00e9rios de cada peri\u00f3dico.Os peri\u00f3dicos que participar\u00e3o do <em>fast-track<\/em> s\u00e3o:<\/p>\n<p>&nbsp;<\/p>\n<table id=\"tablepress-1\" class=\"tablepress tablepress-id-1\">\n<tbody class=\"row-hover\">\n<tr class=\"row-1 odd\">\n<td class=\"column-1\">RAUSP<\/td>\n<td class=\"column-2\">Revista de Administra\u00e7\u00e3o da USP<\/td>\n<td class=\"column-3\">A2<\/td>\n<td class=\"column-4\"><a href=\"\/web\/20131130160950\/http:\/\/www.rausp.usp.br\/\" target=\"_blank\">http:\/\/www.rausp.usp.br\/<\/a><\/td>\n<\/tr>\n<tr class=\"row-2 even\">\n<td class=\"column-1\">RC&amp;F<\/td>\n<td class=\"column-2\">Revista Contabilidade &amp; Finan\u00e7as<\/td>\n<td class=\"column-3\">A2<\/td>\n<td class=\"column-4\"><a href=\"\/web\/20131130160950\/http:\/\/www.eac.fea.usp.br\/eac\/revista\/\" target=\"_blank\">http:\/\/www.eac.fea.usp.br\/eac\/revista\/<\/a><\/td>\n<\/tr>\n<tr class=\"row-3 odd\">\n<td class=\"column-1\">Faces<\/td>\n<td class=\"column-2\">Revista de Administra\u00e7\u00e3o FACES Journal<\/td>\n<td class=\"column-3\">B1<\/td>\n<td class=\"column-4\"><a href=\"\/web\/20131130160950\/http:\/\/www.fumec.br\/revistas\/index.php\/facesp\" target=\"_blank\">http:\/\/www.fumec.br\/revistas\/index.php\/facesp<\/a><\/td>\n<\/tr>\n<tr class=\"row-4 even\">\n<td class=\"column-1\">G&amp;R<\/td>\n<td class=\"column-2\">Revista Gest\u00e3o &amp; Regionalidade<\/td>\n<td class=\"column-3\">B1<\/td>\n<td class=\"column-4\"><a href=\"\/web\/20131130160950\/http:\/\/seer.uscs.edu.br\/index.php\/revista_gestao\/\" target=\"_blank\">http:\/\/seer.uscs.edu.br\/index.php\/revista_gestao\/<\/a><\/td>\n<\/tr>\n<tr class=\"row-5 odd\">\n<td class=\"column-1\">RAI<\/td>\n<td class=\"column-2\">Revista de Administra\u00e7\u00e3o e Inova\u00e7\u00e3o<\/td>\n<td class=\"column-3\">B1<\/td>\n<td class=\"column-4\"><a href=\"\/web\/20131130160950\/http:\/\/www.revistarai.org\/rai\" target=\"_blank\">http:\/\/www.revistarai.org\/rai<\/a><\/td>\n<\/tr>\n<tr class=\"row-6 even\">\n<td class=\"column-1\">RAM<\/td>\n<td class=\"column-2\">Revista de Administra\u00e7\u00e3o Mackenzie<\/td>\n<td class=\"column-3\">B1<\/td>\n<td class=\"column-4\"><a href=\"\/web\/20131130160950\/http:\/\/www.mackenzie.br\/revista_admi.html\" target=\"_blank\">http:\/\/www.mackenzie.br\/revista_admi.html<\/a><\/td>\n<\/tr>\n<tr class=\"row-7 odd\">\n<td class=\"column-1\">RBGN<\/td>\n<td class=\"column-2\">Revista Brasileira de Gest\u00e3o e Neg\u00f3cios<\/td>\n<td class=\"column-3\">B1<\/td>\n<td class=\"column-4\"><a href=\"\/web\/20131130160950\/http:\/\/rbgn.fecap.br\/seer\/index.php\/RBGN\/index\" target=\"_blank\">http:\/\/rbgn.fecap.br\/seer\/index.php\/RBGN\/index<\/a><\/td>\n<\/tr>\n<tr class=\"row-8 even\">\n<td class=\"column-1\">Contextus<\/td>\n<td class=\"column-2\">Revista Contempor\u00e2nea de Economia e Gest\u00e3o<\/td>\n<td class=\"column-3\">B2<\/td>\n<td class=\"column-4\"><a href=\"\/web\/20131130160950\/http:\/\/www.contextus.ufc.br\/index.php\/contextus\" target=\"_blank\">http:\/\/www.contextus.ufc.br\/index.php\/contextus<\/a><\/td>\n<\/tr>\n<tr class=\"row-9 odd\">\n<td class=\"column-1\">InternexT<\/td>\n<td class=\"column-2\">Revista Eletr\u00f4nica de Neg\u00f3cios Internacionais da ESPM<\/td>\n<td class=\"column-3\">B2<\/td>\n<td class=\"column-4\"><a href=\"\/web\/20131130160950\/http:\/\/internext.espm.br\/\" target=\"_blank\">http:\/\/internext.espm.br\/<\/a><\/td>\n<\/tr>\n<tr class=\"row-10 even\">\n<td class=\"column-1\">PRETEXTO<\/td>\n<td class=\"column-2\">Revista PRETEXTO<\/td>\n<td class=\"column-3\">B2<\/td>\n<td class=\"column-4\"><a href=\"\/web\/20131130160950\/http:\/\/www.fumec.br\/revistas\/index.php\/pretexto\" target=\"_blank\">http:\/\/www.fumec.br\/revistas\/index.php\/pretexto<\/a><\/td>\n<\/tr>\n<tr class=\"row-11 odd\">\n<td class=\"column-1\">ReAUFSM<\/td>\n<td class=\"column-2\">Revista da Universidade de Santa Maria<\/td>\n<td class=\"column-3\">B2<\/td>\n<td class=\"column-4\"><a href=\"\/web\/20131130160950\/http:\/\/cascavel.ufsm.br\/revistas\/ojs-2.2.2\/index.php\/reaufsm\" target=\"_blank\">http:\/\/cascavel.ufsm.br\/revistas\/ojs-2.2.2\/index.php\/reaufsm<\/a><\/td>\n<\/tr>\n<tr class=\"row-12 even\">\n<td class=\"column-1\">RECADM<\/td>\n<td class=\"column-2\">Revista Eletr\u00f4nica de Ci\u00eancia Administrativa<\/td>\n<td class=\"column-3\">B2<\/td>\n<td class=\"column-4\"><a href=\"\/web\/20131130160950\/http:\/\/revistas.facecla.com.br\/index.php\/recadm\/\" target=\"_blank\">http:\/\/revistas.facecla.com.br\/index.php\/recadm\/<\/a><\/td>\n<\/tr>\n<tr class=\"row-13 odd\">\n<td class=\"column-1\">REGE<\/td>\n<td class=\"column-2\">Revista de Gest\u00e3o USP<\/td>\n<td class=\"column-3\">B2<\/td>\n<td class=\"column-4\"><a href=\"\/web\/20131130160950\/http:\/\/www.regeusp.com.br\/\" target=\"_blank\">http:\/\/www.regeusp.com.br\/<\/a><\/td>\n<\/tr>\n<tr class=\"row-14 even\">\n<td class=\"column-1\">REMark<\/td>\n<td class=\"column-2\">Revista Brasileira de Marketing<\/td>\n<td class=\"column-3\">B2<\/td>\n<td class=\"column-4\"><a href=\"\/web\/20131130160950\/http:\/\/www.revistabrasileiramarketing.org\/ojs-2.2.4\/index.php\/remark\" target=\"_blank\">http:\/\/www.revistabrasileiramarketing.org\/ojs-2.2.4\/index.php\/remark<\/a><\/td>\n<\/tr>\n<tr class=\"row-15 odd\">\n<td class=\"column-1\">RGSA<\/td>\n<td class=\"column-2\">Revista de Gest\u00e3o Social e Ambiental<\/td>\n<td class=\"column-3\">B2<\/td>\n<td class=\"column-4\"><a href=\"\/web\/20131130160950\/http:\/\/www.revistargsa.org\/rgsa\" target=\"_blank\">http:\/\/www.revistargsa.org\/rgsa<\/a><\/td>\n<\/tr>\n<tr class=\"row-16 even\">\n<td class=\"column-1\">RIAE<\/td>\n<td class=\"column-2\">Revista Ibero-Americana de Estrat\u00e9gia<\/td>\n<td class=\"column-3\">B2<\/td>\n<td class=\"column-4\"><a href=\"\/web\/20131130160950\/http:\/\/revistaiberoamericana.org\/ojs\/index.php\/ibero\" target=\"_blank\">http:\/\/revistaiberoamericana.org\/ojs\/index.php\/ibero<\/a><\/td>\n<\/tr>\n<tr class=\"row-17 odd\">\n<td class=\"column-1\">FUTURE SRJ<\/td>\n<td class=\"column-2\">Future Studies Research Journal<\/td>\n<td class=\"column-3\">B3<\/td>\n<td class=\"column-4\"><a href=\"\/web\/20131130160950\/http:\/\/www.revistafuture.org\/FSRJ\" target=\"_blank\">http:\/\/www.revistafuture.org\/FSRJ<\/a><\/td>\n<\/tr>\n<tr class=\"row-18 even\">\n<td class=\"column-1\">GeP<\/td>\n<td class=\"column-2\">Revista de Gest\u00e3o e Projetos<\/td>\n<td class=\"column-3\">B3<\/td>\n<td class=\"column-4\"><a href=\"\/web\/20131130160950\/http:\/\/www.revistagep.org\/ojs\/index.php\/gep\" target=\"_blank\">http:\/\/www.revistagep.org\/ojs\/index.php\/gep<\/a><\/td>\n<\/tr>\n<tr class=\"row-19 odd\">\n<td class=\"column-1\">GUAL<\/td>\n<td class=\"column-2\">Revista\u00a0Gest\u00e3o Universit\u00e1ria na Am\u00e9rica Latina<\/td>\n<td class=\"column-3\">B3<\/td>\n<td class=\"column-4\"><a href=\"\/web\/20131130160950\/http:\/\/periodicos.ufsc.br\/index.php\/gual\/index\" target=\"_blank\">http:\/\/periodicos.ufsc.br\/index.php\/gual\/index<\/a><\/td>\n<\/tr>\n<tr class=\"row-20 even\">\n<td class=\"column-1\">RAHIS<\/td>\n<td class=\"column-2\">Revista de Administra\u00e7\u00e3o Hospitalar e Inova\u00e7\u00e3o em Sa\u00fade<\/td>\n<td class=\"column-3\">B3<\/td>\n<td class=\"column-4\"><a href=\"\/web\/20131130160950\/http:\/\/web.face.ufmg.br\/face\/revista\/index.php\/rahis\" target=\"_blank\">http:\/\/web.face.ufmg.br\/face\/revista\/index.php\/rahis<\/a><\/td>\n<\/tr>\n<\/tbody>\n<\/table>\n<p><em>A qualifica\u00e7\u00e3o (Qualis) das revistas teve por base a atualiza\u00e7\u00e3o feita em 2012<\/em><\/p>\n<p>Veja a lista dos trabalhos indicados para fast track: <a href=\"https:\/\/semead.com.br\/16\/trabalhos\/resultado-fast-track\/\">https:\/\/semead.com.br\/16\/trabalhos\/resultado-fast-track\/<\/a><\/p>\n","protected":false},"excerpt":{"rendered":"<p>Os trabalhos melhor avaliados ser\u00e3o indicados para o fast-track nos peri\u00f3dicos que ap\u00f3iam o SemeAd. Ressalva-se que n\u00e3o necessariamente todos os trabalhos indicados ser\u00e3o aceitos para o fast-track, pois esta \u00e9 uma decis\u00e3o dos peri\u00f3dicos. Esclarece-se que os trabalhados aceitos pelos peri\u00f3dicos para o fast-track automaticamente superaram a fase de desk review e j\u00e1 entram&#8230;<\/p>\n","protected":false},"author":4,"featured_media":0,"parent":93,"menu_order":0,"comment_status":"closed","ping_status":"closed","template":"","meta":{"_acf_changed":false,"_monsterinsights_skip_tracking":false,"_monsterinsights_sitenote_active":false,"_monsterinsights_sitenote_note":"","_monsterinsights_sitenote_category":0,"footnotes":""},"class_list":["post-97","page","type-page","status-publish","hentry"],"acf":[],"yoast_head":"<!-- This site is optimized with the Yoast SEO plugin v27.1.1 - https:\/\/yoast.com\/product\/yoast-seo-wordpress\/ -->\n<title>Indica\u00e7\u00e3o para Peri\u00f3dicos - XVI SemeAd<\/title>\n<meta name=\"robots\" content=\"index, follow, max-snippet:-1, max-image-preview:large, max-video-preview:-1\" \/>\n<link rel=\"canonical\" href=\"https:\/\/semead.com.br\/16\/trabalhos\/indicacao-para-periodicos\/\" \/>\n<meta property=\"og:locale\" content=\"pt_BR\" \/>\n<meta property=\"og:type\" content=\"article\" \/>\n<meta property=\"og:title\" content=\"Indica\u00e7\u00e3o para Peri\u00f3dicos - XVI SemeAd\" \/>\n<meta property=\"og:description\" content=\"Os trabalhos melhor avaliados ser\u00e3o indicados para o fast-track nos peri\u00f3dicos que ap\u00f3iam o SemeAd. Ressalva-se que n\u00e3o necessariamente todos os trabalhos indicados ser\u00e3o aceitos para o fast-track, pois esta \u00e9 uma decis\u00e3o dos peri\u00f3dicos. Esclarece-se que os trabalhados aceitos pelos peri\u00f3dicos para o fast-track automaticamente superaram a fase de desk review e j\u00e1 entram...\" \/>\n<meta property=\"og:url\" content=\"https:\/\/semead.com.br\/16\/trabalhos\/indicacao-para-periodicos\/\" \/>\n<meta property=\"og:site_name\" content=\"XVI SemeAd\" \/>\n<meta property=\"article:modified_time\" content=\"2017-02-21T22:09:42+00:00\" \/>\n<meta name=\"twitter:card\" content=\"summary_large_image\" \/>\n<meta name=\"twitter:label1\" content=\"Est. tempo de leitura\" \/>\n\t<meta name=\"twitter:data1\" content=\"2 minutos\" \/>\n<script type=\"application\/ld+json\" class=\"yoast-schema-graph\">{\"@context\":\"https:\/\/schema.org\",\"@graph\":[{\"@type\":\"WebPage\",\"@id\":\"https:\/\/semead.com.br\/16\/trabalhos\/indicacao-para-periodicos\/\",\"url\":\"https:\/\/semead.com.br\/16\/trabalhos\/indicacao-para-periodicos\/\",\"name\":\"Indica\u00e7\u00e3o para Peri\u00f3dicos - XVI SemeAd\",\"isPartOf\":{\"@id\":\"https:\/\/semead.com.br\/16\/#website\"},\"datePublished\":\"2017-02-21T22:06:45+00:00\",\"dateModified\":\"2017-02-21T22:09:42+00:00\",\"breadcrumb\":{\"@id\":\"https:\/\/semead.com.br\/16\/trabalhos\/indicacao-para-periodicos\/#breadcrumb\"},\"inLanguage\":\"pt-BR\",\"potentialAction\":[{\"@type\":\"ReadAction\",\"target\":[\"https:\/\/semead.com.br\/16\/trabalhos\/indicacao-para-periodicos\/\"]}]},{\"@type\":\"BreadcrumbList\",\"@id\":\"https:\/\/semead.com.br\/16\/trabalhos\/indicacao-para-periodicos\/#breadcrumb\",\"itemListElement\":[{\"@type\":\"ListItem\",\"position\":1,\"name\":\"In\u00edcio\",\"item\":\"https:\/\/semead.com.br\/16\/\"},{\"@type\":\"ListItem\",\"position\":2,\"name\":\"Trabalhos\",\"item\":\"https:\/\/semead.com.br\/16\/trabalhos\/\"},{\"@type\":\"ListItem\",\"position\":3,\"name\":\"Indica\u00e7\u00e3o para Peri\u00f3dicos\"}]},{\"@type\":\"WebSite\",\"@id\":\"https:\/\/semead.com.br\/16\/#website\",\"url\":\"https:\/\/semead.com.br\/16\/\",\"name\":\"XVI SemeAd\",\"description\":\"S\u00f3 mais um site SemeAd\",\"potentialAction\":[{\"@type\":\"SearchAction\",\"target\":{\"@type\":\"EntryPoint\",\"urlTemplate\":\"https:\/\/semead.com.br\/16\/?s={search_term_string}\"},\"query-input\":{\"@type\":\"PropertyValueSpecification\",\"valueRequired\":true,\"valueName\":\"search_term_string\"}}],\"inLanguage\":\"pt-BR\"}]}<\/script>\n<!-- \/ Yoast SEO plugin. -->","yoast_head_json":{"title":"Indica\u00e7\u00e3o para Peri\u00f3dicos - XVI SemeAd","robots":{"index":"index","follow":"follow","max-snippet":"max-snippet:-1","max-image-preview":"max-image-preview:large","max-video-preview":"max-video-preview:-1"},"canonical":"https:\/\/semead.com.br\/16\/trabalhos\/indicacao-para-periodicos\/","og_locale":"pt_BR","og_type":"article","og_title":"Indica\u00e7\u00e3o para Peri\u00f3dicos - XVI SemeAd","og_description":"Os trabalhos melhor avaliados ser\u00e3o indicados para o fast-track nos peri\u00f3dicos que ap\u00f3iam o SemeAd. Ressalva-se que n\u00e3o necessariamente todos os trabalhos indicados ser\u00e3o aceitos para o fast-track, pois esta \u00e9 uma decis\u00e3o dos peri\u00f3dicos. Esclarece-se que os trabalhados aceitos pelos peri\u00f3dicos para o fast-track automaticamente superaram a fase de desk review e j\u00e1 entram...","og_url":"https:\/\/semead.com.br\/16\/trabalhos\/indicacao-para-periodicos\/","og_site_name":"XVI SemeAd","article_modified_time":"2017-02-21T22:09:42+00:00","twitter_card":"summary_large_image","twitter_misc":{"Est. tempo de leitura":"2 minutos"},"schema":{"@context":"https:\/\/schema.org","@graph":[{"@type":"WebPage","@id":"https:\/\/semead.com.br\/16\/trabalhos\/indicacao-para-periodicos\/","url":"https:\/\/semead.com.br\/16\/trabalhos\/indicacao-para-periodicos\/","name":"Indica\u00e7\u00e3o para Peri\u00f3dicos - XVI SemeAd","isPartOf":{"@id":"https:\/\/semead.com.br\/16\/#website"},"datePublished":"2017-02-21T22:06:45+00:00","dateModified":"2017-02-21T22:09:42+00:00","breadcrumb":{"@id":"https:\/\/semead.com.br\/16\/trabalhos\/indicacao-para-periodicos\/#breadcrumb"},"inLanguage":"pt-BR","potentialAction":[{"@type":"ReadAction","target":["https:\/\/semead.com.br\/16\/trabalhos\/indicacao-para-periodicos\/"]}]},{"@type":"BreadcrumbList","@id":"https:\/\/semead.com.br\/16\/trabalhos\/indicacao-para-periodicos\/#breadcrumb","itemListElement":[{"@type":"ListItem","position":1,"name":"In\u00edcio","item":"https:\/\/semead.com.br\/16\/"},{"@type":"ListItem","position":2,"name":"Trabalhos","item":"https:\/\/semead.com.br\/16\/trabalhos\/"},{"@type":"ListItem","position":3,"name":"Indica\u00e7\u00e3o para Peri\u00f3dicos"}]},{"@type":"WebSite","@id":"https:\/\/semead.com.br\/16\/#website","url":"https:\/\/semead.com.br\/16\/","name":"XVI SemeAd","description":"S\u00f3 mais um site SemeAd","potentialAction":[{"@type":"SearchAction","target":{"@type":"EntryPoint","urlTemplate":"https:\/\/semead.com.br\/16\/?s={search_term_string}"},"query-input":{"@type":"PropertyValueSpecification","valueRequired":true,"valueName":"search_term_string"}}],"inLanguage":"pt-BR"}]}},"_links":{"self":[{"href":"https:\/\/semead.com.br\/16\/wp-json\/wp\/v2\/pages\/97","targetHints":{"allow":["GET"]}}],"collection":[{"href":"https:\/\/semead.com.br\/16\/wp-json\/wp\/v2\/pages"}],"about":[{"href":"https:\/\/semead.com.br\/16\/wp-json\/wp\/v2\/types\/page"}],"author":[{"embeddable":true,"href":"https:\/\/semead.com.br\/16\/wp-json\/wp\/v2\/users\/4"}],"replies":[{"embeddable":true,"href":"https:\/\/semead.com.br\/16\/wp-json\/wp\/v2\/comments?post=97"}],"version-history":[{"count":0,"href":"https:\/\/semead.com.br\/16\/wp-json\/wp\/v2\/pages\/97\/revisions"}],"up":[{"embeddable":true,"href":"https:\/\/semead.com.br\/16\/wp-json\/wp\/v2\/pages\/93"}],"wp:attachment":[{"href":"https:\/\/semead.com.br\/16\/wp-json\/wp\/v2\/media?parent=97"}],"curies":[{"name":"wp","href":"https:\/\/api.w.org\/{rel}","templated":true}]}}