{"id":11482,"date":"2014-10-24T10:25:00","date_gmt":"2014-10-24T12:25:00","guid":{"rendered":"http:\/\/semead.com.br\/?page_id=11482"},"modified":"2014-10-24T10:25:00","modified_gmt":"2014-10-24T12:25:00","slug":"painel-tematico-estrategia-em-organizacoes","status":"publish","type":"page","link":"https:\/\/semead.com.br\/17\/painel-tematico-estrategia-em-organizacoes\/","title":{"rendered":"Painel Tem\u00e1tico &#8211; Estrat\u00e9gia em Organiza\u00e7\u00f5es"},"content":{"rendered":"<p style=\"text-align: center\"><strong>PAINEL TEM\u00c1TICO &#8211; Estrat\u00e9gia em Organiza\u00e7\u00f5es<\/strong><\/p>\n<p style=\"text-align: center\"><strong>T\u00edtulo:\u00a0 <\/strong><strong>Institui\u00e7\u00f5es e Estrat\u00e9gias de internacionaliza\u00e7\u00e3o: complexidade e respostas organizacionais<\/strong><\/p>\n<p><strong>Quando:<\/strong> 31\/10\/2014 das 15h30min. \u00e0s 17h &#8211; Audit\u00f3rio SAFRA &#8211; II (Biblioteca)<\/p>\n<p><strong>Objetivos:\u00a0\u00a0<\/strong>Apresenta\u00e7\u00e3o e discuss\u00e3o do tema proposto<\/p>\n<p><strong>Resultados esperados do painel tem\u00e1tico:\u00a0<\/strong>Levar ao p\u00fablico presente informa\u00e7\u00f5es gerais e conhecimentos espec\u00edficos relacionados ao tema proposto e proporcionar a realiza\u00e7\u00e3o de\u00a0um di\u00e1logo entre o palestrante e a plateia presente.<\/p>\n<p><strong>Din\u00e2mica do Painel:<\/strong><\/p>\n<ul>\n<li>Abertura do painel e apresenta\u00e7\u00e3o das regras &#8211; pelo coordenador da mesa Prof. Dr. Benny Kramer Costa;<\/li>\n<li>Apresenta\u00e7\u00e3o do tema \u201cInstitui\u00e7\u00f5es e Estrat\u00e9gias de internacionaliza\u00e7\u00e3o: complexidade e respostas organizacionais\u201d &#8211; pelo palestrante Prof. Dr. Robson S\u00f8 Rocha;<\/li>\n<li>Interlocu\u00e7\u00e3o na discuss\u00e3o e intera\u00e7\u00e3o com o palestrante, ressaltando pontos importantes e formulando quest\u00f5es \u2013 pelo debatedor Prof. Dr. Manuel Portugal Ferreira;<\/li>\n<li>Abertura para perguntas e coment\u00e1rios dos demais participantes (plateia);<\/li>\n<li>Enceramento do painel.<\/li>\n<\/ul>\n<p><strong>Distribui\u00e7\u00e3o do tempo:<\/strong><\/p>\n<ul>\n<li>1 minuto: abertura do painel e apresenta\u00e7\u00e3o do palestrante e do debatedor.<\/li>\n<li>45 minutos \u2013 palestra proferida pelo Prof. Dr. Robson S\u00f8<\/li>\n<li>15 minutos \u2013 interven\u00e7\u00f5es e aprecia\u00e7\u00f5es do debatedor Prof. Dr. Manuel Portugal Ferreira.<\/li>\n<li>28 minutos \u2013 Perguntas e coment\u00e1rios da plateia.<\/li>\n<li>1 minuto \u2013 enceramento do painel.<\/li>\n<\/ul>\n<p>&nbsp;<\/p>\n<p><strong>Qualifica\u00e7\u00f5es do Palestrante, do Debatedor e do Coordenador do Painel:<\/strong><\/p>\n<p>&nbsp;<\/p>\n<p><strong>Robson Silva Rocha &#8211; Palestrante<\/strong><\/p>\n<p>Robson Ssilva Rocha \u00e9 professor Associado no Departamento de Administra\u00e7\u00e3o da Universidade de Arhus (Dinamarca). Possui doutorado pela Copenhagen Business School (CBS) com concentra\u00e7\u00e3o em Administra\u00e7\u00e3o Internacional e mestrados pela USP em Ci\u00eancia Ambiental e pela Roskilde University(DK) em Tecnologia e Ci\u00eancias Sociais. Tem pesquisado, a partir de uma perspectiva comparativa internacional, as\u00a0diferentes formas de capitalismo, os processos de internacionaliza\u00e7\u00e3o de empresas\u00a0e a transforma\u00e7\u00e3o de modelos gerenciais ao cruzar fronteiras nacionais.\u00a0Foi professor assistente na Copenhagen Business School e professor visitante na FGV (SP) e na Ecole de Management de Lyon. Publicou em v\u00e1rias revistas cient\u00edficas internacionais sobre rela\u00e7\u00f5es industriais, governan\u00e7a corporativa e internacionaliza\u00e7\u00e3o de empresas. Foi um dos colaboradores do livro Nordic Capitalisms and Globalization publicado em 2012 por Oxford University Press.<\/p>\n<p>&nbsp;<\/p>\n<p><strong>Manuel Portugal Ferreira &#8211; Debatedor<\/strong><\/p>\n<p>Manuel Portugal Ferreira \u00e9 Doutor em Business Administration pela David Eccles School of Business da Universidade de Utah, EUA. Mestre pela Universidade Cat\u00f3lica Portuguesa (Lisboa) e Licenciado em Economia pela Universidade de Coimbra. Diretor do centro de investiga\u00e7\u00e3o GlobADVANTAGE &#8211; Center of Research in International Business &amp; Strategy. Professor na Universidade Nove de Julho, no Programa de P\u00f3s-Gradua\u00e7\u00e3o em Administra\u00e7\u00e3o e no Mestrado Profissional em Gest\u00e3o do Esporte. Investigador nas \u00e1reas de estrat\u00e9gia, gest\u00e3o internacional e internacionaliza\u00e7\u00e3o, em especial com foco na RBV e teoria institucional.<strong>\u00a0<\/strong>Editor Adjunto da Revista Iberoamericana de Estrat\u00e9gia-RIAE e membro do corpo editorial\/revisor de v\u00e1rios peri\u00f3dicos. Co-autor dos livros &#8216;Gest\u00e3o estrat\u00e9gica: Conceitos e pr\u00e1tica&#8217;, &#8216;Estrat\u00e9gia empresarial em diferentes contextos empresariais&#8217;, &#8216;Gest\u00e3o empresarial&#8217;, &#8216;Neg\u00f3cios Internacionais e internacionaliza\u00e7\u00e3o para as economias emergentes&#8217;, &#8216;Estrat\u00e9gia corporativa&#8217;, &#8216;Ser empreendedor: Pensar, criar e moldar a nova empresa&#8217;, &#8216;Casos de estudo: Usar, escrever e estudar&#8217;, e &#8216;Marketing para empreendedores e pequenas empresas&#8217;.<\/p>\n<p>&nbsp;<\/p>\n<p><strong>Benny Kramer Costa \u2013 Coordenador do Painel<\/strong><\/p>\n<p>Benny Kramer Costa possui doutorado e p\u00f3s-doutorado em Administra\u00e7\u00e3o pela Universidade de S\u00e3o Paulo (1999 e 2006 respectivamente). Atualmente \u00e9 Professor do Programa de P\u00f3s-gradua\u00e7\u00e3o em Administra\u00e7\u00e3o da Universidade Nove de Julho &#8211; UNINOVE e Professor Livre-Docente do Departamento de Rela\u00e7\u00f5es P\u00fablicas, Propaganda e Turismo da Escola de Comunica\u00e7\u00f5es e Artes da Universidade de S\u00e3o Paulo &#8211; USP. Professor, diretor e pesquisador do Mestrado Profissional em Administra\u00e7\u00e3o Gest\u00e3o de Esportes da UNINOVE. Organizou 6 livros com foco em estrat\u00e9gia e turismo. Foi Editor-Chefe da Revista Iberoamericana de Estrat\u00e9gia &#8211; RIAE, de sua funda\u00e7\u00e3o at\u00e9 in\u00edcio de 2014. Tem experi\u00eancia na \u00e1rea de Administra\u00e7\u00e3o, com \u00eanfase em Estrat\u00e9gia, atuando principalmente nos seguintes temas: competitividade, turismo, cen\u00e1rios, stakeholders, cocria\u00e7\u00e3o de valor, governan\u00e7a, esporte, e implementa\u00e7\u00e3o de estrat\u00e9gias.<\/p>\n","protected":false},"excerpt":{"rendered":"<p>PAINEL TEM\u00c1TICO &#8211; Estrat\u00e9gia em Organiza\u00e7\u00f5es T\u00edtulo:\u00a0 Institui\u00e7\u00f5es e Estrat\u00e9gias de internacionaliza\u00e7\u00e3o: complexidade e respostas organizacionais Quando: 31\/10\/2014 das 15h30min. \u00e0s 17h &#8211; Audit\u00f3rio SAFRA &#8211; II (Biblioteca) Objetivos:\u00a0\u00a0Apresenta\u00e7\u00e3o e discuss\u00e3o do tema proposto Resultados esperados do painel tem\u00e1tico:\u00a0Levar ao p\u00fablico presente informa\u00e7\u00f5es gerais e conhecimentos espec\u00edficos relacionados ao tema proposto e proporcionar a realiza\u00e7\u00e3o&#8230;<\/p>\n","protected":false},"author":2,"featured_media":0,"parent":0,"menu_order":0,"comment_status":"open","ping_status":"open","template":"","meta":{"_acf_changed":false,"_monsterinsights_skip_tracking":false,"_monsterinsights_sitenote_active":false,"_monsterinsights_sitenote_note":"","_monsterinsights_sitenote_category":0,"footnotes":""},"class_list":["post-11482","page","type-page","status-publish","hentry"],"acf":[],"yoast_head":"<!-- This site is optimized with the Yoast SEO plugin v27.5 - https:\/\/yoast.com\/product\/yoast-seo-wordpress\/ -->\n<title>Painel Tem\u00e1tico - Estrat\u00e9gia em Organiza\u00e7\u00f5es - XVII SemeAd<\/title>\n<meta name=\"robots\" content=\"index, follow, max-snippet:-1, max-image-preview:large, max-video-preview:-1\" \/>\n<link rel=\"canonical\" href=\"https:\/\/semead.com.br\/17\/painel-tematico-estrategia-em-organizacoes\/\" \/>\n<meta property=\"og:locale\" content=\"en_US\" \/>\n<meta property=\"og:type\" content=\"article\" \/>\n<meta property=\"og:title\" content=\"Painel Tem\u00e1tico - Estrat\u00e9gia em Organiza\u00e7\u00f5es - XVII SemeAd\" \/>\n<meta property=\"og:description\" content=\"PAINEL TEM\u00c1TICO &#8211; Estrat\u00e9gia em Organiza\u00e7\u00f5es T\u00edtulo:\u00a0 Institui\u00e7\u00f5es e Estrat\u00e9gias de internacionaliza\u00e7\u00e3o: complexidade e respostas organizacionais Quando: 31\/10\/2014 das 15h30min. \u00e0s 17h &#8211; Audit\u00f3rio SAFRA &#8211; II (Biblioteca) Objetivos:\u00a0\u00a0Apresenta\u00e7\u00e3o e discuss\u00e3o do tema proposto Resultados esperados do painel tem\u00e1tico:\u00a0Levar ao p\u00fablico presente informa\u00e7\u00f5es gerais e conhecimentos espec\u00edficos relacionados ao tema proposto e proporcionar a realiza\u00e7\u00e3o...\" \/>\n<meta property=\"og:url\" content=\"https:\/\/semead.com.br\/17\/painel-tematico-estrategia-em-organizacoes\/\" \/>\n<meta property=\"og:site_name\" content=\"XVII SemeAd\" \/>\n<meta name=\"twitter:card\" content=\"summary_large_image\" \/>\n<meta name=\"twitter:label1\" content=\"Est. reading time\" \/>\n\t<meta name=\"twitter:data1\" content=\"3 minutes\" \/>\n<script type=\"application\/ld+json\" class=\"yoast-schema-graph\">{\"@context\":\"https:\\\/\\\/schema.org\",\"@graph\":[{\"@type\":\"WebPage\",\"@id\":\"https:\\\/\\\/semead.com.br\\\/17\\\/painel-tematico-estrategia-em-organizacoes\\\/\",\"url\":\"https:\\\/\\\/semead.com.br\\\/17\\\/painel-tematico-estrategia-em-organizacoes\\\/\",\"name\":\"Painel Tem\u00e1tico - Estrat\u00e9gia em Organiza\u00e7\u00f5es - XVII SemeAd\",\"isPartOf\":{\"@id\":\"https:\\\/\\\/semead.com.br\\\/17\\\/#website\"},\"datePublished\":\"2014-10-24T12:25:00+00:00\",\"breadcrumb\":{\"@id\":\"https:\\\/\\\/semead.com.br\\\/17\\\/painel-tematico-estrategia-em-organizacoes\\\/#breadcrumb\"},\"inLanguage\":\"en-US\",\"potentialAction\":[{\"@type\":\"ReadAction\",\"target\":[\"https:\\\/\\\/semead.com.br\\\/17\\\/painel-tematico-estrategia-em-organizacoes\\\/\"]}]},{\"@type\":\"BreadcrumbList\",\"@id\":\"https:\\\/\\\/semead.com.br\\\/17\\\/painel-tematico-estrategia-em-organizacoes\\\/#breadcrumb\",\"itemListElement\":[{\"@type\":\"ListItem\",\"position\":1,\"name\":\"In\u00edcio\",\"item\":\"https:\\\/\\\/semead.com.br\\\/17\\\/\"},{\"@type\":\"ListItem\",\"position\":2,\"name\":\"Painel Tem\u00e1tico &#8211; Estrat\u00e9gia em Organiza\u00e7\u00f5es\"}]},{\"@type\":\"WebSite\",\"@id\":\"https:\\\/\\\/semead.com.br\\\/17\\\/#website\",\"url\":\"https:\\\/\\\/semead.com.br\\\/17\\\/\",\"name\":\"XVII SemeAd\",\"description\":\"Just another SemeAd site\",\"potentialAction\":[{\"@type\":\"SearchAction\",\"target\":{\"@type\":\"EntryPoint\",\"urlTemplate\":\"https:\\\/\\\/semead.com.br\\\/17\\\/?s={search_term_string}\"},\"query-input\":{\"@type\":\"PropertyValueSpecification\",\"valueRequired\":true,\"valueName\":\"search_term_string\"}}],\"inLanguage\":\"en-US\"}]}<\/script>\n<!-- \/ Yoast SEO plugin. -->","yoast_head_json":{"title":"Painel Tem\u00e1tico - Estrat\u00e9gia em Organiza\u00e7\u00f5es - XVII SemeAd","robots":{"index":"index","follow":"follow","max-snippet":"max-snippet:-1","max-image-preview":"max-image-preview:large","max-video-preview":"max-video-preview:-1"},"canonical":"https:\/\/semead.com.br\/17\/painel-tematico-estrategia-em-organizacoes\/","og_locale":"en_US","og_type":"article","og_title":"Painel Tem\u00e1tico - Estrat\u00e9gia em Organiza\u00e7\u00f5es - XVII SemeAd","og_description":"PAINEL TEM\u00c1TICO &#8211; Estrat\u00e9gia em Organiza\u00e7\u00f5es T\u00edtulo:\u00a0 Institui\u00e7\u00f5es e Estrat\u00e9gias de internacionaliza\u00e7\u00e3o: complexidade e respostas organizacionais Quando: 31\/10\/2014 das 15h30min. \u00e0s 17h &#8211; Audit\u00f3rio SAFRA &#8211; II (Biblioteca) Objetivos:\u00a0\u00a0Apresenta\u00e7\u00e3o e discuss\u00e3o do tema proposto Resultados esperados do painel tem\u00e1tico:\u00a0Levar ao p\u00fablico presente informa\u00e7\u00f5es gerais e conhecimentos espec\u00edficos relacionados ao tema proposto e proporcionar a realiza\u00e7\u00e3o...","og_url":"https:\/\/semead.com.br\/17\/painel-tematico-estrategia-em-organizacoes\/","og_site_name":"XVII SemeAd","twitter_card":"summary_large_image","twitter_misc":{"Est. reading time":"3 minutes"},"schema":{"@context":"https:\/\/schema.org","@graph":[{"@type":"WebPage","@id":"https:\/\/semead.com.br\/17\/painel-tematico-estrategia-em-organizacoes\/","url":"https:\/\/semead.com.br\/17\/painel-tematico-estrategia-em-organizacoes\/","name":"Painel Tem\u00e1tico - Estrat\u00e9gia em Organiza\u00e7\u00f5es - XVII SemeAd","isPartOf":{"@id":"https:\/\/semead.com.br\/17\/#website"},"datePublished":"2014-10-24T12:25:00+00:00","breadcrumb":{"@id":"https:\/\/semead.com.br\/17\/painel-tematico-estrategia-em-organizacoes\/#breadcrumb"},"inLanguage":"en-US","potentialAction":[{"@type":"ReadAction","target":["https:\/\/semead.com.br\/17\/painel-tematico-estrategia-em-organizacoes\/"]}]},{"@type":"BreadcrumbList","@id":"https:\/\/semead.com.br\/17\/painel-tematico-estrategia-em-organizacoes\/#breadcrumb","itemListElement":[{"@type":"ListItem","position":1,"name":"In\u00edcio","item":"https:\/\/semead.com.br\/17\/"},{"@type":"ListItem","position":2,"name":"Painel Tem\u00e1tico &#8211; Estrat\u00e9gia em Organiza\u00e7\u00f5es"}]},{"@type":"WebSite","@id":"https:\/\/semead.com.br\/17\/#website","url":"https:\/\/semead.com.br\/17\/","name":"XVII SemeAd","description":"Just another SemeAd site","potentialAction":[{"@type":"SearchAction","target":{"@type":"EntryPoint","urlTemplate":"https:\/\/semead.com.br\/17\/?s={search_term_string}"},"query-input":{"@type":"PropertyValueSpecification","valueRequired":true,"valueName":"search_term_string"}}],"inLanguage":"en-US"}]}},"_links":{"self":[{"href":"https:\/\/semead.com.br\/17\/wp-json\/wp\/v2\/pages\/11482","targetHints":{"allow":["GET"]}}],"collection":[{"href":"https:\/\/semead.com.br\/17\/wp-json\/wp\/v2\/pages"}],"about":[{"href":"https:\/\/semead.com.br\/17\/wp-json\/wp\/v2\/types\/page"}],"author":[{"embeddable":true,"href":"https:\/\/semead.com.br\/17\/wp-json\/wp\/v2\/users\/2"}],"replies":[{"embeddable":true,"href":"https:\/\/semead.com.br\/17\/wp-json\/wp\/v2\/comments?post=11482"}],"version-history":[{"count":0,"href":"https:\/\/semead.com.br\/17\/wp-json\/wp\/v2\/pages\/11482\/revisions"}],"wp:attachment":[{"href":"https:\/\/semead.com.br\/17\/wp-json\/wp\/v2\/media?parent=11482"}],"curies":[{"name":"wp","href":"https:\/\/api.w.org\/{rel}","templated":true}]}}