{"id":10,"date":"2013-04-26T00:08:55","date_gmt":"2013-04-26T00:08:55","guid":{"rendered":"http:\/\/semead.com.br\/?page_id=10"},"modified":"2013-04-26T00:08:55","modified_gmt":"2013-04-26T00:08:55","slug":"empreendedorismo","status":"publish","type":"page","link":"https:\/\/semead.com.br\/18\/areas\/empreendedorismo\/","title":{"rendered":"Empreendedorismo"},"content":{"rendered":"<p style=\"text-align: justify\"><span style=\"font-size: medium\"><strong>Coordenador:\u00a0Prof. Dr. Silvio Aparecido dos Santos e Eduardo Vilas Boas \u2013 FEA USP<\/strong><\/span><\/p>\n<p style=\"text-align: justify\"><b>Temas e L\u00edderes:<\/b><\/p>\n<p><strong>1. A figura do Empreendedor: Perfil, Personalidade, Comportamento e Compet\u00eancias<\/strong><\/p>\n<p style=\"padding-left: 30px;text-align: justify\">Figura do empreendedor, o que inclui diversos aspectos sobre a sua a\u00e7\u00e3o, tais como an\u00e1lises de perfil do empreendedor, personalidade, comportamento e a\u00e7\u00f5es empreendedoras.<\/p>\n<p style=\"padding-left: 30px;text-align: justify\"><em>Profa. Dra. V\u00e2nia Nassif &#8211; Uninove<\/em><\/p>\n<p><strong>2. Empreendedorismo Corporativo: Inova\u00e7\u00e3o de produtos e processos e Busca de Novos Neg\u00f3cios em empresas consolidadas<\/strong><\/p>\n<p style=\"padding-left: 30px;text-align: justify\">Empreendedorismo dentro de organiza\u00e7\u00f5es j\u00e1 existentes e consolidadas; Cria\u00e7\u00e3o de estruturas internas na empresa para buscar e criar novos neg\u00f3cios ou para gerar mais inova\u00e7\u00f5es, por meio do est\u00edmulo \u00e0s pr\u00e1ticas de empreendedorismo corporativo entre os empregados da empresa.<\/p>\n<p style=\"padding-left: 30px\"><em><span style=\"color: #222222\">Prof. Dr. Marcos Hashimoto &#8211; Faccamp<\/span><\/em><\/p>\n<p><strong>3. Empreendedorismo Social<\/strong><\/p>\n<p style=\"padding-left: 30px;text-align: justify\">Empreendedorismo Social; Empreendedores e novos neg\u00f3cios que envolvem responsabilidade social, gest\u00e3o de novos neg\u00f3cios sociais e tamb\u00e9m a\u00e7\u00f5es de empreendedorismo sustent\u00e1vel.<\/p>\n<p style=\"padding-left: 30px\"><em>Prof. Dr. Edson Sadao Iizuka \u2013 Centro Universit\u00e1rio da FEI e FECAP<\/em><\/p>\n<p><strong>4. Empreendedorismo Inovador: Startups, Empresas de base tecnol\u00f3gica, incubadoras e parques tecnol\u00f3gicos, capital de risco\u00a0<\/strong><\/p>\n<p style=\"padding-left: 30px;text-align: justify\">Empreendedorismo Inovador; Empresas Startups baseadas no uso intensivo de conhecimentos, empresas que explorem modelos de neg\u00f3cios inovadores, empresas de base tecnol\u00f3gica, al\u00e9m daqueles que tratam da gest\u00e3o das incubadoras e de parques tecnol\u00f3gicos; Capital de risco e investimento anjo com foco em empresas inovadoras<\/p>\n<p style=\"padding-left: 30px;text-align: justify\"><em><span style=\"color: #222222\">Prof. Dr. \u00c9verton L. P. de Lorenzi Cancellier &#8211; ESAG UDESC<\/span><\/em><\/p>\n<p><strong>5. Temas livres: Micro Empreendedor individual, empreendedorismo e desenvolvimento econ\u00f4mico, e redes empreendedoras: franquias\u00a0<\/strong><\/p>\n<p style=\"padding-left: 30px;text-align: justify\">Micro Empreendedor Individual e outros micro empreendedores; identifica\u00e7\u00e3o da influ\u00eancia ou a rela\u00e7\u00e3o entre o empreendedorismo e o desenvolvimento econ\u00f4mico, al\u00e9m de trabalhos sobre redes empreendedoras, tais como as franquias. Empreendedores culturais, tecnol\u00f3gicos e de projetos pol\u00edticos de desenvolvimento local e regionais.<\/p>\n<p style=\"padding-left: 30px\"><em><span style=\"color: #222222\">Prof. Dr. Pedro Lucas de Resende Melo &#8211; PPGA UNIP e PUC-SP<\/span><\/em><\/p>\n","protected":false},"excerpt":{"rendered":"<p>Coordenador:\u00a0Prof. Dr. Silvio Aparecido dos Santos e Eduardo Vilas Boas \u2013 FEA USP Temas e L\u00edderes: 1. A figura do Empreendedor: Perfil, Personalidade, Comportamento e Compet\u00eancias Figura do empreendedor, o que inclui diversos aspectos sobre a sua a\u00e7\u00e3o, tais como an\u00e1lises de perfil do empreendedor, personalidade, comportamento e a\u00e7\u00f5es empreendedoras. Profa. Dra. V\u00e2nia Nassif &#8211;&#8230;<\/p>\n","protected":false},"author":1,"featured_media":0,"parent":9,"menu_order":1,"comment_status":"open","ping_status":"closed","template":"","meta":{"_acf_changed":false,"_monsterinsights_skip_tracking":false,"_monsterinsights_sitenote_active":false,"_monsterinsights_sitenote_note":"","_monsterinsights_sitenote_category":0,"footnotes":""},"class_list":["post-10","page","type-page","status-publish","hentry"],"acf":[],"yoast_head":"<!-- This site is optimized with the Yoast SEO plugin v27.4 - https:\/\/yoast.com\/product\/yoast-seo-wordpress\/ -->\n<title>Empreendedorismo - XVIII SemeAd<\/title>\n<meta name=\"robots\" content=\"index, follow, max-snippet:-1, max-image-preview:large, max-video-preview:-1\" \/>\n<link rel=\"canonical\" href=\"https:\/\/semead.com.br\/18\/areas\/empreendedorismo\/\" \/>\n<meta property=\"og:locale\" content=\"en_US\" \/>\n<meta property=\"og:type\" content=\"article\" \/>\n<meta property=\"og:title\" content=\"Empreendedorismo - XVIII SemeAd\" \/>\n<meta property=\"og:description\" content=\"Coordenador:\u00a0Prof. Dr. Silvio Aparecido dos Santos e Eduardo Vilas Boas \u2013 FEA USP Temas e L\u00edderes: 1. A figura do Empreendedor: Perfil, Personalidade, Comportamento e Compet\u00eancias Figura do empreendedor, o que inclui diversos aspectos sobre a sua a\u00e7\u00e3o, tais como an\u00e1lises de perfil do empreendedor, personalidade, comportamento e a\u00e7\u00f5es empreendedoras. Profa. Dra. V\u00e2nia Nassif &#8211;...\" \/>\n<meta property=\"og:url\" content=\"https:\/\/semead.com.br\/18\/areas\/empreendedorismo\/\" \/>\n<meta property=\"og:site_name\" content=\"XVIII SemeAd\" \/>\n<meta name=\"twitter:card\" content=\"summary_large_image\" \/>\n<meta name=\"twitter:label1\" content=\"Est. reading time\" \/>\n\t<meta name=\"twitter:data1\" content=\"2 minutes\" \/>\n<script type=\"application\/ld+json\" class=\"yoast-schema-graph\">{\"@context\":\"https:\\\/\\\/schema.org\",\"@graph\":[{\"@type\":\"WebPage\",\"@id\":\"https:\\\/\\\/semead.com.br\\\/18\\\/areas\\\/empreendedorismo\\\/\",\"url\":\"https:\\\/\\\/semead.com.br\\\/18\\\/areas\\\/empreendedorismo\\\/\",\"name\":\"Empreendedorismo - XVIII SemeAd\",\"isPartOf\":{\"@id\":\"https:\\\/\\\/semead.com.br\\\/18\\\/#website\"},\"datePublished\":\"2013-04-26T00:08:55+00:00\",\"breadcrumb\":{\"@id\":\"https:\\\/\\\/semead.com.br\\\/18\\\/areas\\\/empreendedorismo\\\/#breadcrumb\"},\"inLanguage\":\"en-US\",\"potentialAction\":[{\"@type\":\"ReadAction\",\"target\":[\"https:\\\/\\\/semead.com.br\\\/18\\\/areas\\\/empreendedorismo\\\/\"]}]},{\"@type\":\"BreadcrumbList\",\"@id\":\"https:\\\/\\\/semead.com.br\\\/18\\\/areas\\\/empreendedorismo\\\/#breadcrumb\",\"itemListElement\":[{\"@type\":\"ListItem\",\"position\":1,\"name\":\"In\u00edcio\",\"item\":\"https:\\\/\\\/semead.com.br\\\/18\\\/\"},{\"@type\":\"ListItem\",\"position\":2,\"name\":\"\u00c1reas\",\"item\":\"https:\\\/\\\/semead.com.br\\\/18\\\/areas\\\/\"},{\"@type\":\"ListItem\",\"position\":3,\"name\":\"Empreendedorismo\"}]},{\"@type\":\"WebSite\",\"@id\":\"https:\\\/\\\/semead.com.br\\\/18\\\/#website\",\"url\":\"https:\\\/\\\/semead.com.br\\\/18\\\/\",\"name\":\"XVIII SemeAd\",\"description\":\"Just another SemeAd site\",\"potentialAction\":[{\"@type\":\"SearchAction\",\"target\":{\"@type\":\"EntryPoint\",\"urlTemplate\":\"https:\\\/\\\/semead.com.br\\\/18\\\/?s={search_term_string}\"},\"query-input\":{\"@type\":\"PropertyValueSpecification\",\"valueRequired\":true,\"valueName\":\"search_term_string\"}}],\"inLanguage\":\"en-US\"}]}<\/script>\n<!-- \/ Yoast SEO plugin. -->","yoast_head_json":{"title":"Empreendedorismo - XVIII SemeAd","robots":{"index":"index","follow":"follow","max-snippet":"max-snippet:-1","max-image-preview":"max-image-preview:large","max-video-preview":"max-video-preview:-1"},"canonical":"https:\/\/semead.com.br\/18\/areas\/empreendedorismo\/","og_locale":"en_US","og_type":"article","og_title":"Empreendedorismo - XVIII SemeAd","og_description":"Coordenador:\u00a0Prof. Dr. Silvio Aparecido dos Santos e Eduardo Vilas Boas \u2013 FEA USP Temas e L\u00edderes: 1. A figura do Empreendedor: Perfil, Personalidade, Comportamento e Compet\u00eancias Figura do empreendedor, o que inclui diversos aspectos sobre a sua a\u00e7\u00e3o, tais como an\u00e1lises de perfil do empreendedor, personalidade, comportamento e a\u00e7\u00f5es empreendedoras. Profa. Dra. V\u00e2nia Nassif &#8211;...","og_url":"https:\/\/semead.com.br\/18\/areas\/empreendedorismo\/","og_site_name":"XVIII SemeAd","twitter_card":"summary_large_image","twitter_misc":{"Est. reading time":"2 minutes"},"schema":{"@context":"https:\/\/schema.org","@graph":[{"@type":"WebPage","@id":"https:\/\/semead.com.br\/18\/areas\/empreendedorismo\/","url":"https:\/\/semead.com.br\/18\/areas\/empreendedorismo\/","name":"Empreendedorismo - XVIII SemeAd","isPartOf":{"@id":"https:\/\/semead.com.br\/18\/#website"},"datePublished":"2013-04-26T00:08:55+00:00","breadcrumb":{"@id":"https:\/\/semead.com.br\/18\/areas\/empreendedorismo\/#breadcrumb"},"inLanguage":"en-US","potentialAction":[{"@type":"ReadAction","target":["https:\/\/semead.com.br\/18\/areas\/empreendedorismo\/"]}]},{"@type":"BreadcrumbList","@id":"https:\/\/semead.com.br\/18\/areas\/empreendedorismo\/#breadcrumb","itemListElement":[{"@type":"ListItem","position":1,"name":"In\u00edcio","item":"https:\/\/semead.com.br\/18\/"},{"@type":"ListItem","position":2,"name":"\u00c1reas","item":"https:\/\/semead.com.br\/18\/areas\/"},{"@type":"ListItem","position":3,"name":"Empreendedorismo"}]},{"@type":"WebSite","@id":"https:\/\/semead.com.br\/18\/#website","url":"https:\/\/semead.com.br\/18\/","name":"XVIII SemeAd","description":"Just another SemeAd site","potentialAction":[{"@type":"SearchAction","target":{"@type":"EntryPoint","urlTemplate":"https:\/\/semead.com.br\/18\/?s={search_term_string}"},"query-input":{"@type":"PropertyValueSpecification","valueRequired":true,"valueName":"search_term_string"}}],"inLanguage":"en-US"}]}},"_links":{"self":[{"href":"https:\/\/semead.com.br\/18\/wp-json\/wp\/v2\/pages\/10","targetHints":{"allow":["GET"]}}],"collection":[{"href":"https:\/\/semead.com.br\/18\/wp-json\/wp\/v2\/pages"}],"about":[{"href":"https:\/\/semead.com.br\/18\/wp-json\/wp\/v2\/types\/page"}],"author":[{"embeddable":true,"href":"https:\/\/semead.com.br\/18\/wp-json\/wp\/v2\/users\/1"}],"replies":[{"embeddable":true,"href":"https:\/\/semead.com.br\/18\/wp-json\/wp\/v2\/comments?post=10"}],"version-history":[{"count":0,"href":"https:\/\/semead.com.br\/18\/wp-json\/wp\/v2\/pages\/10\/revisions"}],"up":[{"embeddable":true,"href":"https:\/\/semead.com.br\/18\/wp-json\/wp\/v2\/pages\/9"}],"wp:attachment":[{"href":"https:\/\/semead.com.br\/18\/wp-json\/wp\/v2\/media?parent=10"}],"curies":[{"name":"wp","href":"https:\/\/api.w.org\/{rel}","templated":true}]}}

<p style="text-align: justify"><span style="font-size: medium"><strong>Coordenador: Prof. Dr. Silvio Aparecido dos Santos e Eduardo Vilas Boas – FEA USP</strong></span></p>
<p style="text-align: justify"><b>Temas e Líderes:</b></p>
<p><strong>1. A figura do Empreendedor: Perfil, Personalidade, Comportamento e Competências</strong></p>
<p style="padding-left: 30px;text-align: justify">Figura do empreendedor, o que inclui diversos aspectos sobre a sua ação, tais como análises de perfil do empreendedor, personalidade, comportamento e ações empreendedoras.</p>
<p style="padding-left: 30px;text-align: justify"><em>Profa. Dra. Vânia Nassif &#8211; Uninove</em></p>
<p><strong>2. Empreendedorismo Corporativo: Inovação de produtos e processos e Busca de Novos Negócios em empresas consolidadas</strong></p>
<p style="padding-left: 30px;text-align: justify">Empreendedorismo dentro de organizações já existentes e consolidadas; Criação de estruturas internas na empresa para buscar e criar novos negócios ou para gerar mais inovações, por meio do estímulo às práticas de empreendedorismo corporativo entre os empregados da empresa.</p>
<p style="padding-left: 30px"><em><span style="color: #222222">Prof. Dr. Marcos Hashimoto &#8211; Faccamp</span></em></p>
<p><strong>3. Empreendedorismo Social</strong></p>
<p style="padding-left: 30px;text-align: justify">Empreendedorismo Social; Empreendedores e novos negócios que envolvem responsabilidade social, gestão de novos negócios sociais e também ações de empreendedorismo sustentável.</p>
<p style="padding-left: 30px"><em>Prof. Dr. Edson Sadao Iizuka – Centro Universitário da FEI e FECAP</em></p>
<p><strong>4. Empreendedorismo Inovador: Startups, Empresas de base tecnológica, incubadoras e parques tecnológicos, capital de risco </strong></p>
<p style="padding-left: 30px;text-align: justify">Empreendedorismo Inovador; Empresas Startups baseadas no uso intensivo de conhecimentos, empresas que explorem modelos de negócios inovadores, empresas de base tecnológica, além daqueles que tratam da gestão das incubadoras e de parques tecnológicos; Capital de risco e investimento anjo com foco em empresas inovadoras</p>
<p style="padding-left: 30px;text-align: justify"><em><span style="color: #222222">Prof. Dr. Éverton L. P. de Lorenzi Cancellier &#8211; ESAG UDESC</span></em></p>
<p><strong>5. Temas livres: Micro Empreendedor individual, empreendedorismo e desenvolvimento econômico, e redes empreendedoras: franquias </strong></p>
<p style="padding-left: 30px;text-align: justify">Micro Empreendedor Individual e outros micro empreendedores; identificação da influência ou a relação entre o empreendedorismo e o desenvolvimento econômico, além de trabalhos sobre redes empreendedoras, tais como as franquias. Empreendedores culturais, tecnológicos e de projetos políticos de desenvolvimento local e regionais.</p>
<p style="padding-left: 30px"><em><span style="color: #222222">Prof. Dr. Pedro Lucas de Resende Melo &#8211; PPGA UNIP e PUC-SP</span></em></p>

<p>Coordenador: Prof. Dr. Silvio Aparecido dos Santos e Eduardo Vilas Boas – FEA USP Temas e Líderes: 1. A figura do Empreendedor: Perfil, Personalidade, Comportamento e Competências Figura do empreendedor, o que inclui diversos aspectos sobre a sua ação, tais como análises de perfil do empreendedor, personalidade, comportamento e ações empreendedoras. Profa. Dra. Vânia Nassif &#8211;&#8230;</p>

<!-- This site is optimized with the Yoast SEO plugin v27.4 - https://yoast.com/product/yoast-seo-wordpress/ -->
<title>Empreendedorismo - XVIII SemeAd</title>
<meta name="robots" content="index, follow, max-snippet:-1, max-image-preview:large, max-video-preview:-1" />
<link rel="canonical" href="https://semead.com.br/18/areas/empreendedorismo/" />
<meta property="og:locale" content="en_US" />
<meta property="og:type" content="article" />
<meta property="og:title" content="Empreendedorismo - XVIII SemeAd" />
<meta property="og:description" content="Coordenador: Prof. Dr. Silvio Aparecido dos Santos e Eduardo Vilas Boas – FEA USP Temas e Líderes: 1. A figura do Empreendedor: Perfil, Personalidade, Comportamento e Competências Figura do empreendedor, o que inclui diversos aspectos sobre a sua ação, tais como análises de perfil do empreendedor, personalidade, comportamento e ações empreendedoras. Profa. Dra. Vânia Nassif &#8211;..." />
<meta property="og:url" content="https://semead.com.br/18/areas/empreendedorismo/" />
<meta property="og:site_name" content="XVIII SemeAd" />
<meta name="twitter:card" content="summary_large_image" />
<meta name="twitter:label1" content="Est. reading time" />
	<meta name="twitter:data1" content="2 minutes" />
<script type="application/ld+json" class="yoast-schema-graph">{"@context":"https:\/\/schema.org","@graph":[{"@type":"WebPage","@id":"https:\/\/semead.com.br\/18\/areas\/empreendedorismo\/","url":"https:\/\/semead.com.br\/18\/areas\/empreendedorismo\/","name":"Empreendedorismo - XVIII SemeAd","isPartOf":{"@id":"https:\/\/semead.com.br\/18\/#website"},"datePublished":"2013-04-26T00:08:55+00:00","breadcrumb":{"@id":"https:\/\/semead.com.br\/18\/areas\/empreendedorismo\/#breadcrumb"},"inLanguage":"en-US","potentialAction":[{"@type":"ReadAction","target":["https:\/\/semead.com.br\/18\/areas\/empreendedorismo\/"]}]},{"@type":"BreadcrumbList","@id":"https:\/\/semead.com.br\/18\/areas\/empreendedorismo\/#breadcrumb","itemListElement":[{"@type":"ListItem","position":1,"name":"Início","item":"https:\/\/semead.com.br\/18\/"},{"@type":"ListItem","position":2,"name":"Áreas","item":"https:\/\/semead.com.br\/18\/areas\/"},{"@type":"ListItem","position":3,"name":"Empreendedorismo"}]},{"@type":"WebSite","@id":"https:\/\/semead.com.br\/18\/#website","url":"https:\/\/semead.com.br\/18\/","name":"XVIII SemeAd","description":"Just another SemeAd site","potentialAction":[{"@type":"SearchAction","target":{"@type":"EntryPoint","urlTemplate":"https:\/\/semead.com.br\/18\/?s={search_term_string}"},"query-input":{"@type":"PropertyValueSpecification","valueRequired":true,"valueName":"search_term_string"}}],"inLanguage":"en-US"}]}</script>
<!-- / Yoast SEO plugin. -->

Coordenador: Prof. Dr. Silvio Aparecido dos Santos e Eduardo Vilas Boas – FEA USP Temas e Líderes: 1. A figura do Empreendedor: Perfil, Personalidade, Comportamento e Competências Figura do empreendedor, o que inclui diversos aspectos sobre a sua ação, tais como análises de perfil do empreendedor, personalidade, comportamento e ações empreendedoras. Profa. Dra. Vânia Nassif &#8211;...

Início

Áreas
