{"id":10207,"date":"2013-05-07T14:52:33","date_gmt":"2013-05-07T14:52:33","guid":{"rendered":"http:\/\/semead.com.br\/?page_id=10207"},"modified":"2013-05-07T14:52:33","modified_gmt":"2013-05-07T14:52:33","slug":"artigo-cientifico","status":"publish","type":"page","link":"https:\/\/semead.com.br\/18\/artigo-cientifico\/","title":{"rendered":"Artigo Cient\u00edfico"},"content":{"rendered":"<p>Ao submeter o artigo,\u00a0<span style=\"text-decoration: underline\">na pr\u00f3pria p\u00e1gina de envio de trabalho (etapa 1)<\/span>, dever\u00e1 ser preenchido o resumo estruturado em que consta:<\/p>\n<p>&#8211; T\u00edtulo (100 caracteres; 30 palavras)<br \/>\n&#8211; Palavras-chave (3 palavras)<br \/>\n&#8211; Introdu\u00e7\u00e3o\u00a0(500 caracteres; 75 palavras)<br \/>\n&#8211; Problema de Pesquisa e Objetivo (500 caracteres; 75 palavras)<br \/>\n&#8211; Revis\u00e3o Bibliogr\u00e1fica (500 caracteres; 75 palavras)<br \/>\n&#8211; Metodologia\u00a0(500 caracteres; 75 palavras)<br \/>\n&#8211; An\u00e1lise dos Resultados\u00a0(500 caracteres; 75 palavras)<br \/>\n&#8211; Conclus\u00e3o (500 caracteres; 75 palavras)<br \/>\n&#8211; Bibliografia (500 caracteres; 75 palavras)<\/p>\n<p><strong>Estrutura sugerida do trabalho:<\/strong><\/p>\n<p>&#8211; Introdu\u00e7\u00e3o<br \/>\n&#8211; Problema e Objetivo de Pesquisa<br \/>\n&#8211; Fundamenta\u00e7\u00e3o Te\u00f3rica<br \/>\n&#8211; Metodologia<br \/>\n&#8211; An\u00e1lise dos Resultados<br \/>\n&#8211; Conclus\u00e3o<br \/>\n&#8211; Refer\u00eancias Bibliogr\u00e1ficas<\/p>\n<p><strong>Formata\u00e7\u00e3o do trabalho: <\/strong><br \/>\n&#8211; Formato do papel: A4;<br \/>\n&#8211; Fonte: Times New Roman\/ tamanho 12;<br \/>\n&#8211; Espa\u00e7amento: simples, sendo o texto disposto em uma coluna;<br \/>\n&#8211; Alinhamento: justificado;<br \/>\n&#8211; Margens: Superior: 3 cm; inferior: 2 cm; esquerda: 3 cm; direita: 2 cm.<br \/>\n&#8211; O trabalho pode ter no m\u00e1ximo 16 p\u00e1ginas, incluindo o texto propriamente dito, ilustra\u00e7\u00f5es e refer\u00eancias bibliogr\u00e1ficas.<\/p>\n<p>As refer\u00eancias bibliogr\u00e1ficas dever\u00e3o ser citadas ao longo do texto de acordo com o sistema (autor-data), e apresentadas em ordem alfab\u00e9tica no final do trabalho, de acordo com as normas APA ou ABNT\/NBR-6023.<\/p>\n<p>&nbsp;<\/p>\n","protected":false},"excerpt":{"rendered":"<p>Ao submeter o artigo,\u00a0na pr\u00f3pria p\u00e1gina de envio de trabalho (etapa 1), dever\u00e1 ser preenchido o resumo estruturado em que consta: &#8211; T\u00edtulo (100 caracteres; 30 palavras) &#8211; Palavras-chave (3 palavras) &#8211; Introdu\u00e7\u00e3o\u00a0(500 caracteres; 75 palavras) &#8211; Problema de Pesquisa e Objetivo (500 caracteres; 75 palavras) &#8211; Revis\u00e3o Bibliogr\u00e1fica (500 caracteres; 75 palavras) &#8211; Metodologia\u00a0(500&#8230;<\/p>\n","protected":false},"author":1,"featured_media":0,"parent":0,"menu_order":0,"comment_status":"open","ping_status":"open","template":"","meta":{"_acf_changed":false,"_monsterinsights_skip_tracking":false,"_monsterinsights_sitenote_active":false,"_monsterinsights_sitenote_note":"","_monsterinsights_sitenote_category":0,"footnotes":""},"class_list":["post-10207","page","type-page","status-publish","hentry"],"acf":[],"yoast_head":"<!-- This site is optimized with the Yoast SEO plugin v27.4 - https:\/\/yoast.com\/product\/yoast-seo-wordpress\/ -->\n<title>Artigo Cient\u00edfico - XVIII SemeAd<\/title>\n<meta name=\"robots\" content=\"index, follow, max-snippet:-1, max-image-preview:large, max-video-preview:-1\" \/>\n<link rel=\"canonical\" href=\"https:\/\/semead.com.br\/18\/artigo-cientifico\/\" \/>\n<meta property=\"og:locale\" content=\"en_US\" \/>\n<meta property=\"og:type\" content=\"article\" \/>\n<meta property=\"og:title\" content=\"Artigo Cient\u00edfico - XVIII SemeAd\" \/>\n<meta property=\"og:description\" content=\"Ao submeter o artigo,\u00a0na pr\u00f3pria p\u00e1gina de envio de trabalho (etapa 1), dever\u00e1 ser preenchido o resumo estruturado em que consta: &#8211; T\u00edtulo (100 caracteres; 30 palavras) &#8211; Palavras-chave (3 palavras) &#8211; Introdu\u00e7\u00e3o\u00a0(500 caracteres; 75 palavras) &#8211; Problema de Pesquisa e Objetivo (500 caracteres; 75 palavras) &#8211; Revis\u00e3o Bibliogr\u00e1fica (500 caracteres; 75 palavras) &#8211; Metodologia\u00a0(500...\" \/>\n<meta property=\"og:url\" content=\"https:\/\/semead.com.br\/18\/artigo-cientifico\/\" \/>\n<meta property=\"og:site_name\" content=\"XVIII SemeAd\" \/>\n<meta name=\"twitter:card\" content=\"summary_large_image\" \/>\n<meta name=\"twitter:label1\" content=\"Est. reading time\" \/>\n\t<meta name=\"twitter:data1\" content=\"1 minute\" \/>\n<script type=\"application\/ld+json\" class=\"yoast-schema-graph\">{\"@context\":\"https:\\\/\\\/schema.org\",\"@graph\":[{\"@type\":\"WebPage\",\"@id\":\"https:\\\/\\\/semead.com.br\\\/18\\\/artigo-cientifico\\\/\",\"url\":\"https:\\\/\\\/semead.com.br\\\/18\\\/artigo-cientifico\\\/\",\"name\":\"Artigo Cient\u00edfico - XVIII SemeAd\",\"isPartOf\":{\"@id\":\"https:\\\/\\\/semead.com.br\\\/18\\\/#website\"},\"datePublished\":\"2013-05-07T14:52:33+00:00\",\"breadcrumb\":{\"@id\":\"https:\\\/\\\/semead.com.br\\\/18\\\/artigo-cientifico\\\/#breadcrumb\"},\"inLanguage\":\"en-US\",\"potentialAction\":[{\"@type\":\"ReadAction\",\"target\":[\"https:\\\/\\\/semead.com.br\\\/18\\\/artigo-cientifico\\\/\"]}]},{\"@type\":\"BreadcrumbList\",\"@id\":\"https:\\\/\\\/semead.com.br\\\/18\\\/artigo-cientifico\\\/#breadcrumb\",\"itemListElement\":[{\"@type\":\"ListItem\",\"position\":1,\"name\":\"In\u00edcio\",\"item\":\"https:\\\/\\\/semead.com.br\\\/18\\\/\"},{\"@type\":\"ListItem\",\"position\":2,\"name\":\"Artigo Cient\u00edfico\"}]},{\"@type\":\"WebSite\",\"@id\":\"https:\\\/\\\/semead.com.br\\\/18\\\/#website\",\"url\":\"https:\\\/\\\/semead.com.br\\\/18\\\/\",\"name\":\"XVIII SemeAd\",\"description\":\"Just another SemeAd site\",\"potentialAction\":[{\"@type\":\"SearchAction\",\"target\":{\"@type\":\"EntryPoint\",\"urlTemplate\":\"https:\\\/\\\/semead.com.br\\\/18\\\/?s={search_term_string}\"},\"query-input\":{\"@type\":\"PropertyValueSpecification\",\"valueRequired\":true,\"valueName\":\"search_term_string\"}}],\"inLanguage\":\"en-US\"}]}<\/script>\n<!-- \/ Yoast SEO plugin. -->","yoast_head_json":{"title":"Artigo Cient\u00edfico - XVIII SemeAd","robots":{"index":"index","follow":"follow","max-snippet":"max-snippet:-1","max-image-preview":"max-image-preview:large","max-video-preview":"max-video-preview:-1"},"canonical":"https:\/\/semead.com.br\/18\/artigo-cientifico\/","og_locale":"en_US","og_type":"article","og_title":"Artigo Cient\u00edfico - XVIII SemeAd","og_description":"Ao submeter o artigo,\u00a0na pr\u00f3pria p\u00e1gina de envio de trabalho (etapa 1), dever\u00e1 ser preenchido o resumo estruturado em que consta: &#8211; T\u00edtulo (100 caracteres; 30 palavras) &#8211; Palavras-chave (3 palavras) &#8211; Introdu\u00e7\u00e3o\u00a0(500 caracteres; 75 palavras) &#8211; Problema de Pesquisa e Objetivo (500 caracteres; 75 palavras) &#8211; Revis\u00e3o Bibliogr\u00e1fica (500 caracteres; 75 palavras) &#8211; Metodologia\u00a0(500...","og_url":"https:\/\/semead.com.br\/18\/artigo-cientifico\/","og_site_name":"XVIII SemeAd","twitter_card":"summary_large_image","twitter_misc":{"Est. reading time":"1 minute"},"schema":{"@context":"https:\/\/schema.org","@graph":[{"@type":"WebPage","@id":"https:\/\/semead.com.br\/18\/artigo-cientifico\/","url":"https:\/\/semead.com.br\/18\/artigo-cientifico\/","name":"Artigo Cient\u00edfico - XVIII SemeAd","isPartOf":{"@id":"https:\/\/semead.com.br\/18\/#website"},"datePublished":"2013-05-07T14:52:33+00:00","breadcrumb":{"@id":"https:\/\/semead.com.br\/18\/artigo-cientifico\/#breadcrumb"},"inLanguage":"en-US","potentialAction":[{"@type":"ReadAction","target":["https:\/\/semead.com.br\/18\/artigo-cientifico\/"]}]},{"@type":"BreadcrumbList","@id":"https:\/\/semead.com.br\/18\/artigo-cientifico\/#breadcrumb","itemListElement":[{"@type":"ListItem","position":1,"name":"In\u00edcio","item":"https:\/\/semead.com.br\/18\/"},{"@type":"ListItem","position":2,"name":"Artigo Cient\u00edfico"}]},{"@type":"WebSite","@id":"https:\/\/semead.com.br\/18\/#website","url":"https:\/\/semead.com.br\/18\/","name":"XVIII SemeAd","description":"Just another SemeAd site","potentialAction":[{"@type":"SearchAction","target":{"@type":"EntryPoint","urlTemplate":"https:\/\/semead.com.br\/18\/?s={search_term_string}"},"query-input":{"@type":"PropertyValueSpecification","valueRequired":true,"valueName":"search_term_string"}}],"inLanguage":"en-US"}]}},"_links":{"self":[{"href":"https:\/\/semead.com.br\/18\/wp-json\/wp\/v2\/pages\/10207","targetHints":{"allow":["GET"]}}],"collection":[{"href":"https:\/\/semead.com.br\/18\/wp-json\/wp\/v2\/pages"}],"about":[{"href":"https:\/\/semead.com.br\/18\/wp-json\/wp\/v2\/types\/page"}],"author":[{"embeddable":true,"href":"https:\/\/semead.com.br\/18\/wp-json\/wp\/v2\/users\/1"}],"replies":[{"embeddable":true,"href":"https:\/\/semead.com.br\/18\/wp-json\/wp\/v2\/comments?post=10207"}],"version-history":[{"count":0,"href":"https:\/\/semead.com.br\/18\/wp-json\/wp\/v2\/pages\/10207\/revisions"}],"wp:attachment":[{"href":"https:\/\/semead.com.br\/18\/wp-json\/wp\/v2\/media?parent=10207"}],"curies":[{"name":"wp","href":"https:\/\/api.w.org\/{rel}","templated":true}]}}