{"id":10526,"date":"2013-06-10T16:07:22","date_gmt":"2013-06-10T16:07:22","guid":{"rendered":"http:\/\/semead.com.br\/?page_id=10526"},"modified":"2013-06-10T16:07:22","modified_gmt":"2013-06-10T16:07:22","slug":"onde-ficar","status":"publish","type":"page","link":"https:\/\/semead.com.br\/18\/onde-ficar\/","title":{"rendered":"Onde Ficar"},"content":{"rendered":"<p>Os hot\u00e9is conveniados ao SemeAd est\u00e3o localizados pr\u00f3ximos \u00e0 Cidade Universit\u00e1ria ou a esta\u00e7\u00f5es do Metr\u00f4 e fornecem tarifas diferenciadas para os participantes do evento.\u00a0Ao fazer sua reserva, pelo telefone, n\u00e3o se esque\u00e7a de pedir pela tarifa diferenciada, informando sobre sua participa\u00e7\u00e3o no XVIII SemeAd.<\/p>\n<p><strong>Hot\u00e9is conveniados ao XVIII SemeAd <\/strong><\/p>\n<p><strong>(Informar que participar\u00e1 de um evento da USP e solicitar a taxa especial do conv\u00eanio com a USP)<\/strong><\/p>\n<p>BLUE TREE PARK PAULISTA<br \/>\nRua Peixoto Gomide, 707 \u2013 Cerqueira C\u00e9sar<br \/>\nTel: (55 11) 3147-7000<br \/>\n<a href=\"http:\/\/www.bluetree.com.br\/\" target=\"_blank\">www.bluetree.com.br<br \/>\n<\/a><strong>No ato da reserva, informe o c\u00f3digo para obter o desconto: \u00a02015 \u2013 USP \u2013 SEMEAD<\/strong><\/p>\n<p>HOWARD JOHNSON FARIA LIMA INN<br \/>\nRua Tavares Cabral, 61 \u2013 Pinheiros<br \/>\nTel: (55 11) 3032-2400<br \/>\nTel: 0800 55 55 98 (localidades fora da grande SP)<br \/>\n<a href=\"http:\/\/www.astron.com.br\/hoteis\/saopaulo1\" target=\"_blank\">http:\/\/www.astron.com.br\/hoteis\/saopaulo1<\/a><\/p>\n<p>GOLDEN TOWER HOTEL<br \/>\nRua Deputado Lacerda Franco, 148 \u2013 Pinheiros<br \/>\nTel: (55 11) 3094-2220<br \/>\n<a href=\"http:\/\/www.goldentowerhoel.com.br\/\" target=\"_blank\">www.goldentowerhoel.com.br<\/a><\/p>\n<p>GO INN JAGUAR\u00c9<br \/>\nAvenida Jaguar\u00e9 , 1664 \u2013 Jaguar\u00e9<br \/>\nTel: (55 11) 3716-2656 \/Fax: (55 11) 3716-2676<br \/>\n<a href=\"http:\/\/www.atlanticahotels.com.br\/\" target=\"_blank\">www.atlanticahotels.com.br<\/a><\/p>\n<p>NAHU HOSTEL<br \/>\nRua Marinha de Moura Pimenta, n\u00ba 354<br \/>\nTel: (55 11) 2729-8000<br \/>\n<a title=\"www.nahuhostel.com.br\" href=\"http:\/\/www.nahuhostel.com.br\/\" target=\"_blank\">www.nahuhostel.com.br<\/a><\/p>\n<p>Para conferir outras op\u00e7\u00f5es de hot\u00e9is e pre\u00e7os, favor acessar a lista de hot\u00e9is da capital em:<br \/>\n<a href=\"http:\/\/www.saopaulo.tur.br\/sao-paulo\">http:\/\/www.saopaulo.tur.br\/sao-paulo<\/a><\/p>\n<p>&nbsp;<\/p>\n","protected":false},"excerpt":{"rendered":"<p>Os hot\u00e9is conveniados ao SemeAd est\u00e3o localizados pr\u00f3ximos \u00e0 Cidade Universit\u00e1ria ou a esta\u00e7\u00f5es do Metr\u00f4 e fornecem tarifas diferenciadas para os participantes do evento.\u00a0Ao fazer sua reserva, pelo telefone, n\u00e3o se esque\u00e7a de pedir pela tarifa diferenciada, informando sobre sua participa\u00e7\u00e3o no XVIII SemeAd. Hot\u00e9is conveniados ao XVIII SemeAd (Informar que participar\u00e1 de um&#8230;<\/p>\n","protected":false},"author":1,"featured_media":0,"parent":0,"menu_order":0,"comment_status":"open","ping_status":"open","template":"","meta":{"_acf_changed":false,"_monsterinsights_skip_tracking":false,"_monsterinsights_sitenote_active":false,"_monsterinsights_sitenote_note":"","_monsterinsights_sitenote_category":0,"footnotes":""},"class_list":["post-10526","page","type-page","status-publish","hentry"],"acf":[],"yoast_head":"<!-- This site is optimized with the Yoast SEO plugin v27.4 - https:\/\/yoast.com\/product\/yoast-seo-wordpress\/ -->\n<title>Onde Ficar - XVIII SemeAd<\/title>\n<meta name=\"robots\" content=\"index, follow, max-snippet:-1, max-image-preview:large, max-video-preview:-1\" \/>\n<link rel=\"canonical\" href=\"https:\/\/semead.com.br\/18\/onde-ficar\/\" \/>\n<meta property=\"og:locale\" content=\"en_US\" \/>\n<meta property=\"og:type\" content=\"article\" \/>\n<meta property=\"og:title\" content=\"Onde Ficar - XVIII SemeAd\" \/>\n<meta property=\"og:description\" content=\"Os hot\u00e9is conveniados ao SemeAd est\u00e3o localizados pr\u00f3ximos \u00e0 Cidade Universit\u00e1ria ou a esta\u00e7\u00f5es do Metr\u00f4 e fornecem tarifas diferenciadas para os participantes do evento.\u00a0Ao fazer sua reserva, pelo telefone, n\u00e3o se esque\u00e7a de pedir pela tarifa diferenciada, informando sobre sua participa\u00e7\u00e3o no XVIII SemeAd. Hot\u00e9is conveniados ao XVIII SemeAd (Informar que participar\u00e1 de um...\" \/>\n<meta property=\"og:url\" content=\"https:\/\/semead.com.br\/18\/onde-ficar\/\" \/>\n<meta property=\"og:site_name\" content=\"XVIII SemeAd\" \/>\n<meta name=\"twitter:card\" content=\"summary_large_image\" \/>\n<meta name=\"twitter:label1\" content=\"Est. reading time\" \/>\n\t<meta name=\"twitter:data1\" content=\"1 minute\" \/>\n<script type=\"application\/ld+json\" class=\"yoast-schema-graph\">{\"@context\":\"https:\\\/\\\/schema.org\",\"@graph\":[{\"@type\":\"WebPage\",\"@id\":\"https:\\\/\\\/semead.com.br\\\/18\\\/onde-ficar\\\/\",\"url\":\"https:\\\/\\\/semead.com.br\\\/18\\\/onde-ficar\\\/\",\"name\":\"Onde Ficar - XVIII SemeAd\",\"isPartOf\":{\"@id\":\"https:\\\/\\\/semead.com.br\\\/18\\\/#website\"},\"datePublished\":\"2013-06-10T16:07:22+00:00\",\"breadcrumb\":{\"@id\":\"https:\\\/\\\/semead.com.br\\\/18\\\/onde-ficar\\\/#breadcrumb\"},\"inLanguage\":\"en-US\",\"potentialAction\":[{\"@type\":\"ReadAction\",\"target\":[\"https:\\\/\\\/semead.com.br\\\/18\\\/onde-ficar\\\/\"]}]},{\"@type\":\"BreadcrumbList\",\"@id\":\"https:\\\/\\\/semead.com.br\\\/18\\\/onde-ficar\\\/#breadcrumb\",\"itemListElement\":[{\"@type\":\"ListItem\",\"position\":1,\"name\":\"In\u00edcio\",\"item\":\"https:\\\/\\\/semead.com.br\\\/18\\\/\"},{\"@type\":\"ListItem\",\"position\":2,\"name\":\"Onde Ficar\"}]},{\"@type\":\"WebSite\",\"@id\":\"https:\\\/\\\/semead.com.br\\\/18\\\/#website\",\"url\":\"https:\\\/\\\/semead.com.br\\\/18\\\/\",\"name\":\"XVIII SemeAd\",\"description\":\"Just another SemeAd site\",\"potentialAction\":[{\"@type\":\"SearchAction\",\"target\":{\"@type\":\"EntryPoint\",\"urlTemplate\":\"https:\\\/\\\/semead.com.br\\\/18\\\/?s={search_term_string}\"},\"query-input\":{\"@type\":\"PropertyValueSpecification\",\"valueRequired\":true,\"valueName\":\"search_term_string\"}}],\"inLanguage\":\"en-US\"}]}<\/script>\n<!-- \/ Yoast SEO plugin. -->","yoast_head_json":{"title":"Onde Ficar - XVIII SemeAd","robots":{"index":"index","follow":"follow","max-snippet":"max-snippet:-1","max-image-preview":"max-image-preview:large","max-video-preview":"max-video-preview:-1"},"canonical":"https:\/\/semead.com.br\/18\/onde-ficar\/","og_locale":"en_US","og_type":"article","og_title":"Onde Ficar - XVIII SemeAd","og_description":"Os hot\u00e9is conveniados ao SemeAd est\u00e3o localizados pr\u00f3ximos \u00e0 Cidade Universit\u00e1ria ou a esta\u00e7\u00f5es do Metr\u00f4 e fornecem tarifas diferenciadas para os participantes do evento.\u00a0Ao fazer sua reserva, pelo telefone, n\u00e3o se esque\u00e7a de pedir pela tarifa diferenciada, informando sobre sua participa\u00e7\u00e3o no XVIII SemeAd. Hot\u00e9is conveniados ao XVIII SemeAd (Informar que participar\u00e1 de um...","og_url":"https:\/\/semead.com.br\/18\/onde-ficar\/","og_site_name":"XVIII SemeAd","twitter_card":"summary_large_image","twitter_misc":{"Est. reading time":"1 minute"},"schema":{"@context":"https:\/\/schema.org","@graph":[{"@type":"WebPage","@id":"https:\/\/semead.com.br\/18\/onde-ficar\/","url":"https:\/\/semead.com.br\/18\/onde-ficar\/","name":"Onde Ficar - XVIII SemeAd","isPartOf":{"@id":"https:\/\/semead.com.br\/18\/#website"},"datePublished":"2013-06-10T16:07:22+00:00","breadcrumb":{"@id":"https:\/\/semead.com.br\/18\/onde-ficar\/#breadcrumb"},"inLanguage":"en-US","potentialAction":[{"@type":"ReadAction","target":["https:\/\/semead.com.br\/18\/onde-ficar\/"]}]},{"@type":"BreadcrumbList","@id":"https:\/\/semead.com.br\/18\/onde-ficar\/#breadcrumb","itemListElement":[{"@type":"ListItem","position":1,"name":"In\u00edcio","item":"https:\/\/semead.com.br\/18\/"},{"@type":"ListItem","position":2,"name":"Onde Ficar"}]},{"@type":"WebSite","@id":"https:\/\/semead.com.br\/18\/#website","url":"https:\/\/semead.com.br\/18\/","name":"XVIII SemeAd","description":"Just another SemeAd site","potentialAction":[{"@type":"SearchAction","target":{"@type":"EntryPoint","urlTemplate":"https:\/\/semead.com.br\/18\/?s={search_term_string}"},"query-input":{"@type":"PropertyValueSpecification","valueRequired":true,"valueName":"search_term_string"}}],"inLanguage":"en-US"}]}},"_links":{"self":[{"href":"https:\/\/semead.com.br\/18\/wp-json\/wp\/v2\/pages\/10526","targetHints":{"allow":["GET"]}}],"collection":[{"href":"https:\/\/semead.com.br\/18\/wp-json\/wp\/v2\/pages"}],"about":[{"href":"https:\/\/semead.com.br\/18\/wp-json\/wp\/v2\/types\/page"}],"author":[{"embeddable":true,"href":"https:\/\/semead.com.br\/18\/wp-json\/wp\/v2\/users\/1"}],"replies":[{"embeddable":true,"href":"https:\/\/semead.com.br\/18\/wp-json\/wp\/v2\/comments?post=10526"}],"version-history":[{"count":0,"href":"https:\/\/semead.com.br\/18\/wp-json\/wp\/v2\/pages\/10526\/revisions"}],"wp:attachment":[{"href":"https:\/\/semead.com.br\/18\/wp-json\/wp\/v2\/media?parent=10526"}],"curies":[{"name":"wp","href":"https:\/\/api.w.org\/{rel}","templated":true}]}}