{"id":11547,"date":"2014-10-24T12:08:12","date_gmt":"2014-10-24T14:08:12","guid":{"rendered":"http:\/\/semead.com.br\/?page_id=11547"},"modified":"2014-10-24T12:08:12","modified_gmt":"2014-10-24T14:08:12","slug":"consorcio-doutoral","status":"publish","type":"page","link":"https:\/\/semead.com.br\/18\/programacao\/consorcio-doutoral\/","title":{"rendered":"Cons\u00f3rcio Doutoral"},"content":{"rendered":"<p>Os doutorandos que desejarem apresentar seus projetos de tese no Cons\u00f3rcio Doutoral do XVIII SemeAd dever\u00e3o fazer a submiss\u00e3o\u00a0do projeto no formato de artigo cient\u00edfico, de acordo com o cronograma de submiss\u00e3o do XVIII SemeAd. Leia atentamente as instru\u00e7\u00f5es antes de submeter.<\/p>\n<p><strong>Instru\u00e7\u00f5es para Submiss\u00e3o<\/strong><\/p>\n<p>O resumo estruturado e o artigo devem contemplar as seguintes se\u00e7\u00f5es:<\/p>\n<p>1) Introdu\u00e7\u00e3o: descrever brevemente o\u00a0estado da arte,\u00a0contextualizando o objetivo do trabalho;<br \/>\n2) Problema e Objetivo de Pesquisa: descrever o\u00a0<em>gap<\/em>\u00a0te\u00f3rico\u00a0que est\u00e1 sendo preenchido, explicitando a contribui\u00e7\u00e3o;<br \/>\n3) Revis\u00e3o Bibliogr\u00e1fica: apresentar os principais\u00a0argumentos te\u00f3ricos, proposi\u00e7\u00f5es e hip\u00f3teses;<br \/>\n4) Metodologia: descrever o\u00a0desenho de pesquisa\u00a0com o respectivo m\u00e9todo;<br \/>\n5) An\u00e1lise dos Resultados: apresentar eventuais resultados iniciais ou esperados;<br \/>\n6) Conclus\u00e3o: apresentar\u00a0an\u00e1lises e conclus\u00f5es iniciais;<br \/>\n7) Bibliografia: indicar as principais refer\u00eancias empregadas.<\/p>\n<p>O\u00a0artigo\u00a0completo deve focar sua contribui\u00e7\u00e3o e n\u00e3o o que a literatura existente relata. Ao revisar a literatura, algumas linhas sobre a teoria existente s\u00e3o \u00fateis, mas somente para localizar a contribui\u00e7\u00e3o do trabalho no contexto da mesma.<\/p>\n<p>O formato do artigo completo deve seguir a estrutura de artigo cient\u00edfico do XVIII SemeAd, ressalvando-se que as se\u00e7\u00f5es sobre an\u00e1lise de resultados e conclus\u00f5es devem se ater aos eventuais resultados e conclus\u00f5es iniciais. A submiss\u00e3o do resumo e do artigo d\u00e1 aos organizadores a permiss\u00e3o para dissemin\u00e1-los.\u00a0<strong>Trabalhos que n\u00e3o estejam no formato especificado n\u00e3o ser\u00e3o aceitos.<\/strong><\/p>\n<p><strong>Formata\u00e7\u00e3o do resumo e trabalho completo:<\/strong><strong>\u00a0<\/strong><br \/>\n\u2013 Formato do papel: A4;<br \/>\n\u2013 Fonte: Times New Roman\/tamanho 12;<br \/>\n\u2013 Espa\u00e7amento: simples, sendo o texto disposto em uma coluna;<br \/>\n\u2013 Alinhamento: justificado;<br \/>\n\u2013 Margens: Superior: 3 cm; inferior: 2 cm; esquerda: 3 cm; direita: 2 cm.<br \/>\n\u2013 As refer\u00eancias bibliogr\u00e1ficas dever\u00e3o ser citadas ao longo do texto de acordo com o sistema (autor-data), e apresentadas em ordem alfab\u00e9tica no final do trabalho, de acordo com a norma ABNT\/NBR-6023 ou APA.<\/p>\n<p><strong>Datas importantes:<\/strong><\/p>\n<p>\u2013 Limite para submiss\u00e3o dos trabalhos: 19\/07<br \/>\n\u2013 Divulga\u00e7\u00e3o dos resultados: 18\/08<br \/>\n\u2013 Inscri\u00e7\u00e3o e envio da vers\u00e3o atualizada: 15\/09 a 02\/10<br \/>\n\u2013 Apresenta\u00e7\u00e3o de acordo com a vers\u00e3o atualizada: 04\/11<\/p>\n<p>* A inscri\u00e7\u00e3o e a apresenta\u00e7\u00e3o de trabalhos no Cons\u00f3rcio Doutoral permitir\u00e3o o acesso do doutorando \u00e0s sess\u00f5es de apresenta\u00e7\u00e3o de artigos nos dias 5 e 6\/11.<\/p>\n<p style=\"text-align: center\"><strong><a href=\"http:\/\/sistema.semead.com.br\/18semead\/UsrTrabalhoE1.asp\">Clique aqui<\/a>\u00a0para submeter seu projeto\/ artigo.<\/strong><\/p>\n<p style=\"text-align: center\">\n","protected":false},"excerpt":{"rendered":"<p>Os doutorandos que desejarem apresentar seus projetos de tese no Cons\u00f3rcio Doutoral do XVIII SemeAd dever\u00e3o fazer a submiss\u00e3o\u00a0do projeto no formato de artigo cient\u00edfico, de acordo com o cronograma de submiss\u00e3o do XVIII SemeAd. Leia atentamente as instru\u00e7\u00f5es antes de submeter. Instru\u00e7\u00f5es para Submiss\u00e3o O resumo estruturado e o artigo devem contemplar as seguintes&#8230;<\/p>\n","protected":false},"author":1,"featured_media":0,"parent":26,"menu_order":0,"comment_status":"open","ping_status":"open","template":"","meta":{"_acf_changed":false,"_monsterinsights_skip_tracking":false,"_monsterinsights_sitenote_active":false,"_monsterinsights_sitenote_note":"","_monsterinsights_sitenote_category":0,"footnotes":""},"class_list":["post-11547","page","type-page","status-publish","hentry"],"acf":[],"yoast_head":"<!-- This site is optimized with the Yoast SEO plugin v27.4 - https:\/\/yoast.com\/product\/yoast-seo-wordpress\/ -->\n<title>Cons\u00f3rcio Doutoral - XVIII SemeAd<\/title>\n<meta name=\"robots\" content=\"index, follow, max-snippet:-1, max-image-preview:large, max-video-preview:-1\" \/>\n<link rel=\"canonical\" href=\"https:\/\/semead.com.br\/18\/programacao\/consorcio-doutoral\/\" \/>\n<meta property=\"og:locale\" content=\"en_US\" \/>\n<meta property=\"og:type\" content=\"article\" \/>\n<meta property=\"og:title\" content=\"Cons\u00f3rcio Doutoral - XVIII SemeAd\" \/>\n<meta property=\"og:description\" content=\"Os doutorandos que desejarem apresentar seus projetos de tese no Cons\u00f3rcio Doutoral do XVIII SemeAd dever\u00e3o fazer a submiss\u00e3o\u00a0do projeto no formato de artigo cient\u00edfico, de acordo com o cronograma de submiss\u00e3o do XVIII SemeAd. Leia atentamente as instru\u00e7\u00f5es antes de submeter. Instru\u00e7\u00f5es para Submiss\u00e3o O resumo estruturado e o artigo devem contemplar as seguintes...\" \/>\n<meta property=\"og:url\" content=\"https:\/\/semead.com.br\/18\/programacao\/consorcio-doutoral\/\" \/>\n<meta property=\"og:site_name\" content=\"XVIII SemeAd\" \/>\n<meta name=\"twitter:card\" content=\"summary_large_image\" \/>\n<meta name=\"twitter:label1\" content=\"Est. reading time\" \/>\n\t<meta name=\"twitter:data1\" content=\"2 minutes\" \/>\n<script type=\"application\/ld+json\" class=\"yoast-schema-graph\">{\"@context\":\"https:\\\/\\\/schema.org\",\"@graph\":[{\"@type\":\"WebPage\",\"@id\":\"https:\\\/\\\/semead.com.br\\\/18\\\/programacao\\\/consorcio-doutoral\\\/\",\"url\":\"https:\\\/\\\/semead.com.br\\\/18\\\/programacao\\\/consorcio-doutoral\\\/\",\"name\":\"Cons\u00f3rcio Doutoral - XVIII SemeAd\",\"isPartOf\":{\"@id\":\"https:\\\/\\\/semead.com.br\\\/18\\\/#website\"},\"datePublished\":\"2014-10-24T14:08:12+00:00\",\"breadcrumb\":{\"@id\":\"https:\\\/\\\/semead.com.br\\\/18\\\/programacao\\\/consorcio-doutoral\\\/#breadcrumb\"},\"inLanguage\":\"en-US\",\"potentialAction\":[{\"@type\":\"ReadAction\",\"target\":[\"https:\\\/\\\/semead.com.br\\\/18\\\/programacao\\\/consorcio-doutoral\\\/\"]}]},{\"@type\":\"BreadcrumbList\",\"@id\":\"https:\\\/\\\/semead.com.br\\\/18\\\/programacao\\\/consorcio-doutoral\\\/#breadcrumb\",\"itemListElement\":[{\"@type\":\"ListItem\",\"position\":1,\"name\":\"In\u00edcio\",\"item\":\"https:\\\/\\\/semead.com.br\\\/18\\\/\"},{\"@type\":\"ListItem\",\"position\":2,\"name\":\"Programa\u00e7\u00e3o\",\"item\":\"https:\\\/\\\/semead.com.br\\\/18\\\/programacao\\\/\"},{\"@type\":\"ListItem\",\"position\":3,\"name\":\"Cons\u00f3rcio Doutoral\"}]},{\"@type\":\"WebSite\",\"@id\":\"https:\\\/\\\/semead.com.br\\\/18\\\/#website\",\"url\":\"https:\\\/\\\/semead.com.br\\\/18\\\/\",\"name\":\"XVIII SemeAd\",\"description\":\"Just another SemeAd site\",\"potentialAction\":[{\"@type\":\"SearchAction\",\"target\":{\"@type\":\"EntryPoint\",\"urlTemplate\":\"https:\\\/\\\/semead.com.br\\\/18\\\/?s={search_term_string}\"},\"query-input\":{\"@type\":\"PropertyValueSpecification\",\"valueRequired\":true,\"valueName\":\"search_term_string\"}}],\"inLanguage\":\"en-US\"}]}<\/script>\n<!-- \/ Yoast SEO plugin. -->","yoast_head_json":{"title":"Cons\u00f3rcio Doutoral - XVIII SemeAd","robots":{"index":"index","follow":"follow","max-snippet":"max-snippet:-1","max-image-preview":"max-image-preview:large","max-video-preview":"max-video-preview:-1"},"canonical":"https:\/\/semead.com.br\/18\/programacao\/consorcio-doutoral\/","og_locale":"en_US","og_type":"article","og_title":"Cons\u00f3rcio Doutoral - XVIII SemeAd","og_description":"Os doutorandos que desejarem apresentar seus projetos de tese no Cons\u00f3rcio Doutoral do XVIII SemeAd dever\u00e3o fazer a submiss\u00e3o\u00a0do projeto no formato de artigo cient\u00edfico, de acordo com o cronograma de submiss\u00e3o do XVIII SemeAd. Leia atentamente as instru\u00e7\u00f5es antes de submeter. Instru\u00e7\u00f5es para Submiss\u00e3o O resumo estruturado e o artigo devem contemplar as seguintes...","og_url":"https:\/\/semead.com.br\/18\/programacao\/consorcio-doutoral\/","og_site_name":"XVIII SemeAd","twitter_card":"summary_large_image","twitter_misc":{"Est. reading time":"2 minutes"},"schema":{"@context":"https:\/\/schema.org","@graph":[{"@type":"WebPage","@id":"https:\/\/semead.com.br\/18\/programacao\/consorcio-doutoral\/","url":"https:\/\/semead.com.br\/18\/programacao\/consorcio-doutoral\/","name":"Cons\u00f3rcio Doutoral - XVIII SemeAd","isPartOf":{"@id":"https:\/\/semead.com.br\/18\/#website"},"datePublished":"2014-10-24T14:08:12+00:00","breadcrumb":{"@id":"https:\/\/semead.com.br\/18\/programacao\/consorcio-doutoral\/#breadcrumb"},"inLanguage":"en-US","potentialAction":[{"@type":"ReadAction","target":["https:\/\/semead.com.br\/18\/programacao\/consorcio-doutoral\/"]}]},{"@type":"BreadcrumbList","@id":"https:\/\/semead.com.br\/18\/programacao\/consorcio-doutoral\/#breadcrumb","itemListElement":[{"@type":"ListItem","position":1,"name":"In\u00edcio","item":"https:\/\/semead.com.br\/18\/"},{"@type":"ListItem","position":2,"name":"Programa\u00e7\u00e3o","item":"https:\/\/semead.com.br\/18\/programacao\/"},{"@type":"ListItem","position":3,"name":"Cons\u00f3rcio Doutoral"}]},{"@type":"WebSite","@id":"https:\/\/semead.com.br\/18\/#website","url":"https:\/\/semead.com.br\/18\/","name":"XVIII SemeAd","description":"Just another SemeAd site","potentialAction":[{"@type":"SearchAction","target":{"@type":"EntryPoint","urlTemplate":"https:\/\/semead.com.br\/18\/?s={search_term_string}"},"query-input":{"@type":"PropertyValueSpecification","valueRequired":true,"valueName":"search_term_string"}}],"inLanguage":"en-US"}]}},"_links":{"self":[{"href":"https:\/\/semead.com.br\/18\/wp-json\/wp\/v2\/pages\/11547","targetHints":{"allow":["GET"]}}],"collection":[{"href":"https:\/\/semead.com.br\/18\/wp-json\/wp\/v2\/pages"}],"about":[{"href":"https:\/\/semead.com.br\/18\/wp-json\/wp\/v2\/types\/page"}],"author":[{"embeddable":true,"href":"https:\/\/semead.com.br\/18\/wp-json\/wp\/v2\/users\/1"}],"replies":[{"embeddable":true,"href":"https:\/\/semead.com.br\/18\/wp-json\/wp\/v2\/comments?post=11547"}],"version-history":[{"count":0,"href":"https:\/\/semead.com.br\/18\/wp-json\/wp\/v2\/pages\/11547\/revisions"}],"up":[{"embeddable":true,"href":"https:\/\/semead.com.br\/18\/wp-json\/wp\/v2\/pages\/26"}],"wp:attachment":[{"href":"https:\/\/semead.com.br\/18\/wp-json\/wp\/v2\/media?parent=11547"}],"curies":[{"name":"wp","href":"https:\/\/api.w.org\/{rel}","templated":true}]}}