{"id":15,"date":"2013-04-26T00:11:58","date_gmt":"2013-04-26T00:11:58","guid":{"rendered":"http:\/\/semead.com.br\/?page_id=15"},"modified":"2013-04-26T00:11:58","modified_gmt":"2013-04-26T00:11:58","slug":"gestao-socioambiental","status":"publish","type":"page","link":"https:\/\/semead.com.br\/18\/areas\/gestao-socioambiental\/","title":{"rendered":"Gest\u00e3o Socioambiental"},"content":{"rendered":"<p><span style=\"font-size: medium\"><strong>Coordenadora: Profa. Dra. Clandia Maffini Gomes &#8211; UFSM<\/strong><\/span><\/p>\n<p><strong><b>Temas e L\u00edderes:<\/b><\/strong><\/p>\n<p><strong>1. Estrat\u00e9gia e sustentabilidade<\/strong><\/p>\n<p style=\"padding-left: 30px;text-align: justify\">O tema trata de teorias, conceitos e pr\u00e1ticas relacionadas aos processos de concep\u00e7\u00e3o, implementa\u00e7\u00e3o e avalia\u00e7\u00e3o da estrat\u00e9gia com vistas \u00e0 sustentabilidade. Abrange temas como: estrat\u00e9gias sustent\u00e1veis; projetos estrat\u00e9gicos sustent\u00e1veis; sustentabilidade como vantagem competitiva; impacto dos aspectos do macro-ambiente relativos \u00e0 sustentabilidade; gest\u00e3o estrat\u00e9gica de crises e riscos; neg\u00f3cios sociais; novos modelos de neg\u00f3cios sustent\u00e1veis; neg\u00f3cios para base da pir\u00e2mide; cria\u00e7\u00e3o de valor sustent\u00e1vel; estrat\u00e9gias funcionais voltadas \u00e0 sustentabilidade; estrat\u00e9gias setoriais e p\u00fablicas para sustentabilidade; gest\u00e3o da sustentabilidade na cadeia de valor; aplica\u00e7\u00f5es das abordagens estrat\u00e9gicas tradicionais orientadas \u00e0 sustentabilidade.<\/p>\n<p style=\"padding-left: 30px\"><em><span style=\"color: #222222\">Profa. Dra. L\u00facia Rejane da Rosa Gama Madruga &#8211; UFSM<\/span><\/em><\/p>\n<p><strong>\u00a02. Gest\u00e3o Ambiental<\/strong><\/p>\n<p style=\"padding-left: 30px;text-align: justify\">Este tema contempla estudos sobre elementos que visam mitigar problemas ambientais e buscar o uso mais eficiente dos recursos dispon\u00edveis, al\u00e9m da avalia\u00e7\u00e3o dos impactos e externalidades resultantes da produ\u00e7\u00e3o de bens ou servi\u00e7os, causados pelas atividades das organiza\u00e7\u00f5es. Abrange temas como: Sistemas de gest\u00e3o ambiental; Normas de gest\u00e3o ambiental; Ecodesign; Ecoefici\u00eancia; Ecologia industrial; Auditoria ambiental; Produ\u00e7\u00e3o mais limpa; Ciclo de vida do produto; Cadeias de suprimentos sustent\u00e1veis; Log\u00edstica reversa; Projetos de Gases de Efeito Estufa; Gerenciamento de passivos ambientais; Gest\u00e3o de res\u00edduos s\u00f3lidos.<\/p>\n<p style=\"padding-left: 30px\"><em><span style=\"color: #222222\">Profa. Dra. M\u00f4nica Cavalcanti S\u00e1 de Abreu &#8211; UFC<\/span><\/em><\/p>\n<p><strong>3. Responsabilidade Social Corporativa (RSC)<\/strong><\/p>\n<p style=\"padding-left: 30px;text-align: justify\">O tema trata da Responsabilidade Social Corporativa e suas teorias, conceitos e pr\u00e1ticas, discutindo os efeitos das a\u00e7\u00f5es das organiza\u00e7\u00f5es nos diversos stakeholders com quem se relaciona. Abrange temas como: Responsabilidade social; Responsabilidade ambiental; \u00c9tica nas organiza\u00e7\u00f5es; Com\u00e9rcio justo; Abordagens te\u00f3ricas do desempenho sustent\u00e1vel da firma; Teoria dos stakeholders; Economia inclusiva; Acordos e princ\u00edpios internacionais de sustentabilidade e seus impactos para as organiza\u00e7\u00f5es.<\/p>\n<p style=\"padding-left: 30px;text-align: justify\"><em>Profa. Dra. Dolores Amalia Gallardo-V\u00e1zquez &#8211; Universidade de Extremadura<\/em><\/p>\n<p><strong>\u00a04. Desempenho Social Corporativo (CSP)<\/strong><\/p>\n<p style=\"padding-left: 30px;text-align: justify\">O tema trata de teorias, conceitos e pr\u00e1ticas relacionadas aos processos de mensura\u00e7\u00e3o, controle e gest\u00e3o do desempenho das organiza\u00e7\u00f5es, em uma vis\u00e3o ampliada \u00e0quela descrita pela teoria da firma. Abrange temas como: Indicadores de Sustentabilidade; \u00cdndices de Sustentabilidade; Modelos de Mensura\u00e7\u00e3o da Sustentabilidade e do Desempenho Socioambiental; Balanced Scorecard Sustent\u00e1vel; Abordagem Triple Bottom Line; Finan\u00e7as sustent\u00e1veis; Contabilidade socioambiental; Relat\u00f3rios de sustentabilidade.<\/p>\n<p style=\"padding-left: 30px\"><em>Prof. Dr. Fl\u00e1vio Horneaux J\u00fanior &#8211; FEA e UNINOVE<\/em><\/p>\n","protected":false},"excerpt":{"rendered":"<p>Coordenadora: Profa. Dra. Clandia Maffini Gomes &#8211; UFSM Temas e L\u00edderes: 1. Estrat\u00e9gia e sustentabilidade O tema trata de teorias, conceitos e pr\u00e1ticas relacionadas aos processos de concep\u00e7\u00e3o, implementa\u00e7\u00e3o e avalia\u00e7\u00e3o da estrat\u00e9gia com vistas \u00e0 sustentabilidade. Abrange temas como: estrat\u00e9gias sustent\u00e1veis; projetos estrat\u00e9gicos sustent\u00e1veis; sustentabilidade como vantagem competitiva; impacto dos aspectos do macro-ambiente relativos&#8230;<\/p>\n","protected":false},"author":1,"featured_media":0,"parent":9,"menu_order":6,"comment_status":"open","ping_status":"closed","template":"","meta":{"_acf_changed":false,"_monsterinsights_skip_tracking":false,"_monsterinsights_sitenote_active":false,"_monsterinsights_sitenote_note":"","_monsterinsights_sitenote_category":0,"footnotes":""},"class_list":["post-15","page","type-page","status-publish","hentry"],"acf":[],"yoast_head":"<!-- This site is optimized with the Yoast SEO plugin v27.4 - https:\/\/yoast.com\/product\/yoast-seo-wordpress\/ -->\n<title>Gest\u00e3o Socioambiental - XVIII SemeAd<\/title>\n<meta name=\"robots\" content=\"index, follow, max-snippet:-1, max-image-preview:large, max-video-preview:-1\" \/>\n<link rel=\"canonical\" href=\"https:\/\/semead.com.br\/18\/areas\/gestao-socioambiental\/\" \/>\n<meta property=\"og:locale\" content=\"en_US\" \/>\n<meta property=\"og:type\" content=\"article\" \/>\n<meta property=\"og:title\" content=\"Gest\u00e3o Socioambiental - XVIII SemeAd\" \/>\n<meta property=\"og:description\" content=\"Coordenadora: Profa. Dra. Clandia Maffini Gomes &#8211; UFSM Temas e L\u00edderes: 1. Estrat\u00e9gia e sustentabilidade O tema trata de teorias, conceitos e pr\u00e1ticas relacionadas aos processos de concep\u00e7\u00e3o, implementa\u00e7\u00e3o e avalia\u00e7\u00e3o da estrat\u00e9gia com vistas \u00e0 sustentabilidade. Abrange temas como: estrat\u00e9gias sustent\u00e1veis; projetos estrat\u00e9gicos sustent\u00e1veis; sustentabilidade como vantagem competitiva; impacto dos aspectos do macro-ambiente relativos...\" \/>\n<meta property=\"og:url\" content=\"https:\/\/semead.com.br\/18\/areas\/gestao-socioambiental\/\" \/>\n<meta property=\"og:site_name\" content=\"XVIII SemeAd\" \/>\n<meta name=\"twitter:card\" content=\"summary_large_image\" \/>\n<meta name=\"twitter:label1\" content=\"Est. reading time\" \/>\n\t<meta name=\"twitter:data1\" content=\"2 minutes\" \/>\n<script type=\"application\/ld+json\" class=\"yoast-schema-graph\">{\"@context\":\"https:\\\/\\\/schema.org\",\"@graph\":[{\"@type\":\"WebPage\",\"@id\":\"https:\\\/\\\/semead.com.br\\\/18\\\/areas\\\/gestao-socioambiental\\\/\",\"url\":\"https:\\\/\\\/semead.com.br\\\/18\\\/areas\\\/gestao-socioambiental\\\/\",\"name\":\"Gest\u00e3o Socioambiental - XVIII SemeAd\",\"isPartOf\":{\"@id\":\"https:\\\/\\\/semead.com.br\\\/18\\\/#website\"},\"datePublished\":\"2013-04-26T00:11:58+00:00\",\"breadcrumb\":{\"@id\":\"https:\\\/\\\/semead.com.br\\\/18\\\/areas\\\/gestao-socioambiental\\\/#breadcrumb\"},\"inLanguage\":\"en-US\",\"potentialAction\":[{\"@type\":\"ReadAction\",\"target\":[\"https:\\\/\\\/semead.com.br\\\/18\\\/areas\\\/gestao-socioambiental\\\/\"]}]},{\"@type\":\"BreadcrumbList\",\"@id\":\"https:\\\/\\\/semead.com.br\\\/18\\\/areas\\\/gestao-socioambiental\\\/#breadcrumb\",\"itemListElement\":[{\"@type\":\"ListItem\",\"position\":1,\"name\":\"In\u00edcio\",\"item\":\"https:\\\/\\\/semead.com.br\\\/18\\\/\"},{\"@type\":\"ListItem\",\"position\":2,\"name\":\"\u00c1reas\",\"item\":\"https:\\\/\\\/semead.com.br\\\/18\\\/areas\\\/\"},{\"@type\":\"ListItem\",\"position\":3,\"name\":\"Gest\u00e3o Socioambiental\"}]},{\"@type\":\"WebSite\",\"@id\":\"https:\\\/\\\/semead.com.br\\\/18\\\/#website\",\"url\":\"https:\\\/\\\/semead.com.br\\\/18\\\/\",\"name\":\"XVIII SemeAd\",\"description\":\"Just another SemeAd site\",\"potentialAction\":[{\"@type\":\"SearchAction\",\"target\":{\"@type\":\"EntryPoint\",\"urlTemplate\":\"https:\\\/\\\/semead.com.br\\\/18\\\/?s={search_term_string}\"},\"query-input\":{\"@type\":\"PropertyValueSpecification\",\"valueRequired\":true,\"valueName\":\"search_term_string\"}}],\"inLanguage\":\"en-US\"}]}<\/script>\n<!-- \/ Yoast SEO plugin. -->","yoast_head_json":{"title":"Gest\u00e3o Socioambiental - XVIII SemeAd","robots":{"index":"index","follow":"follow","max-snippet":"max-snippet:-1","max-image-preview":"max-image-preview:large","max-video-preview":"max-video-preview:-1"},"canonical":"https:\/\/semead.com.br\/18\/areas\/gestao-socioambiental\/","og_locale":"en_US","og_type":"article","og_title":"Gest\u00e3o Socioambiental - XVIII SemeAd","og_description":"Coordenadora: Profa. Dra. Clandia Maffini Gomes &#8211; UFSM Temas e L\u00edderes: 1. Estrat\u00e9gia e sustentabilidade O tema trata de teorias, conceitos e pr\u00e1ticas relacionadas aos processos de concep\u00e7\u00e3o, implementa\u00e7\u00e3o e avalia\u00e7\u00e3o da estrat\u00e9gia com vistas \u00e0 sustentabilidade. Abrange temas como: estrat\u00e9gias sustent\u00e1veis; projetos estrat\u00e9gicos sustent\u00e1veis; sustentabilidade como vantagem competitiva; impacto dos aspectos do macro-ambiente relativos...","og_url":"https:\/\/semead.com.br\/18\/areas\/gestao-socioambiental\/","og_site_name":"XVIII SemeAd","twitter_card":"summary_large_image","twitter_misc":{"Est. reading time":"2 minutes"},"schema":{"@context":"https:\/\/schema.org","@graph":[{"@type":"WebPage","@id":"https:\/\/semead.com.br\/18\/areas\/gestao-socioambiental\/","url":"https:\/\/semead.com.br\/18\/areas\/gestao-socioambiental\/","name":"Gest\u00e3o Socioambiental - XVIII SemeAd","isPartOf":{"@id":"https:\/\/semead.com.br\/18\/#website"},"datePublished":"2013-04-26T00:11:58+00:00","breadcrumb":{"@id":"https:\/\/semead.com.br\/18\/areas\/gestao-socioambiental\/#breadcrumb"},"inLanguage":"en-US","potentialAction":[{"@type":"ReadAction","target":["https:\/\/semead.com.br\/18\/areas\/gestao-socioambiental\/"]}]},{"@type":"BreadcrumbList","@id":"https:\/\/semead.com.br\/18\/areas\/gestao-socioambiental\/#breadcrumb","itemListElement":[{"@type":"ListItem","position":1,"name":"In\u00edcio","item":"https:\/\/semead.com.br\/18\/"},{"@type":"ListItem","position":2,"name":"\u00c1reas","item":"https:\/\/semead.com.br\/18\/areas\/"},{"@type":"ListItem","position":3,"name":"Gest\u00e3o Socioambiental"}]},{"@type":"WebSite","@id":"https:\/\/semead.com.br\/18\/#website","url":"https:\/\/semead.com.br\/18\/","name":"XVIII SemeAd","description":"Just another SemeAd site","potentialAction":[{"@type":"SearchAction","target":{"@type":"EntryPoint","urlTemplate":"https:\/\/semead.com.br\/18\/?s={search_term_string}"},"query-input":{"@type":"PropertyValueSpecification","valueRequired":true,"valueName":"search_term_string"}}],"inLanguage":"en-US"}]}},"_links":{"self":[{"href":"https:\/\/semead.com.br\/18\/wp-json\/wp\/v2\/pages\/15","targetHints":{"allow":["GET"]}}],"collection":[{"href":"https:\/\/semead.com.br\/18\/wp-json\/wp\/v2\/pages"}],"about":[{"href":"https:\/\/semead.com.br\/18\/wp-json\/wp\/v2\/types\/page"}],"author":[{"embeddable":true,"href":"https:\/\/semead.com.br\/18\/wp-json\/wp\/v2\/users\/1"}],"replies":[{"embeddable":true,"href":"https:\/\/semead.com.br\/18\/wp-json\/wp\/v2\/comments?post=15"}],"version-history":[{"count":0,"href":"https:\/\/semead.com.br\/18\/wp-json\/wp\/v2\/pages\/15\/revisions"}],"up":[{"embeddable":true,"href":"https:\/\/semead.com.br\/18\/wp-json\/wp\/v2\/pages\/9"}],"wp:attachment":[{"href":"https:\/\/semead.com.br\/18\/wp-json\/wp\/v2\/media?parent=15"}],"curies":[{"name":"wp","href":"https:\/\/api.w.org\/{rel}","templated":true}]}}

Gestão Socioambiental

<p><span style="font-size: medium"><strong>Coordenadora: Profa. Dra. Clandia Maffini Gomes &#8211; UFSM</strong></span></p>
<p><strong><b>Temas e Líderes:</b></strong></p>
<p><strong>1. Estratégia e sustentabilidade</strong></p>
<p style="padding-left: 30px;text-align: justify">O tema trata de teorias, conceitos e práticas relacionadas aos processos de concepção, implementação e avaliação da estratégia com vistas à sustentabilidade. Abrange temas como: estratégias sustentáveis; projetos estratégicos sustentáveis; sustentabilidade como vantagem competitiva; impacto dos aspectos do macro-ambiente relativos à sustentabilidade; gestão estratégica de crises e riscos; negócios sociais; novos modelos de negócios sustentáveis; negócios para base da pirâmide; criação de valor sustentável; estratégias funcionais voltadas à sustentabilidade; estratégias setoriais e públicas para sustentabilidade; gestão da sustentabilidade na cadeia de valor; aplicações das abordagens estratégicas tradicionais orientadas à sustentabilidade.</p>
<p style="padding-left: 30px"><em><span style="color: #222222">Profa. Dra. Lúcia Rejane da Rosa Gama Madruga &#8211; UFSM</span></em></p>
<p><strong> 2. Gestão Ambiental</strong></p>
<p style="padding-left: 30px;text-align: justify">Este tema contempla estudos sobre elementos que visam mitigar problemas ambientais e buscar o uso mais eficiente dos recursos disponíveis, além da avaliação dos impactos e externalidades resultantes da produção de bens ou serviços, causados pelas atividades das organizações. Abrange temas como: Sistemas de gestão ambiental; Normas de gestão ambiental; Ecodesign; Ecoeficiência; Ecologia industrial; Auditoria ambiental; Produção mais limpa; Ciclo de vida do produto; Cadeias de suprimentos sustentáveis; Logística reversa; Projetos de Gases de Efeito Estufa; Gerenciamento de passivos ambientais; Gestão de resíduos sólidos.</p>
<p style="padding-left: 30px"><em><span style="color: #222222">Profa. Dra. Mônica Cavalcanti Sá de Abreu &#8211; UFC</span></em></p>
<p><strong>3. Responsabilidade Social Corporativa (RSC)</strong></p>
<p style="padding-left: 30px;text-align: justify">O tema trata da Responsabilidade Social Corporativa e suas teorias, conceitos e práticas, discutindo os efeitos das ações das organizações nos diversos stakeholders com quem se relaciona. Abrange temas como: Responsabilidade social; Responsabilidade ambiental; Ética nas organizações; Comércio justo; Abordagens teóricas do desempenho sustentável da firma; Teoria dos stakeholders; Economia inclusiva; Acordos e princípios internacionais de sustentabilidade e seus impactos para as organizações.</p>
<p style="padding-left: 30px;text-align: justify"><em>Profa. Dra. Dolores Amalia Gallardo-Vázquez &#8211; Universidade de Extremadura</em></p>
<p><strong> 4. Desempenho Social Corporativo (CSP)</strong></p>
<p style="padding-left: 30px;text-align: justify">O tema trata de teorias, conceitos e práticas relacionadas aos processos de mensuração, controle e gestão do desempenho das organizações, em uma visão ampliada àquela descrita pela teoria da firma. Abrange temas como: Indicadores de Sustentabilidade; Índices de Sustentabilidade; Modelos de Mensuração da Sustentabilidade e do Desempenho Socioambiental; Balanced Scorecard Sustentável; Abordagem Triple Bottom Line; Finanças sustentáveis; Contabilidade socioambiental; Relatórios de sustentabilidade.</p>
<p style="padding-left: 30px"><em>Prof. Dr. Flávio Horneaux Júnior &#8211; FEA e UNINOVE</em></p>

<p>Coordenadora: Profa. Dra. Clandia Maffini Gomes &#8211; UFSM Temas e Líderes: 1. Estratégia e sustentabilidade O tema trata de teorias, conceitos e práticas relacionadas aos processos de concepção, implementação e avaliação da estratégia com vistas à sustentabilidade. Abrange temas como: estratégias sustentáveis; projetos estratégicos sustentáveis; sustentabilidade como vantagem competitiva; impacto dos aspectos do macro-ambiente relativos&#8230;</p>

<!-- This site is optimized with the Yoast SEO plugin v27.4 - https://yoast.com/product/yoast-seo-wordpress/ -->
<title>Gestão Socioambiental - XVIII SemeAd</title>
<meta name="robots" content="index, follow, max-snippet:-1, max-image-preview:large, max-video-preview:-1" />
<link rel="canonical" href="https://semead.com.br/18/areas/gestao-socioambiental/" />
<meta property="og:locale" content="en_US" />
<meta property="og:type" content="article" />
<meta property="og:title" content="Gestão Socioambiental - XVIII SemeAd" />
<meta property="og:description" content="Coordenadora: Profa. Dra. Clandia Maffini Gomes &#8211; UFSM Temas e Líderes: 1. Estratégia e sustentabilidade O tema trata de teorias, conceitos e práticas relacionadas aos processos de concepção, implementação e avaliação da estratégia com vistas à sustentabilidade. Abrange temas como: estratégias sustentáveis; projetos estratégicos sustentáveis; sustentabilidade como vantagem competitiva; impacto dos aspectos do macro-ambiente relativos..." />
<meta property="og:url" content="https://semead.com.br/18/areas/gestao-socioambiental/" />
<meta property="og:site_name" content="XVIII SemeAd" />
<meta name="twitter:card" content="summary_large_image" />
<meta name="twitter:label1" content="Est. reading time" />
	<meta name="twitter:data1" content="2 minutes" />
<script type="application/ld+json" class="yoast-schema-graph">{"@context":"https:\/\/schema.org","@graph":[{"@type":"WebPage","@id":"https:\/\/semead.com.br\/18\/areas\/gestao-socioambiental\/","url":"https:\/\/semead.com.br\/18\/areas\/gestao-socioambiental\/","name":"Gestão Socioambiental - XVIII SemeAd","isPartOf":{"@id":"https:\/\/semead.com.br\/18\/#website"},"datePublished":"2013-04-26T00:11:58+00:00","breadcrumb":{"@id":"https:\/\/semead.com.br\/18\/areas\/gestao-socioambiental\/#breadcrumb"},"inLanguage":"en-US","potentialAction":[{"@type":"ReadAction","target":["https:\/\/semead.com.br\/18\/areas\/gestao-socioambiental\/"]}]},{"@type":"BreadcrumbList","@id":"https:\/\/semead.com.br\/18\/areas\/gestao-socioambiental\/#breadcrumb","itemListElement":[{"@type":"ListItem","position":1,"name":"Início","item":"https:\/\/semead.com.br\/18\/"},{"@type":"ListItem","position":2,"name":"Áreas","item":"https:\/\/semead.com.br\/18\/areas\/"},{"@type":"ListItem","position":3,"name":"Gestão Socioambiental"}]},{"@type":"WebSite","@id":"https:\/\/semead.com.br\/18\/#website","url":"https:\/\/semead.com.br\/18\/","name":"XVIII SemeAd","description":"Just another SemeAd site","potentialAction":[{"@type":"SearchAction","target":{"@type":"EntryPoint","urlTemplate":"https:\/\/semead.com.br\/18\/?s={search_term_string}"},"query-input":{"@type":"PropertyValueSpecification","valueRequired":true,"valueName":"search_term_string"}}],"inLanguage":"en-US"}]}</script>
<!-- / Yoast SEO plugin. -->

Gestão Socioambiental - XVIII SemeAd

Coordenadora: Profa. Dra. Clandia Maffini Gomes &#8211; UFSM Temas e Líderes: 1. Estratégia e sustentabilidade O tema trata de teorias, conceitos e práticas relacionadas aos processos de concepção, implementação e avaliação da estratégia com vistas à sustentabilidade. Abrange temas como: estratégias sustentáveis; projetos estratégicos sustentáveis; sustentabilidade como vantagem competitiva; impacto dos aspectos do macro-ambiente relativos...

Início

Áreas
