{"id":20,"date":"2013-04-26T00:14:25","date_gmt":"2013-04-26T00:14:25","guid":{"rendered":"http:\/\/semead.com.br\/?page_id=20"},"modified":"2013-04-26T00:14:25","modified_gmt":"2013-04-26T00:14:25","slug":"estudos-organizacionais","status":"publish","type":"page","link":"https:\/\/semead.com.br\/18\/areas\/estudos-organizacionais\/","title":{"rendered":"Estudos Organizacionais"},"content":{"rendered":"<p><span style=\"font-size: medium\"><strong>Coordenadora: Profa. Dra. Darcy Mitiko Mori Hanashiro \u2013 Universidade Presbiteriana Mackenzie<\/strong><\/span><\/p>\n<p><strong><b>Temas e L\u00edderes:<\/b><\/strong><\/p>\n<p><strong>1. Abordagem institucional nos Estudos Organizacionais<\/strong><\/p>\n<p style=\"padding-left: 30px;text-align: justify\">Processos de institucionaliza\u00e7\u00e3o. Rela\u00e7\u00e3o entre institui\u00e7\u00f5es e organiza\u00e7\u00f5es: o pilar regulador, o normativo e o cognitivo. Isomorfismo. Legitimidade. Campo institucional. L\u00f3gica Institucional: constru\u00e7\u00e3o hist\u00f3rico-social de pr\u00e1ticas, estruturas e valores. Estrat\u00e9gia institucional e poder nas organiza\u00e7\u00f5es. Processos de desinstitucionaliza\u00e7\u00e3o e reinstitucionaliza\u00e7\u00e3o. Complexidade institucional: l\u00f3gicas concorrentes e coexist\u00eancia.<\/p>\n<p style=\"padding-left: 30px\"><em>Prof. Dr. Arnaldo Luiz Ryngelblum &#8211; UNIP<\/em><\/p>\n<p><strong>2. Aprendizagem nas organiza\u00e7\u00f5es<\/strong><\/p>\n<p style=\"padding-left: 30px;text-align: justify\">Estimulam-se artigos te\u00f3ricos ou te\u00f3ricos-emp\u00edricos inovadores com abordagem te\u00f3rica e metodol\u00f3gica em diferentes n\u00edveis de an\u00e1lise: aprendizagem individual, em grupo e organizacional e o relacionamento entre eles. Organiza\u00e7\u00f5es que aprendem. Diferentes perspectivas te\u00f3ricas em aprendizagem organizacional (psicol\u00f3gica, sociol\u00f3gica e da ci\u00eancia administrativa). Oportunidades e obst\u00e1culos para a aprendizagem nos ambientes de trabalho. Consequentes da aprendizagem organizacional. Mensura\u00e7\u00e3o da aprendizagem. Aprendizagem organizacional e compet\u00eancias. Aprendizagem e Inova\u00e7\u00e3o. Aprendizagem e cultura. Aprendizagem informal, baseada no trabalho, pr\u00e1ticas e conhecimento.<\/p>\n<p style=\"padding-left: 30px;text-align: justify\"><em>Prof. Dr. Di\u00f3genes de Souza Bido &#8211; Universidade Presbiteriana Mackenzie<\/em><\/p>\n<p><strong>3. Comportamento organizacional<\/strong><\/p>\n<p style=\"padding-left: 30px\">Estimulam-se artigos te\u00f3ricos ou te\u00f3ricos-emp\u00edricos inovadores com abordagem te\u00f3rica e metodol\u00f3gica nos seguintes temas: Diversidade nas organiza\u00e7\u00f5es. Diferen\u00e7as individuais. Mulheres e carreiras. Atitudes e satisfa\u00e7\u00e3o no trabalho. Comprometimento organizacional. \u00c9tica e responsabilidade social. Emo\u00e7\u00f5es e sentimentos. Personalidade e valores. Percep\u00e7\u00e3o, atribui\u00e7\u00e3o, tomada de decis\u00e3o. Motiva\u00e7\u00e3o. Estresse e QVT. Lideran\u00e7a nas organiza\u00e7\u00f5es. Conflito e negocia\u00e7\u00e3o. Organiza\u00e7\u00e3o virtual, equipes virtuais, equipes multiculturais. Estrutura organizacional. Mudan\u00e7a organizacional.<\/p>\n<p style=\"padding-left: 30px\"><em>Profa. Dra. Ana Silvia Rocha Ipiranga &#8211; Universidade do Estado de Cear\u00e1<\/em><\/p>\n<p><strong>4. Simbolismos, Cultura e Identidades Organizacionais<\/strong><\/p>\n<p style=\"padding-left: 30px\">Estimulam-se diferentes perspectivas te\u00f3ricas, metodol\u00f3gicas e epistemol\u00f3gicas em Simbolismos, culturas e identidades organizacionais. Para isso, busca-se a organiza\u00e7\u00e3o como locus das diferen\u00e7as culturais (cross culture) e da forma\u00e7\u00e3o de significados nas intera\u00e7\u00f5es sociais. O papel da cultura Brasileira nos v\u00e1rios contextos organizacionais e sociais. Culturas nacionais, locais e organizacionais. O simbolismo social das organiza\u00e7\u00f5es. As identidades formadas socialmente. Sujeito e identidade. Cultura e identidade. A simbologia da identidade. Identidade Organizacional.<\/p>\n<p style=\"padding-left: 30px\"><em>Profa. Dra. Denise Del Pr\u00e1 Netto Machado &#8211; Funda\u00e7\u00e3o Universidade Regional de Blumenau\u00a0<\/em><\/p>\n<p><strong>5. Abordagens Relacionais \u00e0s Organiza\u00e7\u00f5es<\/strong><\/p>\n<p style=\"padding-left: 30px\">Abarca estudos intra- e inter-organizacionais. Internamente \u00e0 firma, interessa explorar relacionamentos formais e informais, hierarquias informais. Efeitos da inser\u00e7\u00e3o na rede para o desempenho, inova\u00e7\u00e3o e aprendizagem organizacional. Entre firmas, enfatizamos o car\u00e1ter \u2018relacional da firma\u2019, sua inser\u00e7\u00e3o social, a porosidade aliada ao relacionamento informal entre indiv\u00edduos fronteiri\u00e7os. Governan\u00e7a em rede. Fen\u00f4menos novos: empresa virtual, firma ef\u00eamera (exemplo: firmas baseadas em projeto), movimentos sociais articulados atrav\u00e9s de rede. Impacto das m\u00eddias sociais externas e internas \u00e0s firmas. Gostar\u00edamos de receber textos emp\u00edricos (quantitativos e qualitativos), assim como textos te\u00f3ricos.<\/p>\n<p style=\"padding-left: 30px\"><em> Prof. Dr. Charles Kirschbaum &#8211; Insper<\/em><\/p>\n","protected":false},"excerpt":{"rendered":"<p>Coordenadora: Profa. Dra. Darcy Mitiko Mori Hanashiro \u2013 Universidade Presbiteriana Mackenzie Temas e L\u00edderes: 1. Abordagem institucional nos Estudos Organizacionais Processos de institucionaliza\u00e7\u00e3o. Rela\u00e7\u00e3o entre institui\u00e7\u00f5es e organiza\u00e7\u00f5es: o pilar regulador, o normativo e o cognitivo. Isomorfismo. Legitimidade. Campo institucional. L\u00f3gica Institucional: constru\u00e7\u00e3o hist\u00f3rico-social de pr\u00e1ticas, estruturas e valores. Estrat\u00e9gia institucional e poder nas organiza\u00e7\u00f5es&#8230;.<\/p>\n","protected":false},"author":1,"featured_media":0,"parent":9,"menu_order":110,"comment_status":"open","ping_status":"closed","template":"","meta":{"_acf_changed":false,"_monsterinsights_skip_tracking":false,"_monsterinsights_sitenote_active":false,"_monsterinsights_sitenote_note":"","_monsterinsights_sitenote_category":0,"footnotes":""},"class_list":["post-20","page","type-page","status-publish","hentry"],"acf":[],"yoast_head":"<!-- This site is optimized with the Yoast SEO plugin v27.4 - https:\/\/yoast.com\/product\/yoast-seo-wordpress\/ -->\n<title>Estudos Organizacionais - XVIII SemeAd<\/title>\n<meta name=\"robots\" content=\"index, follow, max-snippet:-1, max-image-preview:large, max-video-preview:-1\" \/>\n<link rel=\"canonical\" href=\"https:\/\/semead.com.br\/18\/areas\/estudos-organizacionais\/\" \/>\n<meta property=\"og:locale\" content=\"en_US\" \/>\n<meta property=\"og:type\" content=\"article\" \/>\n<meta property=\"og:title\" content=\"Estudos Organizacionais - XVIII SemeAd\" \/>\n<meta property=\"og:description\" content=\"Coordenadora: Profa. Dra. Darcy Mitiko Mori Hanashiro \u2013 Universidade Presbiteriana Mackenzie Temas e L\u00edderes: 1. Abordagem institucional nos Estudos Organizacionais Processos de institucionaliza\u00e7\u00e3o. Rela\u00e7\u00e3o entre institui\u00e7\u00f5es e organiza\u00e7\u00f5es: o pilar regulador, o normativo e o cognitivo. Isomorfismo. Legitimidade. Campo institucional. L\u00f3gica Institucional: constru\u00e7\u00e3o hist\u00f3rico-social de pr\u00e1ticas, estruturas e valores. Estrat\u00e9gia institucional e poder nas organiza\u00e7\u00f5es....\" \/>\n<meta property=\"og:url\" content=\"https:\/\/semead.com.br\/18\/areas\/estudos-organizacionais\/\" \/>\n<meta property=\"og:site_name\" content=\"XVIII SemeAd\" \/>\n<meta name=\"twitter:card\" content=\"summary_large_image\" \/>\n<meta name=\"twitter:label1\" content=\"Est. reading time\" \/>\n\t<meta name=\"twitter:data1\" content=\"3 minutes\" \/>\n<script type=\"application\/ld+json\" class=\"yoast-schema-graph\">{\"@context\":\"https:\\\/\\\/schema.org\",\"@graph\":[{\"@type\":\"WebPage\",\"@id\":\"https:\\\/\\\/semead.com.br\\\/18\\\/areas\\\/estudos-organizacionais\\\/\",\"url\":\"https:\\\/\\\/semead.com.br\\\/18\\\/areas\\\/estudos-organizacionais\\\/\",\"name\":\"Estudos Organizacionais - XVIII SemeAd\",\"isPartOf\":{\"@id\":\"https:\\\/\\\/semead.com.br\\\/18\\\/#website\"},\"datePublished\":\"2013-04-26T00:14:25+00:00\",\"breadcrumb\":{\"@id\":\"https:\\\/\\\/semead.com.br\\\/18\\\/areas\\\/estudos-organizacionais\\\/#breadcrumb\"},\"inLanguage\":\"en-US\",\"potentialAction\":[{\"@type\":\"ReadAction\",\"target\":[\"https:\\\/\\\/semead.com.br\\\/18\\\/areas\\\/estudos-organizacionais\\\/\"]}]},{\"@type\":\"BreadcrumbList\",\"@id\":\"https:\\\/\\\/semead.com.br\\\/18\\\/areas\\\/estudos-organizacionais\\\/#breadcrumb\",\"itemListElement\":[{\"@type\":\"ListItem\",\"position\":1,\"name\":\"In\u00edcio\",\"item\":\"https:\\\/\\\/semead.com.br\\\/18\\\/\"},{\"@type\":\"ListItem\",\"position\":2,\"name\":\"\u00c1reas\",\"item\":\"https:\\\/\\\/semead.com.br\\\/18\\\/areas\\\/\"},{\"@type\":\"ListItem\",\"position\":3,\"name\":\"Estudos Organizacionais\"}]},{\"@type\":\"WebSite\",\"@id\":\"https:\\\/\\\/semead.com.br\\\/18\\\/#website\",\"url\":\"https:\\\/\\\/semead.com.br\\\/18\\\/\",\"name\":\"XVIII SemeAd\",\"description\":\"Just another SemeAd site\",\"potentialAction\":[{\"@type\":\"SearchAction\",\"target\":{\"@type\":\"EntryPoint\",\"urlTemplate\":\"https:\\\/\\\/semead.com.br\\\/18\\\/?s={search_term_string}\"},\"query-input\":{\"@type\":\"PropertyValueSpecification\",\"valueRequired\":true,\"valueName\":\"search_term_string\"}}],\"inLanguage\":\"en-US\"}]}<\/script>\n<!-- \/ Yoast SEO plugin. -->","yoast_head_json":{"title":"Estudos Organizacionais - XVIII SemeAd","robots":{"index":"index","follow":"follow","max-snippet":"max-snippet:-1","max-image-preview":"max-image-preview:large","max-video-preview":"max-video-preview:-1"},"canonical":"https:\/\/semead.com.br\/18\/areas\/estudos-organizacionais\/","og_locale":"en_US","og_type":"article","og_title":"Estudos Organizacionais - XVIII SemeAd","og_description":"Coordenadora: Profa. Dra. Darcy Mitiko Mori Hanashiro \u2013 Universidade Presbiteriana Mackenzie Temas e L\u00edderes: 1. Abordagem institucional nos Estudos Organizacionais Processos de institucionaliza\u00e7\u00e3o. Rela\u00e7\u00e3o entre institui\u00e7\u00f5es e organiza\u00e7\u00f5es: o pilar regulador, o normativo e o cognitivo. Isomorfismo. Legitimidade. Campo institucional. L\u00f3gica Institucional: constru\u00e7\u00e3o hist\u00f3rico-social de pr\u00e1ticas, estruturas e valores. Estrat\u00e9gia institucional e poder nas organiza\u00e7\u00f5es....","og_url":"https:\/\/semead.com.br\/18\/areas\/estudos-organizacionais\/","og_site_name":"XVIII SemeAd","twitter_card":"summary_large_image","twitter_misc":{"Est. reading time":"3 minutes"},"schema":{"@context":"https:\/\/schema.org","@graph":[{"@type":"WebPage","@id":"https:\/\/semead.com.br\/18\/areas\/estudos-organizacionais\/","url":"https:\/\/semead.com.br\/18\/areas\/estudos-organizacionais\/","name":"Estudos Organizacionais - XVIII SemeAd","isPartOf":{"@id":"https:\/\/semead.com.br\/18\/#website"},"datePublished":"2013-04-26T00:14:25+00:00","breadcrumb":{"@id":"https:\/\/semead.com.br\/18\/areas\/estudos-organizacionais\/#breadcrumb"},"inLanguage":"en-US","potentialAction":[{"@type":"ReadAction","target":["https:\/\/semead.com.br\/18\/areas\/estudos-organizacionais\/"]}]},{"@type":"BreadcrumbList","@id":"https:\/\/semead.com.br\/18\/areas\/estudos-organizacionais\/#breadcrumb","itemListElement":[{"@type":"ListItem","position":1,"name":"In\u00edcio","item":"https:\/\/semead.com.br\/18\/"},{"@type":"ListItem","position":2,"name":"\u00c1reas","item":"https:\/\/semead.com.br\/18\/areas\/"},{"@type":"ListItem","position":3,"name":"Estudos Organizacionais"}]},{"@type":"WebSite","@id":"https:\/\/semead.com.br\/18\/#website","url":"https:\/\/semead.com.br\/18\/","name":"XVIII SemeAd","description":"Just another SemeAd site","potentialAction":[{"@type":"SearchAction","target":{"@type":"EntryPoint","urlTemplate":"https:\/\/semead.com.br\/18\/?s={search_term_string}"},"query-input":{"@type":"PropertyValueSpecification","valueRequired":true,"valueName":"search_term_string"}}],"inLanguage":"en-US"}]}},"_links":{"self":[{"href":"https:\/\/semead.com.br\/18\/wp-json\/wp\/v2\/pages\/20","targetHints":{"allow":["GET"]}}],"collection":[{"href":"https:\/\/semead.com.br\/18\/wp-json\/wp\/v2\/pages"}],"about":[{"href":"https:\/\/semead.com.br\/18\/wp-json\/wp\/v2\/types\/page"}],"author":[{"embeddable":true,"href":"https:\/\/semead.com.br\/18\/wp-json\/wp\/v2\/users\/1"}],"replies":[{"embeddable":true,"href":"https:\/\/semead.com.br\/18\/wp-json\/wp\/v2\/comments?post=20"}],"version-history":[{"count":0,"href":"https:\/\/semead.com.br\/18\/wp-json\/wp\/v2\/pages\/20\/revisions"}],"up":[{"embeddable":true,"href":"https:\/\/semead.com.br\/18\/wp-json\/wp\/v2\/pages\/9"}],"wp:attachment":[{"href":"https:\/\/semead.com.br\/18\/wp-json\/wp\/v2\/media?parent=20"}],"curies":[{"name":"wp","href":"https:\/\/api.w.org\/{rel}","templated":true}]}}

<p><span style="font-size: medium"><strong>Coordenadora: Profa. Dra. Darcy Mitiko Mori Hanashiro – Universidade Presbiteriana Mackenzie</strong></span></p>
<p><strong><b>Temas e Líderes:</b></strong></p>
<p><strong>1. Abordagem institucional nos Estudos Organizacionais</strong></p>
<p style="padding-left: 30px;text-align: justify">Processos de institucionalização. Relação entre instituições e organizações: o pilar regulador, o normativo e o cognitivo. Isomorfismo. Legitimidade. Campo institucional. Lógica Institucional: construção histórico-social de práticas, estruturas e valores. Estratégia institucional e poder nas organizações. Processos de desinstitucionalização e reinstitucionalização. Complexidade institucional: lógicas concorrentes e coexistência.</p>
<p style="padding-left: 30px"><em>Prof. Dr. Arnaldo Luiz Ryngelblum &#8211; UNIP</em></p>
<p><strong>2. Aprendizagem nas organizações</strong></p>
<p style="padding-left: 30px;text-align: justify">Estimulam-se artigos teóricos ou teóricos-empíricos inovadores com abordagem teórica e metodológica em diferentes níveis de análise: aprendizagem individual, em grupo e organizacional e o relacionamento entre eles. Organizações que aprendem. Diferentes perspectivas teóricas em aprendizagem organizacional (psicológica, sociológica e da ciência administrativa). Oportunidades e obstáculos para a aprendizagem nos ambientes de trabalho. Consequentes da aprendizagem organizacional. Mensuração da aprendizagem. Aprendizagem organizacional e competências. Aprendizagem e Inovação. Aprendizagem e cultura. Aprendizagem informal, baseada no trabalho, práticas e conhecimento.</p>
<p style="padding-left: 30px;text-align: justify"><em>Prof. Dr. Diógenes de Souza Bido &#8211; Universidade Presbiteriana Mackenzie</em></p>
<p><strong>3. Comportamento organizacional</strong></p>
<p style="padding-left: 30px">Estimulam-se artigos teóricos ou teóricos-empíricos inovadores com abordagem teórica e metodológica nos seguintes temas: Diversidade nas organizações. Diferenças individuais. Mulheres e carreiras. Atitudes e satisfação no trabalho. Comprometimento organizacional. Ética e responsabilidade social. Emoções e sentimentos. Personalidade e valores. Percepção, atribuição, tomada de decisão. Motivação. Estresse e QVT. Liderança nas organizações. Conflito e negociação. Organização virtual, equipes virtuais, equipes multiculturais. Estrutura organizacional. Mudança organizacional.</p>
<p style="padding-left: 30px"><em>Profa. Dra. Ana Silvia Rocha Ipiranga &#8211; Universidade do Estado de Ceará</em></p>
<p><strong>4. Simbolismos, Cultura e Identidades Organizacionais</strong></p>
<p style="padding-left: 30px">Estimulam-se diferentes perspectivas teóricas, metodológicas e epistemológicas em Simbolismos, culturas e identidades organizacionais. Para isso, busca-se a organização como locus das diferenças culturais (cross culture) e da formação de significados nas interações sociais. O papel da cultura Brasileira nos vários contextos organizacionais e sociais. Culturas nacionais, locais e organizacionais. O simbolismo social das organizações. As identidades formadas socialmente. Sujeito e identidade. Cultura e identidade. A simbologia da identidade. Identidade Organizacional.</p>
<p style="padding-left: 30px"><em>Profa. Dra. Denise Del Prá Netto Machado &#8211; Fundação Universidade Regional de Blumenau </em></p>
<p><strong>5. Abordagens Relacionais às Organizações</strong></p>
<p style="padding-left: 30px">Abarca estudos intra- e inter-organizacionais. Internamente à firma, interessa explorar relacionamentos formais e informais, hierarquias informais. Efeitos da inserção na rede para o desempenho, inovação e aprendizagem organizacional. Entre firmas, enfatizamos o caráter ‘relacional da firma’, sua inserção social, a porosidade aliada ao relacionamento informal entre indivíduos fronteiriços. Governança em rede. Fenômenos novos: empresa virtual, firma efêmera (exemplo: firmas baseadas em projeto), movimentos sociais articulados através de rede. Impacto das mídias sociais externas e internas às firmas. Gostaríamos de receber textos empíricos (quantitativos e qualitativos), assim como textos teóricos.</p>
<p style="padding-left: 30px"><em> Prof. Dr. Charles Kirschbaum &#8211; Insper</em></p>

<p>Coordenadora: Profa. Dra. Darcy Mitiko Mori Hanashiro – Universidade Presbiteriana Mackenzie Temas e Líderes: 1. Abordagem institucional nos Estudos Organizacionais Processos de institucionalização. Relação entre instituições e organizações: o pilar regulador, o normativo e o cognitivo. Isomorfismo. Legitimidade. Campo institucional. Lógica Institucional: construção histórico-social de práticas, estruturas e valores. Estratégia institucional e poder nas organizações&#8230;.</p>

<!-- This site is optimized with the Yoast SEO plugin v27.4 - https://yoast.com/product/yoast-seo-wordpress/ -->
<title>Estudos Organizacionais - XVIII SemeAd</title>
<meta name="robots" content="index, follow, max-snippet:-1, max-image-preview:large, max-video-preview:-1" />
<link rel="canonical" href="https://semead.com.br/18/areas/estudos-organizacionais/" />
<meta property="og:locale" content="en_US" />
<meta property="og:type" content="article" />
<meta property="og:title" content="Estudos Organizacionais - XVIII SemeAd" />
<meta property="og:description" content="Coordenadora: Profa. Dra. Darcy Mitiko Mori Hanashiro – Universidade Presbiteriana Mackenzie Temas e Líderes: 1. Abordagem institucional nos Estudos Organizacionais Processos de institucionalização. Relação entre instituições e organizações: o pilar regulador, o normativo e o cognitivo. Isomorfismo. Legitimidade. Campo institucional. Lógica Institucional: construção histórico-social de práticas, estruturas e valores. Estratégia institucional e poder nas organizações...." />
<meta property="og:url" content="https://semead.com.br/18/areas/estudos-organizacionais/" />
<meta property="og:site_name" content="XVIII SemeAd" />
<meta name="twitter:card" content="summary_large_image" />
<meta name="twitter:label1" content="Est. reading time" />
	<meta name="twitter:data1" content="3 minutes" />
<script type="application/ld+json" class="yoast-schema-graph">{"@context":"https:\/\/schema.org","@graph":[{"@type":"WebPage","@id":"https:\/\/semead.com.br\/18\/areas\/estudos-organizacionais\/","url":"https:\/\/semead.com.br\/18\/areas\/estudos-organizacionais\/","name":"Estudos Organizacionais - XVIII SemeAd","isPartOf":{"@id":"https:\/\/semead.com.br\/18\/#website"},"datePublished":"2013-04-26T00:14:25+00:00","breadcrumb":{"@id":"https:\/\/semead.com.br\/18\/areas\/estudos-organizacionais\/#breadcrumb"},"inLanguage":"en-US","potentialAction":[{"@type":"ReadAction","target":["https:\/\/semead.com.br\/18\/areas\/estudos-organizacionais\/"]}]},{"@type":"BreadcrumbList","@id":"https:\/\/semead.com.br\/18\/areas\/estudos-organizacionais\/#breadcrumb","itemListElement":[{"@type":"ListItem","position":1,"name":"Início","item":"https:\/\/semead.com.br\/18\/"},{"@type":"ListItem","position":2,"name":"Áreas","item":"https:\/\/semead.com.br\/18\/areas\/"},{"@type":"ListItem","position":3,"name":"Estudos Organizacionais"}]},{"@type":"WebSite","@id":"https:\/\/semead.com.br\/18\/#website","url":"https:\/\/semead.com.br\/18\/","name":"XVIII SemeAd","description":"Just another SemeAd site","potentialAction":[{"@type":"SearchAction","target":{"@type":"EntryPoint","urlTemplate":"https:\/\/semead.com.br\/18\/?s={search_term_string}"},"query-input":{"@type":"PropertyValueSpecification","valueRequired":true,"valueName":"search_term_string"}}],"inLanguage":"en-US"}]}</script>
<!-- / Yoast SEO plugin. -->

Coordenadora: Profa. Dra. Darcy Mitiko Mori Hanashiro – Universidade Presbiteriana Mackenzie Temas e Líderes: 1. Abordagem institucional nos Estudos Organizacionais Processos de institucionalização. Relação entre instituições e organizações: o pilar regulador, o normativo e o cognitivo. Isomorfismo. Legitimidade. Campo institucional. Lógica Institucional: construção histórico-social de práticas, estruturas e valores. Estratégia institucional e poder nas organizações....

Início

Áreas
