{"id":12630,"date":"2016-05-16T18:14:24","date_gmt":"2016-05-16T21:14:24","guid":{"rendered":"https:\/\/semead.com.br\/19\/?page_id=12630"},"modified":"2016-07-01T14:21:54","modified_gmt":"2016-07-01T17:21:54","slug":"marketing-e-gestao","status":"publish","type":"page","link":"https:\/\/semead.com.br\/19\/areas\/cientificas\/marketing-e-gestao\/","title":{"rendered":"Marketing e Gest\u00e3o"},"content":{"rendered":"<p><strong>Coordenador: Profa. Dra.\u00a0Thelma Val\u00e9ria Rocha &#8211; ESPM<br \/>\n<\/strong><\/p>\n<p><b>Temas e L\u00edderes:<\/b><\/p>\n<p><strong>1. Estrat\u00e9gias e Opera\u00e7\u00f5es de Marketing<\/strong><\/p>\n<p style=\"padding-left: 30px;\">Estudos com m\u00e9todos cient\u00edficos sobre: Sistemas de informa\u00e7\u00f5es de marketing e ou sobre seus subsistemas, segmenta\u00e7\u00e3o de mercado, escolhas de segmentos de mercado, diferencia\u00e7\u00e3o de marketing, branding, posicionamento da marca, posicionamento de produto, temas relacionados a pre\u00e7o, distribui\u00e7\u00e3o, comunica\u00e7\u00e3o integrada de marketing e produtos, bem como estrutura organizacional de marketing, estrat\u00e9gias funcionais de marketing, estrat\u00e9gias competitivas fundamentadas em marketing, estrat\u00e9gias corporativas fundamentadas em marketing.<\/p>\n<p style=\"padding-left: 30px;\">(OBS. Os estudos com m\u00e9todo cient\u00edfico sobre o comportamento do consumidor de servi\u00e7os, varejista ou comprador organizacional devem ser submetidos nos temas de comportamento do consumidor da \u00e1rea de marketing.)<\/p>\n<p style=\"padding-left: 30px;\"><em>Prof. Dr. Edson Crescitelli \u00a0\u2013 FEA USP<\/em><\/p>\n<p><strong>2. Marketing de Servi\u00e7os, Varejo e B2B<\/strong><\/p>\n<p style=\"padding-left: 30px;\">Estudos com m\u00e9todos cient\u00edficos sobre: Administra\u00e7\u00e3o de marketing de servi\u00e7os, interfaces do marketing de servi\u00e7os coma as \u00e1reas de opera\u00e7\u00f5es e\/ou de gest\u00e3o de pessoas. Fatores diferenciais de servi\u00e7os, marketing experiencial, administra\u00e7\u00e3o de varejo, varejo sem loja, conflitos entre canais de varejo, gest\u00e3o da qualidade em servi\u00e7os e\/ou varejo etc. bem como temas sobre marketing no contexto do B2B (marketing organizacional).<br \/>\n(OBS: Os estudos com m\u00e9todo cient\u00edfico sobre o comportamento do consumidor ou comprador organizacional envolvendo os temas desta \u00e1rea dever\u00e3o ser submetidos nos temas de comportamento do consumidor).<\/p>\n<p style=\"padding-left: 30px;\"><em>Profa. Dra. Adriana Beatriz Madeira &#8211; Universidade Presbiteriana Mackenzie<\/em><\/p>\n<p><strong>3. Marketing, Sociedade e Outros Temas<\/strong><\/p>\n<p style=\"padding-left: 30px;\">Estudos com m\u00e9todos cient\u00edficos sobre: Marketing social, responsabilidade social do marketing , marketing societal, sustentabilidade e marketing, macromarketing, uso social do marketing, marketing para organiza\u00e7\u00f5es sem fins lucrativos, marketing e stakeholders, marketing p\u00fablico, \u00e9tica no marketing, bem como outros temas de marketing relevantes par o desenvolvimento desta \u00e1rea do conhecimento.<\/p>\n<p style=\"padding-left: 30px;\">*OBS Casos baseados no m\u00e9todo de Harvard ou com caracter\u00edsticas similares dever\u00e3o ser submetidos como relato t\u00e9cnico na \u00e1rea Tecnol\u00f3gica.<\/p>\n<p style=\"padding-left: 30px;\"><em>Profa. Dra. Nadia Kassouf Pizzinatto &#8211;\u00a0UNIMEP<\/em><\/p>\n<p>&nbsp;<\/p>\n","protected":false},"excerpt":{"rendered":"<p>Coordenador: Profa. Dra.\u00a0Thelma Val\u00e9ria Rocha &#8211; ESPM Temas e L\u00edderes: 1. Estrat\u00e9gias e Opera\u00e7\u00f5es de Marketing Estudos com m\u00e9todos cient\u00edficos sobre: Sistemas de informa\u00e7\u00f5es de marketing e ou sobre seus subsistemas, segmenta\u00e7\u00e3o de mercado, escolhas de segmentos de mercado, diferencia\u00e7\u00e3o de marketing, branding, posicionamento da marca, posicionamento de produto, temas relacionados a pre\u00e7o, distribui\u00e7\u00e3o, comunica\u00e7\u00e3o&#8230;<\/p>\n","protected":false},"author":1,"featured_media":0,"parent":9,"menu_order":0,"comment_status":"closed","ping_status":"closed","template":"","meta":{"_acf_changed":false,"_monsterinsights_skip_tracking":false,"_monsterinsights_sitenote_active":false,"_monsterinsights_sitenote_note":"","_monsterinsights_sitenote_category":0,"footnotes":""},"class_list":["post-12630","page","type-page","status-publish","hentry"],"acf":[],"yoast_head":"<!-- This site is optimized with the Yoast SEO plugin v27.1.1 - https:\/\/yoast.com\/product\/yoast-seo-wordpress\/ -->\n<title>Marketing e Gest\u00e3o - XIX SemeAd<\/title>\n<meta name=\"robots\" content=\"index, follow, max-snippet:-1, max-image-preview:large, max-video-preview:-1\" \/>\n<link rel=\"canonical\" href=\"https:\/\/semead.com.br\/19\/areas\/cientificas\/marketing-e-gestao\/\" \/>\n<meta property=\"og:locale\" content=\"en_US\" \/>\n<meta property=\"og:type\" content=\"article\" \/>\n<meta property=\"og:title\" content=\"Marketing e Gest\u00e3o - XIX SemeAd\" \/>\n<meta property=\"og:description\" content=\"Coordenador: Profa. Dra.\u00a0Thelma Val\u00e9ria Rocha &#8211; ESPM Temas e L\u00edderes: 1. Estrat\u00e9gias e Opera\u00e7\u00f5es de Marketing Estudos com m\u00e9todos cient\u00edficos sobre: Sistemas de informa\u00e7\u00f5es de marketing e ou sobre seus subsistemas, segmenta\u00e7\u00e3o de mercado, escolhas de segmentos de mercado, diferencia\u00e7\u00e3o de marketing, branding, posicionamento da marca, posicionamento de produto, temas relacionados a pre\u00e7o, distribui\u00e7\u00e3o, comunica\u00e7\u00e3o...\" \/>\n<meta property=\"og:url\" content=\"https:\/\/semead.com.br\/19\/areas\/cientificas\/marketing-e-gestao\/\" \/>\n<meta property=\"og:site_name\" content=\"XIX SemeAd\" \/>\n<meta property=\"article:modified_time\" content=\"2016-07-01T17:21:54+00:00\" \/>\n<meta name=\"twitter:card\" content=\"summary_large_image\" \/>\n<meta name=\"twitter:label1\" content=\"Est. reading time\" \/>\n\t<meta name=\"twitter:data1\" content=\"2 minutes\" \/>\n<script type=\"application\/ld+json\" class=\"yoast-schema-graph\">{\"@context\":\"https:\/\/schema.org\",\"@graph\":[{\"@type\":\"WebPage\",\"@id\":\"https:\/\/semead.com.br\/19\/areas\/cientificas\/marketing-e-gestao\/\",\"url\":\"https:\/\/semead.com.br\/19\/areas\/cientificas\/marketing-e-gestao\/\",\"name\":\"Marketing e Gest\u00e3o - XIX SemeAd\",\"isPartOf\":{\"@id\":\"https:\/\/semead.com.br\/19\/#website\"},\"datePublished\":\"2016-05-16T21:14:24+00:00\",\"dateModified\":\"2016-07-01T17:21:54+00:00\",\"breadcrumb\":{\"@id\":\"https:\/\/semead.com.br\/19\/areas\/cientificas\/marketing-e-gestao\/#breadcrumb\"},\"inLanguage\":\"en-US\",\"potentialAction\":[{\"@type\":\"ReadAction\",\"target\":[\"https:\/\/semead.com.br\/19\/areas\/cientificas\/marketing-e-gestao\/\"]}]},{\"@type\":\"BreadcrumbList\",\"@id\":\"https:\/\/semead.com.br\/19\/areas\/cientificas\/marketing-e-gestao\/#breadcrumb\",\"itemListElement\":[{\"@type\":\"ListItem\",\"position\":1,\"name\":\"In\u00edcio\",\"item\":\"https:\/\/semead.com.br\/19\/\"},{\"@type\":\"ListItem\",\"position\":2,\"name\":\"\u00c1reas\",\"item\":\"https:\/\/semead.com.br\/19\/areas\/\"},{\"@type\":\"ListItem\",\"position\":3,\"name\":\"Cient\u00edficas\",\"item\":\"https:\/\/semead.com.br\/19\/areas\/cientificas\/\"},{\"@type\":\"ListItem\",\"position\":4,\"name\":\"Marketing e Gest\u00e3o\"}]},{\"@type\":\"WebSite\",\"@id\":\"https:\/\/semead.com.br\/19\/#website\",\"url\":\"https:\/\/semead.com.br\/19\/\",\"name\":\"XIX SemeAd\",\"description\":\"Semin\u00e1rios em Administra\u00e7\u00e3o\",\"potentialAction\":[{\"@type\":\"SearchAction\",\"target\":{\"@type\":\"EntryPoint\",\"urlTemplate\":\"https:\/\/semead.com.br\/19\/?s={search_term_string}\"},\"query-input\":{\"@type\":\"PropertyValueSpecification\",\"valueRequired\":true,\"valueName\":\"search_term_string\"}}],\"inLanguage\":\"en-US\"}]}<\/script>\n<!-- \/ Yoast SEO plugin. -->","yoast_head_json":{"title":"Marketing e Gest\u00e3o - XIX SemeAd","robots":{"index":"index","follow":"follow","max-snippet":"max-snippet:-1","max-image-preview":"max-image-preview:large","max-video-preview":"max-video-preview:-1"},"canonical":"https:\/\/semead.com.br\/19\/areas\/cientificas\/marketing-e-gestao\/","og_locale":"en_US","og_type":"article","og_title":"Marketing e Gest\u00e3o - XIX SemeAd","og_description":"Coordenador: Profa. Dra.\u00a0Thelma Val\u00e9ria Rocha &#8211; ESPM Temas e L\u00edderes: 1. Estrat\u00e9gias e Opera\u00e7\u00f5es de Marketing Estudos com m\u00e9todos cient\u00edficos sobre: Sistemas de informa\u00e7\u00f5es de marketing e ou sobre seus subsistemas, segmenta\u00e7\u00e3o de mercado, escolhas de segmentos de mercado, diferencia\u00e7\u00e3o de marketing, branding, posicionamento da marca, posicionamento de produto, temas relacionados a pre\u00e7o, distribui\u00e7\u00e3o, comunica\u00e7\u00e3o...","og_url":"https:\/\/semead.com.br\/19\/areas\/cientificas\/marketing-e-gestao\/","og_site_name":"XIX SemeAd","article_modified_time":"2016-07-01T17:21:54+00:00","twitter_card":"summary_large_image","twitter_misc":{"Est. reading time":"2 minutes"},"schema":{"@context":"https:\/\/schema.org","@graph":[{"@type":"WebPage","@id":"https:\/\/semead.com.br\/19\/areas\/cientificas\/marketing-e-gestao\/","url":"https:\/\/semead.com.br\/19\/areas\/cientificas\/marketing-e-gestao\/","name":"Marketing e Gest\u00e3o - XIX SemeAd","isPartOf":{"@id":"https:\/\/semead.com.br\/19\/#website"},"datePublished":"2016-05-16T21:14:24+00:00","dateModified":"2016-07-01T17:21:54+00:00","breadcrumb":{"@id":"https:\/\/semead.com.br\/19\/areas\/cientificas\/marketing-e-gestao\/#breadcrumb"},"inLanguage":"en-US","potentialAction":[{"@type":"ReadAction","target":["https:\/\/semead.com.br\/19\/areas\/cientificas\/marketing-e-gestao\/"]}]},{"@type":"BreadcrumbList","@id":"https:\/\/semead.com.br\/19\/areas\/cientificas\/marketing-e-gestao\/#breadcrumb","itemListElement":[{"@type":"ListItem","position":1,"name":"In\u00edcio","item":"https:\/\/semead.com.br\/19\/"},{"@type":"ListItem","position":2,"name":"\u00c1reas","item":"https:\/\/semead.com.br\/19\/areas\/"},{"@type":"ListItem","position":3,"name":"Cient\u00edficas","item":"https:\/\/semead.com.br\/19\/areas\/cientificas\/"},{"@type":"ListItem","position":4,"name":"Marketing e Gest\u00e3o"}]},{"@type":"WebSite","@id":"https:\/\/semead.com.br\/19\/#website","url":"https:\/\/semead.com.br\/19\/","name":"XIX SemeAd","description":"Semin\u00e1rios em Administra\u00e7\u00e3o","potentialAction":[{"@type":"SearchAction","target":{"@type":"EntryPoint","urlTemplate":"https:\/\/semead.com.br\/19\/?s={search_term_string}"},"query-input":{"@type":"PropertyValueSpecification","valueRequired":true,"valueName":"search_term_string"}}],"inLanguage":"en-US"}]}},"_links":{"self":[{"href":"https:\/\/semead.com.br\/19\/wp-json\/wp\/v2\/pages\/12630","targetHints":{"allow":["GET"]}}],"collection":[{"href":"https:\/\/semead.com.br\/19\/wp-json\/wp\/v2\/pages"}],"about":[{"href":"https:\/\/semead.com.br\/19\/wp-json\/wp\/v2\/types\/page"}],"author":[{"embeddable":true,"href":"https:\/\/semead.com.br\/19\/wp-json\/wp\/v2\/users\/1"}],"replies":[{"embeddable":true,"href":"https:\/\/semead.com.br\/19\/wp-json\/wp\/v2\/comments?post=12630"}],"version-history":[{"count":0,"href":"https:\/\/semead.com.br\/19\/wp-json\/wp\/v2\/pages\/12630\/revisions"}],"up":[{"embeddable":true,"href":"https:\/\/semead.com.br\/19\/wp-json\/wp\/v2\/pages\/9"}],"wp:attachment":[{"href":"https:\/\/semead.com.br\/19\/wp-json\/wp\/v2\/media?parent=12630"}],"curies":[{"name":"wp","href":"https:\/\/api.w.org\/{rel}","templated":true}]}}