{"id":13230,"date":"2016-11-08T13:09:21","date_gmt":"2016-11-08T15:09:21","guid":{"rendered":"https:\/\/semead.com.br\/19\/?page_id=13230"},"modified":"2016-11-11T09:45:32","modified_gmt":"2016-11-11T11:45:32","slug":"avaliadores-indicados-a-premio","status":"publish","type":"page","link":"https:\/\/semead.com.br\/19\/avaliadores-indicados-a-premio\/","title":{"rendered":"Avaliadores Indicados a Pr\u00eamio"},"content":{"rendered":"<p><b>Administra\u00e7\u00e3o P\u00fablica<\/b><\/p>\n<ul>\n<li><strong>Andr\u00e9 Lu\u00eds Janzkovski Cardoso &#8211;\u00a0Premiado<\/strong><\/li>\n<li>Antonio Carlos da Silva &#8211;\u00a0Men\u00e7\u00e3o Honrosa<\/li>\n<li>Maria Teresa Stefani &#8211;\u00a0Men\u00e7\u00e3o Honrosa<\/li>\n<\/ul>\n<p><b>Casos de Ensino<\/b><\/p>\n<ul>\n<li>Fabio Vinicius de Macedo Bergamo &#8211;\u00a0Men\u00e7\u00e3o Honrosa<\/li>\n<li><strong>Fabr\u00edcio Martins Lacerda &#8211;\u00a0Premiado<\/strong><\/li>\n<li>Luiz Henrique Mour\u00e3o Machado\u00a0&#8211;\u00a0Men\u00e7\u00e3o Honrosa<\/li>\n<\/ul>\n<p><strong>Empreendedorismo<\/strong><\/p>\n<ul>\n<li>Armindo dos Santos de Sousa Teod\u00f3sio\u00a0&#8211;\u00a0Men\u00e7\u00e3o Honrosa<\/li>\n<li>Fabiano Maury Raupp\u00a0&#8211;\u00a0Men\u00e7\u00e3o Honrosa<\/li>\n<li><strong>Viviane Celina Carmona &#8211;\u00a0Premiada<\/strong><\/li>\n<\/ul>\n<p><b>Ensino e Pesquisa em Administra\u00e7\u00e3o<\/b><\/p>\n<ul>\n<li>Alexandra Kruel\u00a0&#8211;\u00a0Men\u00e7\u00e3o Honrosa<\/li>\n<li>Sandra Rolim Ensslin\u00a0&#8211;\u00a0Men\u00e7\u00e3o Honrosa<\/li>\n<li><strong>Waldemar Hazoff Junior &#8211;\u00a0Premiado<\/strong><\/li>\n<\/ul>\n<p><b>Estrat\u00e9gia em Organiza\u00e7\u00f5es<\/b><\/p>\n<ul>\n<li>Deborah Kelly Nascimento Pessoa\u00a0&#8211;\u00a0Men\u00e7\u00e3o Honrosa<\/li>\n<li><strong>Greici Sarturi &#8211;\u00a0Premiada<\/strong><\/li>\n<li>Ros\u00e2ngela Sarmento Silva\u00a0&#8211;\u00a0Men\u00e7\u00e3o Honrosa<\/li>\n<\/ul>\n<p><b>Estudos Organizacionais<\/b><\/p>\n<ul>\n<li>Melissa Lucchi\u00a0&#8211;\u00a0Men\u00e7\u00e3o Honrosa<\/li>\n<li>Michel Mott Machado\u00a0&#8211;\u00a0Men\u00e7\u00e3o Honrosa<\/li>\n<li><strong>Pedro Jaime Coelho J\u00fanior &#8211;\u00a0Premiado<\/strong><\/li>\n<\/ul>\n<p><strong>Finan\u00e7as<\/strong><\/p>\n<ul>\n<li>Ana Cristina de Faria\u00a0&#8211;\u00a0Men\u00e7\u00e3o Honrosa<\/li>\n<li>Fernando Antonio Perrone Pinheiro\u00a0&#8211;\u00a0Men\u00e7\u00e3o Honrosa<\/li>\n<li><strong>Samuel de Paiva Naves Mamede &#8211;\u00a0Premiado<\/strong><\/li>\n<\/ul>\n<p><strong>Gest\u00e3o da Inova\u00e7\u00e3o<\/strong><\/p>\n<ul>\n<li><strong>Andr\u00e9 Yves Cribb &#8211;\u00a0Premiado<\/strong><\/li>\n<li>Glessia Silva\u00a0&#8211;\u00a0Men\u00e7\u00e3o Honrosa<\/li>\n<li>Mauricio Henrique Benedetti\u00a0&#8211;\u00a0Men\u00e7\u00e3o Honrosa<\/li>\n<\/ul>\n<p><strong>Gest\u00e3o de Pessoas\u00a0<\/strong><\/p>\n<ul>\n<li>Edgar Avila Gandra\u00a0&#8211;\u00a0Men\u00e7\u00e3o Honrosa<\/li>\n<li>Jana\u00edna Maria Bueno\u00a0&#8211;\u00a0Men\u00e7\u00e3o Honrosa<\/li>\n<li><strong>Wagner T. Cassimiro &#8211;\u00a0Premiado<\/strong><\/li>\n<\/ul>\n<p><strong>Gest\u00e3o Socioambiental\u00a0<\/strong><\/p>\n<ul>\n<li><strong>B\u00e1rbara Galleli &#8211; Premiada<\/strong><\/li>\n<li>Jackeline Lucas Souza\u00a0&#8211;\u00a0Men\u00e7\u00e3o Honrosa<\/li>\n<li>Maur\u00edcio Lamano Ferreira\u00a0&#8211;\u00a0Men\u00e7\u00e3o Honrosa<\/li>\n<\/ul>\n<p><strong>Marketing e Comportamento do Consumidor\u00a0<\/strong><\/p>\n<ul>\n<li><strong>Gustavo Tomaz de Almeida &#8211;\u00a0Premiado<\/strong><\/li>\n<li>Juliana Del Secchi\u00a0&#8211;\u00a0Men\u00e7\u00e3o Honrosa<\/li>\n<li>Tatiane Nunes Viana de Almeida\u00a0&#8211;\u00a0Men\u00e7\u00e3o Honrosa<\/li>\n<\/ul>\n<p><strong>Marketing e Gest\u00e3o\u00a0<\/strong><\/p>\n<ul>\n<li>Andr\u00e9 Luiz B da Silva\u00a0&#8211;\u00a0Men\u00e7\u00e3o Honrosa<\/li>\n<li><strong>Frederico Vidigal &#8211;\u00a0Premiado<\/strong><\/li>\n<li>Rafaela Almeida Cordeiro\u00a0&#8211;\u00a0Men\u00e7\u00e3o Honrosa<\/li>\n<\/ul>\n<p><strong>Opera\u00e7\u00f5es<\/strong><\/p>\n<ul>\n<li>Claudio Brunoro\u00a0&#8211;\u00a0Men\u00e7\u00e3o Honrosa<\/li>\n<li><strong>Ernesto Michelangelo Giglio &#8211;\u00a0Premiado<\/strong><\/li>\n<li>Homero Jorge Mazzola\u00a0&#8211;\u00a0Men\u00e7\u00e3o Honrosa<\/li>\n<\/ul>\n<p><b>Tecnologia da Informa\u00e7\u00e3o<\/b><\/p>\n<ul>\n<li>Adrianne Paula Vieira de Andrade\u00a0&#8211;\u00a0Men\u00e7\u00e3o Honrosa<\/li>\n<li>Jos\u00e9 Osvaldo De Sordi\u00a0&#8211;\u00a0Men\u00e7\u00e3o Honrosa<\/li>\n<li><strong>Marcelo Henrique de Araujo &#8211;\u00a0Premiado<\/strong><\/li>\n<\/ul>\n<p><strong>Tecnol\u00f3gica<\/strong><\/p>\n<ul>\n<li>Ana Maria Crepaldi\u00a0&#8211;\u00a0Men\u00e7\u00e3o Honrosa<\/li>\n<li>Leo Raifur\u00a0&#8211;\u00a0Men\u00e7\u00e3o Honrosa<\/li>\n<li><strong>Natan de Souza Marques &#8211;\u00a0Premiado<\/strong><\/li>\n<\/ul>\n<p><b>Turismo e Hospitalidade<\/b><\/p>\n<ul>\n<li><strong>Andr\u00e9 Falc\u00e3o Dur\u00e3o &#8211;\u00a0Premiado<\/strong><\/li>\n<li>Carlos Alberto Alves\u00a0&#8211;\u00a0Men\u00e7\u00e3o Honrosa<\/li>\n<li>S\u00e9rgio Lu\u00eds Ign\u00e1cio de Oliveira\u00a0&#8211;\u00a0Men\u00e7\u00e3o Honrosa<\/li>\n<\/ul>\n<p>&nbsp;<\/p>\n","protected":false},"excerpt":{"rendered":"<p>Administra\u00e7\u00e3o P\u00fablica Andr\u00e9 Lu\u00eds Janzkovski Cardoso &#8211;\u00a0Premiado Antonio Carlos da Silva &#8211;\u00a0Men\u00e7\u00e3o Honrosa Maria Teresa Stefani &#8211;\u00a0Men\u00e7\u00e3o Honrosa Casos de Ensino Fabio Vinicius de Macedo Bergamo &#8211;\u00a0Men\u00e7\u00e3o Honrosa Fabr\u00edcio Martins Lacerda &#8211;\u00a0Premiado Luiz Henrique Mour\u00e3o Machado\u00a0&#8211;\u00a0Men\u00e7\u00e3o Honrosa Empreendedorismo Armindo dos Santos de Sousa Teod\u00f3sio\u00a0&#8211;\u00a0Men\u00e7\u00e3o Honrosa Fabiano Maury Raupp\u00a0&#8211;\u00a0Men\u00e7\u00e3o Honrosa Viviane Celina Carmona &#8211;\u00a0Premiada Ensino e&#8230;<\/p>\n","protected":false},"author":4,"featured_media":0,"parent":0,"menu_order":0,"comment_status":"closed","ping_status":"closed","template":"","meta":{"_acf_changed":false,"_monsterinsights_skip_tracking":false,"_monsterinsights_sitenote_active":false,"_monsterinsights_sitenote_note":"","_monsterinsights_sitenote_category":0,"footnotes":""},"class_list":["post-13230","page","type-page","status-publish","hentry"],"acf":[],"yoast_head":"<!-- This site is optimized with the Yoast SEO plugin v27.1.1 - https:\/\/yoast.com\/product\/yoast-seo-wordpress\/ -->\n<title>Avaliadores Indicados a Pr\u00eamio - XIX SemeAd<\/title>\n<meta name=\"robots\" content=\"index, follow, max-snippet:-1, max-image-preview:large, max-video-preview:-1\" \/>\n<link rel=\"canonical\" href=\"https:\/\/semead.com.br\/19\/avaliadores-indicados-a-premio\/\" \/>\n<meta property=\"og:locale\" content=\"en_US\" \/>\n<meta property=\"og:type\" content=\"article\" \/>\n<meta property=\"og:title\" content=\"Avaliadores Indicados a Pr\u00eamio - XIX SemeAd\" \/>\n<meta property=\"og:description\" content=\"Administra\u00e7\u00e3o P\u00fablica Andr\u00e9 Lu\u00eds Janzkovski Cardoso &#8211;\u00a0Premiado Antonio Carlos da Silva &#8211;\u00a0Men\u00e7\u00e3o Honrosa Maria Teresa Stefani &#8211;\u00a0Men\u00e7\u00e3o Honrosa Casos de Ensino Fabio Vinicius de Macedo Bergamo &#8211;\u00a0Men\u00e7\u00e3o Honrosa Fabr\u00edcio Martins Lacerda &#8211;\u00a0Premiado Luiz Henrique Mour\u00e3o Machado\u00a0&#8211;\u00a0Men\u00e7\u00e3o Honrosa Empreendedorismo Armindo dos Santos de Sousa Teod\u00f3sio\u00a0&#8211;\u00a0Men\u00e7\u00e3o Honrosa Fabiano Maury Raupp\u00a0&#8211;\u00a0Men\u00e7\u00e3o Honrosa Viviane Celina Carmona &#8211;\u00a0Premiada Ensino e...\" \/>\n<meta property=\"og:url\" content=\"https:\/\/semead.com.br\/19\/avaliadores-indicados-a-premio\/\" \/>\n<meta property=\"og:site_name\" content=\"XIX SemeAd\" \/>\n<meta property=\"article:modified_time\" content=\"2016-11-11T11:45:32+00:00\" \/>\n<meta name=\"twitter:card\" content=\"summary_large_image\" \/>\n<meta name=\"twitter:label1\" content=\"Est. reading time\" \/>\n\t<meta name=\"twitter:data1\" content=\"2 minutes\" \/>\n<script type=\"application\/ld+json\" class=\"yoast-schema-graph\">{\"@context\":\"https:\/\/schema.org\",\"@graph\":[{\"@type\":\"WebPage\",\"@id\":\"https:\/\/semead.com.br\/19\/avaliadores-indicados-a-premio\/\",\"url\":\"https:\/\/semead.com.br\/19\/avaliadores-indicados-a-premio\/\",\"name\":\"Avaliadores Indicados a Pr\u00eamio - XIX SemeAd\",\"isPartOf\":{\"@id\":\"https:\/\/semead.com.br\/19\/#website\"},\"datePublished\":\"2016-11-08T15:09:21+00:00\",\"dateModified\":\"2016-11-11T11:45:32+00:00\",\"breadcrumb\":{\"@id\":\"https:\/\/semead.com.br\/19\/avaliadores-indicados-a-premio\/#breadcrumb\"},\"inLanguage\":\"en-US\",\"potentialAction\":[{\"@type\":\"ReadAction\",\"target\":[\"https:\/\/semead.com.br\/19\/avaliadores-indicados-a-premio\/\"]}]},{\"@type\":\"BreadcrumbList\",\"@id\":\"https:\/\/semead.com.br\/19\/avaliadores-indicados-a-premio\/#breadcrumb\",\"itemListElement\":[{\"@type\":\"ListItem\",\"position\":1,\"name\":\"In\u00edcio\",\"item\":\"https:\/\/semead.com.br\/19\/\"},{\"@type\":\"ListItem\",\"position\":2,\"name\":\"Avaliadores Indicados a Pr\u00eamio\"}]},{\"@type\":\"WebSite\",\"@id\":\"https:\/\/semead.com.br\/19\/#website\",\"url\":\"https:\/\/semead.com.br\/19\/\",\"name\":\"XIX SemeAd\",\"description\":\"Semin\u00e1rios em Administra\u00e7\u00e3o\",\"potentialAction\":[{\"@type\":\"SearchAction\",\"target\":{\"@type\":\"EntryPoint\",\"urlTemplate\":\"https:\/\/semead.com.br\/19\/?s={search_term_string}\"},\"query-input\":{\"@type\":\"PropertyValueSpecification\",\"valueRequired\":true,\"valueName\":\"search_term_string\"}}],\"inLanguage\":\"en-US\"}]}<\/script>\n<!-- \/ Yoast SEO plugin. -->","yoast_head_json":{"title":"Avaliadores Indicados a Pr\u00eamio - XIX SemeAd","robots":{"index":"index","follow":"follow","max-snippet":"max-snippet:-1","max-image-preview":"max-image-preview:large","max-video-preview":"max-video-preview:-1"},"canonical":"https:\/\/semead.com.br\/19\/avaliadores-indicados-a-premio\/","og_locale":"en_US","og_type":"article","og_title":"Avaliadores Indicados a Pr\u00eamio - XIX SemeAd","og_description":"Administra\u00e7\u00e3o P\u00fablica Andr\u00e9 Lu\u00eds Janzkovski Cardoso &#8211;\u00a0Premiado Antonio Carlos da Silva &#8211;\u00a0Men\u00e7\u00e3o Honrosa Maria Teresa Stefani &#8211;\u00a0Men\u00e7\u00e3o Honrosa Casos de Ensino Fabio Vinicius de Macedo Bergamo &#8211;\u00a0Men\u00e7\u00e3o Honrosa Fabr\u00edcio Martins Lacerda &#8211;\u00a0Premiado Luiz Henrique Mour\u00e3o Machado\u00a0&#8211;\u00a0Men\u00e7\u00e3o Honrosa Empreendedorismo Armindo dos Santos de Sousa Teod\u00f3sio\u00a0&#8211;\u00a0Men\u00e7\u00e3o Honrosa Fabiano Maury Raupp\u00a0&#8211;\u00a0Men\u00e7\u00e3o Honrosa Viviane Celina Carmona &#8211;\u00a0Premiada Ensino e...","og_url":"https:\/\/semead.com.br\/19\/avaliadores-indicados-a-premio\/","og_site_name":"XIX SemeAd","article_modified_time":"2016-11-11T11:45:32+00:00","twitter_card":"summary_large_image","twitter_misc":{"Est. reading time":"2 minutes"},"schema":{"@context":"https:\/\/schema.org","@graph":[{"@type":"WebPage","@id":"https:\/\/semead.com.br\/19\/avaliadores-indicados-a-premio\/","url":"https:\/\/semead.com.br\/19\/avaliadores-indicados-a-premio\/","name":"Avaliadores Indicados a Pr\u00eamio - XIX SemeAd","isPartOf":{"@id":"https:\/\/semead.com.br\/19\/#website"},"datePublished":"2016-11-08T15:09:21+00:00","dateModified":"2016-11-11T11:45:32+00:00","breadcrumb":{"@id":"https:\/\/semead.com.br\/19\/avaliadores-indicados-a-premio\/#breadcrumb"},"inLanguage":"en-US","potentialAction":[{"@type":"ReadAction","target":["https:\/\/semead.com.br\/19\/avaliadores-indicados-a-premio\/"]}]},{"@type":"BreadcrumbList","@id":"https:\/\/semead.com.br\/19\/avaliadores-indicados-a-premio\/#breadcrumb","itemListElement":[{"@type":"ListItem","position":1,"name":"In\u00edcio","item":"https:\/\/semead.com.br\/19\/"},{"@type":"ListItem","position":2,"name":"Avaliadores Indicados a Pr\u00eamio"}]},{"@type":"WebSite","@id":"https:\/\/semead.com.br\/19\/#website","url":"https:\/\/semead.com.br\/19\/","name":"XIX SemeAd","description":"Semin\u00e1rios em Administra\u00e7\u00e3o","potentialAction":[{"@type":"SearchAction","target":{"@type":"EntryPoint","urlTemplate":"https:\/\/semead.com.br\/19\/?s={search_term_string}"},"query-input":{"@type":"PropertyValueSpecification","valueRequired":true,"valueName":"search_term_string"}}],"inLanguage":"en-US"}]}},"_links":{"self":[{"href":"https:\/\/semead.com.br\/19\/wp-json\/wp\/v2\/pages\/13230","targetHints":{"allow":["GET"]}}],"collection":[{"href":"https:\/\/semead.com.br\/19\/wp-json\/wp\/v2\/pages"}],"about":[{"href":"https:\/\/semead.com.br\/19\/wp-json\/wp\/v2\/types\/page"}],"author":[{"embeddable":true,"href":"https:\/\/semead.com.br\/19\/wp-json\/wp\/v2\/users\/4"}],"replies":[{"embeddable":true,"href":"https:\/\/semead.com.br\/19\/wp-json\/wp\/v2\/comments?post=13230"}],"version-history":[{"count":0,"href":"https:\/\/semead.com.br\/19\/wp-json\/wp\/v2\/pages\/13230\/revisions"}],"wp:attachment":[{"href":"https:\/\/semead.com.br\/19\/wp-json\/wp\/v2\/media?parent=13230"}],"curies":[{"name":"wp","href":"https:\/\/api.w.org\/{rel}","templated":true}]}}