{"id":13241,"date":"2016-11-10T12:12:32","date_gmt":"2016-11-10T14:12:32","guid":{"rendered":"https:\/\/semead.com.br\/19\/?page_id=13241"},"modified":"2016-11-11T12:30:37","modified_gmt":"2016-11-11T14:30:37","slug":"projetos-do-consorcio-doutoral-indicados-a-premio","status":"publish","type":"page","link":"https:\/\/semead.com.br\/19\/projetos-do-consorcio-doutoral-indicados-a-premio\/","title":{"rendered":"Projetos do Cons\u00f3rcio Doutoral indicados a pr\u00eamio"},"content":{"rendered":"<p><strong>Indicados ao pr\u00eamio de melhor projeto do Cons\u00f3rcio Doutoral do XIX SemeAd:<\/strong><br \/>\n[symple_box color=&#8221;yellow&#8221; fade_in=&#8221;false&#8221; float=&#8221;center&#8221; text_align=&#8221;left&#8221; width=&#8221;&#8221;]<\/p>\n<ul>\n<li><strong>Trabalho Premiado<\/strong><\/li>\n<li>DESENVOLVIMENTO REGIONAL, GOVERNAN\u00c7A E TURISMO NA REGI\u00c3O DO CAMPO DAS VERTENTES: an\u00e1lise de tr\u00eas munic\u00edpios da Estrada Real<br \/>\nDOUTORANDO: THIAGO DE SOUZA SANTOS &#8211; USCS<br \/>\nORIENTADOR: RAQUEL DA SILVA PEREIRA &#8211; USCS<\/li>\n<\/ul>\n<p>[\/symple_box]<br \/>\n[symple_box color=&#8221;blue&#8221; fade_in=&#8221;false&#8221; float=&#8221;center&#8221; text_align=&#8221;left&#8221; width=&#8221;&#8221;]<\/p>\n<ul>\n<li><strong>Men\u00e7\u00e3o Honrosa<\/strong><\/li>\n<li>COMUNALIDADE NA LIQUIDEZ: EVID\u00caNCIAS, DETERMINANTES E IMPLICA\u00c7\u00d5ES NO MERCADO ACION\u00c1RIO BRASILEIRO<br \/>\nDOUTORANDO: CLAUDIO PILAR DA SILVA JUNIOR &#8211; UFS<br \/>\nORIENTADOR: MARCIO ANDRE VERAS MACHADO &#8211; UFPB<\/li>\n<\/ul>\n<p>[\/symple_box]<br \/>\n[symple_box color=&#8221;blue&#8221; fade_in=&#8221;false&#8221; float=&#8221;center&#8221; text_align=&#8221;left&#8221; width=&#8221;&#8221;]<\/p>\n<ul>\n<li><strong>Men\u00e7\u00e3o Honrosa<\/strong><\/li>\n<li>SINERGIA NA CRIA\u00c7\u00c3O DE VALOR PARA STAKEHOLDERS E O DESEMPENHO ORGANIZACIONAL<br \/>\nDOUTORANDA: SIMONE RUCHDI BARAKAT &#8211; FEAUSP<br \/>\nORIENTADOR \u2013 JO\u00c3O MAUR\u00cdCIO GAMA BOAVENTURA \u2013 FEA-USP<\/li>\n<\/ul>\n<p>[\/symple_box]<\/p>\n","protected":false},"excerpt":{"rendered":"<p>Indicados ao pr\u00eamio de melhor projeto do Cons\u00f3rcio Doutoral do XIX SemeAd: [symple_box color=&#8221;yellow&#8221; fade_in=&#8221;false&#8221; float=&#8221;center&#8221; text_align=&#8221;left&#8221; width=&#8221;&#8221;] Trabalho Premiado DESENVOLVIMENTO REGIONAL, GOVERNAN\u00c7A E TURISMO NA REGI\u00c3O DO CAMPO DAS VERTENTES: an\u00e1lise de tr\u00eas munic\u00edpios da Estrada Real DOUTORANDO: THIAGO DE SOUZA SANTOS &#8211; USCS ORIENTADOR: RAQUEL DA SILVA PEREIRA &#8211; USCS [\/symple_box] [symple_box color=&#8221;blue&#8221;&#8230;<\/p>\n","protected":false},"author":4,"featured_media":0,"parent":0,"menu_order":0,"comment_status":"closed","ping_status":"closed","template":"","meta":{"_acf_changed":false,"_monsterinsights_skip_tracking":false,"_monsterinsights_sitenote_active":false,"_monsterinsights_sitenote_note":"","_monsterinsights_sitenote_category":0,"footnotes":""},"class_list":["post-13241","page","type-page","status-publish","hentry"],"acf":[],"yoast_head":"<!-- This site is optimized with the Yoast SEO plugin v27.1.1 - https:\/\/yoast.com\/product\/yoast-seo-wordpress\/ -->\n<title>Projetos do Cons\u00f3rcio Doutoral indicados a pr\u00eamio - XIX SemeAd<\/title>\n<meta name=\"robots\" content=\"index, follow, max-snippet:-1, max-image-preview:large, max-video-preview:-1\" \/>\n<link rel=\"canonical\" href=\"https:\/\/semead.com.br\/19\/projetos-do-consorcio-doutoral-indicados-a-premio\/\" \/>\n<meta property=\"og:locale\" content=\"en_US\" \/>\n<meta property=\"og:type\" content=\"article\" \/>\n<meta property=\"og:title\" content=\"Projetos do Cons\u00f3rcio Doutoral indicados a pr\u00eamio - XIX SemeAd\" \/>\n<meta property=\"og:description\" content=\"Indicados ao pr\u00eamio de melhor projeto do Cons\u00f3rcio Doutoral do XIX SemeAd: [symple_box color=&#8221;yellow&#8221; fade_in=&#8221;false&#8221; float=&#8221;center&#8221; text_align=&#8221;left&#8221; width=&#8221;&#8221;] Trabalho Premiado DESENVOLVIMENTO REGIONAL, GOVERNAN\u00c7A E TURISMO NA REGI\u00c3O DO CAMPO DAS VERTENTES: an\u00e1lise de tr\u00eas munic\u00edpios da Estrada Real DOUTORANDO: THIAGO DE SOUZA SANTOS &#8211; USCS ORIENTADOR: RAQUEL DA SILVA PEREIRA &#8211; USCS [\/symple_box] [symple_box color=&#8221;blue&#8221;...\" \/>\n<meta property=\"og:url\" content=\"https:\/\/semead.com.br\/19\/projetos-do-consorcio-doutoral-indicados-a-premio\/\" \/>\n<meta property=\"og:site_name\" content=\"XIX SemeAd\" \/>\n<meta property=\"article:modified_time\" content=\"2016-11-11T14:30:37+00:00\" \/>\n<meta name=\"twitter:card\" content=\"summary_large_image\" \/>\n<meta name=\"twitter:label1\" content=\"Est. reading time\" \/>\n\t<meta name=\"twitter:data1\" content=\"1 minute\" \/>\n<script type=\"application\/ld+json\" class=\"yoast-schema-graph\">{\"@context\":\"https:\/\/schema.org\",\"@graph\":[{\"@type\":\"WebPage\",\"@id\":\"https:\/\/semead.com.br\/19\/projetos-do-consorcio-doutoral-indicados-a-premio\/\",\"url\":\"https:\/\/semead.com.br\/19\/projetos-do-consorcio-doutoral-indicados-a-premio\/\",\"name\":\"Projetos do Cons\u00f3rcio Doutoral indicados a pr\u00eamio - XIX SemeAd\",\"isPartOf\":{\"@id\":\"https:\/\/semead.com.br\/19\/#website\"},\"datePublished\":\"2016-11-10T14:12:32+00:00\",\"dateModified\":\"2016-11-11T14:30:37+00:00\",\"breadcrumb\":{\"@id\":\"https:\/\/semead.com.br\/19\/projetos-do-consorcio-doutoral-indicados-a-premio\/#breadcrumb\"},\"inLanguage\":\"en-US\",\"potentialAction\":[{\"@type\":\"ReadAction\",\"target\":[\"https:\/\/semead.com.br\/19\/projetos-do-consorcio-doutoral-indicados-a-premio\/\"]}]},{\"@type\":\"BreadcrumbList\",\"@id\":\"https:\/\/semead.com.br\/19\/projetos-do-consorcio-doutoral-indicados-a-premio\/#breadcrumb\",\"itemListElement\":[{\"@type\":\"ListItem\",\"position\":1,\"name\":\"In\u00edcio\",\"item\":\"https:\/\/semead.com.br\/19\/\"},{\"@type\":\"ListItem\",\"position\":2,\"name\":\"Projetos do Cons\u00f3rcio Doutoral indicados a pr\u00eamio\"}]},{\"@type\":\"WebSite\",\"@id\":\"https:\/\/semead.com.br\/19\/#website\",\"url\":\"https:\/\/semead.com.br\/19\/\",\"name\":\"XIX SemeAd\",\"description\":\"Semin\u00e1rios em Administra\u00e7\u00e3o\",\"potentialAction\":[{\"@type\":\"SearchAction\",\"target\":{\"@type\":\"EntryPoint\",\"urlTemplate\":\"https:\/\/semead.com.br\/19\/?s={search_term_string}\"},\"query-input\":{\"@type\":\"PropertyValueSpecification\",\"valueRequired\":true,\"valueName\":\"search_term_string\"}}],\"inLanguage\":\"en-US\"}]}<\/script>\n<!-- \/ Yoast SEO plugin. -->","yoast_head_json":{"title":"Projetos do Cons\u00f3rcio Doutoral indicados a pr\u00eamio - XIX SemeAd","robots":{"index":"index","follow":"follow","max-snippet":"max-snippet:-1","max-image-preview":"max-image-preview:large","max-video-preview":"max-video-preview:-1"},"canonical":"https:\/\/semead.com.br\/19\/projetos-do-consorcio-doutoral-indicados-a-premio\/","og_locale":"en_US","og_type":"article","og_title":"Projetos do Cons\u00f3rcio Doutoral indicados a pr\u00eamio - XIX SemeAd","og_description":"Indicados ao pr\u00eamio de melhor projeto do Cons\u00f3rcio Doutoral do XIX SemeAd: [symple_box color=&#8221;yellow&#8221; fade_in=&#8221;false&#8221; float=&#8221;center&#8221; text_align=&#8221;left&#8221; width=&#8221;&#8221;] Trabalho Premiado DESENVOLVIMENTO REGIONAL, GOVERNAN\u00c7A E TURISMO NA REGI\u00c3O DO CAMPO DAS VERTENTES: an\u00e1lise de tr\u00eas munic\u00edpios da Estrada Real DOUTORANDO: THIAGO DE SOUZA SANTOS &#8211; USCS ORIENTADOR: RAQUEL DA SILVA PEREIRA &#8211; USCS [\/symple_box] [symple_box color=&#8221;blue&#8221;...","og_url":"https:\/\/semead.com.br\/19\/projetos-do-consorcio-doutoral-indicados-a-premio\/","og_site_name":"XIX SemeAd","article_modified_time":"2016-11-11T14:30:37+00:00","twitter_card":"summary_large_image","twitter_misc":{"Est. reading time":"1 minute"},"schema":{"@context":"https:\/\/schema.org","@graph":[{"@type":"WebPage","@id":"https:\/\/semead.com.br\/19\/projetos-do-consorcio-doutoral-indicados-a-premio\/","url":"https:\/\/semead.com.br\/19\/projetos-do-consorcio-doutoral-indicados-a-premio\/","name":"Projetos do Cons\u00f3rcio Doutoral indicados a pr\u00eamio - XIX SemeAd","isPartOf":{"@id":"https:\/\/semead.com.br\/19\/#website"},"datePublished":"2016-11-10T14:12:32+00:00","dateModified":"2016-11-11T14:30:37+00:00","breadcrumb":{"@id":"https:\/\/semead.com.br\/19\/projetos-do-consorcio-doutoral-indicados-a-premio\/#breadcrumb"},"inLanguage":"en-US","potentialAction":[{"@type":"ReadAction","target":["https:\/\/semead.com.br\/19\/projetos-do-consorcio-doutoral-indicados-a-premio\/"]}]},{"@type":"BreadcrumbList","@id":"https:\/\/semead.com.br\/19\/projetos-do-consorcio-doutoral-indicados-a-premio\/#breadcrumb","itemListElement":[{"@type":"ListItem","position":1,"name":"In\u00edcio","item":"https:\/\/semead.com.br\/19\/"},{"@type":"ListItem","position":2,"name":"Projetos do Cons\u00f3rcio Doutoral indicados a pr\u00eamio"}]},{"@type":"WebSite","@id":"https:\/\/semead.com.br\/19\/#website","url":"https:\/\/semead.com.br\/19\/","name":"XIX SemeAd","description":"Semin\u00e1rios em Administra\u00e7\u00e3o","potentialAction":[{"@type":"SearchAction","target":{"@type":"EntryPoint","urlTemplate":"https:\/\/semead.com.br\/19\/?s={search_term_string}"},"query-input":{"@type":"PropertyValueSpecification","valueRequired":true,"valueName":"search_term_string"}}],"inLanguage":"en-US"}]}},"_links":{"self":[{"href":"https:\/\/semead.com.br\/19\/wp-json\/wp\/v2\/pages\/13241","targetHints":{"allow":["GET"]}}],"collection":[{"href":"https:\/\/semead.com.br\/19\/wp-json\/wp\/v2\/pages"}],"about":[{"href":"https:\/\/semead.com.br\/19\/wp-json\/wp\/v2\/types\/page"}],"author":[{"embeddable":true,"href":"https:\/\/semead.com.br\/19\/wp-json\/wp\/v2\/users\/4"}],"replies":[{"embeddable":true,"href":"https:\/\/semead.com.br\/19\/wp-json\/wp\/v2\/comments?post=13241"}],"version-history":[{"count":0,"href":"https:\/\/semead.com.br\/19\/wp-json\/wp\/v2\/pages\/13241\/revisions"}],"wp:attachment":[{"href":"https:\/\/semead.com.br\/19\/wp-json\/wp\/v2\/media?parent=13241"}],"curies":[{"name":"wp","href":"https:\/\/api.w.org\/{rel}","templated":true}]}}