{"id":17,"date":"2013-04-26T00:13:09","date_gmt":"2013-04-26T00:13:09","guid":{"rendered":"http:\/\/semead.com.br\/?page_id=17"},"modified":"2016-07-12T18:17:45","modified_gmt":"2016-07-12T21:17:45","slug":"marketing-e-comportamento-do-consumidor","status":"publish","type":"page","link":"https:\/\/semead.com.br\/19\/areas\/cientificas\/marketing-e-comportamento-do-consumidor\/","title":{"rendered":"Marketing e Comportamento do Consumidor"},"content":{"rendered":"<p><span style=\"font-size: medium;\"><strong>Coordenador: Prof. Dr. Guilherme de Farias Shiraishi &#8211; FEA USP<\/strong><\/span><\/p>\n<p><b>Temas e L\u00edderes:<\/b><\/p>\n<p><strong>1. Comportamento do Consumidor &#8211; Estudos Descritivos Quantitativos<\/strong><\/p>\n<p style=\"padding-left: 30px;\">Estudos longitudinais, estudos transversais, estudos descritivos simples, estudos univariados, estudos multivariados (todos os temas devem ser realizados nas \u00e1reas de comportamento do consumidor ou comprador organizacional).<\/p>\n<p style=\"padding-left: 30px;\"><em>Prof. Dr. Josmar Andrade &#8211; EACH USP e\u00a0Profa. Dra.\u00a0Alda Rosana Duarte de Almeida &#8211; ECO UFRJ<\/em><\/p>\n<p><strong>2. Comportamento do Consumidor &#8211; Estudos Qualitativos\u00a0Dedutivos<\/strong><\/p>\n<p style=\"padding-left: 30px;\">Estudos predominantes dedutivos de caso baseado em Robert Yin e ou Robert Stake, Estudos predominantes dedutivos baseados em ci\u00eancias sociais como etnologia, antropologia e sociologia, estudos predominantes dedutivos baseados em premissas fenomenol\u00f3gicas, estudos predominantes dedutivos baseados em realidades de imagin\u00e1rio, estudos predominantes dedutivos com t\u00e9cnicas de an\u00e1lise de conte\u00fado de Bardin, Laddering, Ground Theory etc. (todos os temas devem ser realizados nas \u00e1reas de comportamento do consumidor ou comprador organizacional).<\/p>\n<p style=\"padding-left: 30px;\"><em>Profa. Dra. Suzane Strehlau\u00a0&#8211; ESPM<\/em><\/p>\n<p><strong>3. Comportamento do Consumidor &#8211; Estudos Qualitativos Indutivos<\/strong><\/p>\n<p style=\"padding-left: 30px;\">Estudos predominantes indutivos de caso baseado em Robert Yin e ou Robert Stake, Estudos predominantes indutivos baseados em ci\u00eancias sociais como etnologia, antropologia e sociologia, estudos predominantes indutivos baseados em premissas fenomenol\u00f3gicas, estudos predominantes indutivos baseados em realidades de imagin\u00e1rio, estudos predominantes indutivos com t\u00e9cnicas de an\u00e1lise de conte\u00fado de Bardin, Laddering, Ground Theory etc. (todos os temas devem ser realizados nas \u00e1reas de comportamento do consumidor ou comprador organizacional).<\/p>\n<p style=\"padding-left: 30px;\"><em>Prof. Dr.\u00a0 Marcelo de Rezende Pinto &#8211; PUC Minas<\/em><\/p>\n<p><strong>4. Comportamento do Consumidor &#8211; Experimentos Quantitativos<\/strong><\/p>\n<p style=\"padding-left: 30px; text-align: justify;\">Projetos pr\u00e9-experimentais, projetos experimentais verdadeiros, projetos quase-experimentais (todos os temas devem ser realizados nas \u00e1reas de comportamento do consumidor ou comprador organizacional).<\/p>\n<p style=\"padding-left: 30px; text-align: justify;\"><em>Prof. Dr. Dirceu da Silva &#8211; Uninove<\/em><\/p>\n<p style=\"padding-left: 30px; text-align: justify;\">\n","protected":false},"excerpt":{"rendered":"<p>Coordenador: Prof. Dr. Guilherme de Farias Shiraishi &#8211; FEA USP Temas e L\u00edderes: 1. Comportamento do Consumidor &#8211; Estudos Descritivos Quantitativos Estudos longitudinais, estudos transversais, estudos descritivos simples, estudos univariados, estudos multivariados (todos os temas devem ser realizados nas \u00e1reas de comportamento do consumidor ou comprador organizacional). Prof. Dr. Josmar Andrade &#8211; EACH USP e\u00a0Profa&#8230;.<\/p>\n","protected":false},"author":1,"featured_media":0,"parent":9,"menu_order":80,"comment_status":"open","ping_status":"closed","template":"","meta":{"_acf_changed":false,"_monsterinsights_skip_tracking":false,"_monsterinsights_sitenote_active":false,"_monsterinsights_sitenote_note":"","_monsterinsights_sitenote_category":0,"footnotes":""},"class_list":["post-17","page","type-page","status-publish","hentry"],"acf":[],"yoast_head":"<!-- This site is optimized with the Yoast SEO plugin v27.1.1 - https:\/\/yoast.com\/product\/yoast-seo-wordpress\/ -->\n<title>Marketing e Comportamento do Consumidor - XIX SemeAd<\/title>\n<meta name=\"robots\" content=\"index, follow, max-snippet:-1, max-image-preview:large, max-video-preview:-1\" \/>\n<link rel=\"canonical\" href=\"https:\/\/semead.com.br\/19\/areas\/cientificas\/marketing-e-comportamento-do-consumidor\/\" \/>\n<meta property=\"og:locale\" content=\"en_US\" \/>\n<meta property=\"og:type\" content=\"article\" \/>\n<meta property=\"og:title\" content=\"Marketing e Comportamento do Consumidor - XIX SemeAd\" \/>\n<meta property=\"og:description\" content=\"Coordenador: Prof. Dr. Guilherme de Farias Shiraishi &#8211; FEA USP Temas e L\u00edderes: 1. Comportamento do Consumidor &#8211; Estudos Descritivos Quantitativos Estudos longitudinais, estudos transversais, estudos descritivos simples, estudos univariados, estudos multivariados (todos os temas devem ser realizados nas \u00e1reas de comportamento do consumidor ou comprador organizacional). Prof. Dr. Josmar Andrade &#8211; EACH USP e\u00a0Profa....\" \/>\n<meta property=\"og:url\" content=\"https:\/\/semead.com.br\/19\/areas\/cientificas\/marketing-e-comportamento-do-consumidor\/\" \/>\n<meta property=\"og:site_name\" content=\"XIX SemeAd\" \/>\n<meta property=\"article:modified_time\" content=\"2016-07-12T21:17:45+00:00\" \/>\n<meta name=\"twitter:card\" content=\"summary_large_image\" \/>\n<meta name=\"twitter:label1\" content=\"Est. reading time\" \/>\n\t<meta name=\"twitter:data1\" content=\"1 minute\" \/>\n<script type=\"application\/ld+json\" class=\"yoast-schema-graph\">{\"@context\":\"https:\/\/schema.org\",\"@graph\":[{\"@type\":\"WebPage\",\"@id\":\"https:\/\/semead.com.br\/19\/areas\/cientificas\/marketing-e-comportamento-do-consumidor\/\",\"url\":\"https:\/\/semead.com.br\/19\/areas\/cientificas\/marketing-e-comportamento-do-consumidor\/\",\"name\":\"Marketing e Comportamento do Consumidor - XIX SemeAd\",\"isPartOf\":{\"@id\":\"https:\/\/semead.com.br\/19\/#website\"},\"datePublished\":\"2013-04-26T00:13:09+00:00\",\"dateModified\":\"2016-07-12T21:17:45+00:00\",\"breadcrumb\":{\"@id\":\"https:\/\/semead.com.br\/19\/areas\/cientificas\/marketing-e-comportamento-do-consumidor\/#breadcrumb\"},\"inLanguage\":\"en-US\",\"potentialAction\":[{\"@type\":\"ReadAction\",\"target\":[\"https:\/\/semead.com.br\/19\/areas\/cientificas\/marketing-e-comportamento-do-consumidor\/\"]}]},{\"@type\":\"BreadcrumbList\",\"@id\":\"https:\/\/semead.com.br\/19\/areas\/cientificas\/marketing-e-comportamento-do-consumidor\/#breadcrumb\",\"itemListElement\":[{\"@type\":\"ListItem\",\"position\":1,\"name\":\"In\u00edcio\",\"item\":\"https:\/\/semead.com.br\/19\/\"},{\"@type\":\"ListItem\",\"position\":2,\"name\":\"\u00c1reas\",\"item\":\"https:\/\/semead.com.br\/19\/areas\/\"},{\"@type\":\"ListItem\",\"position\":3,\"name\":\"Cient\u00edficas\",\"item\":\"https:\/\/semead.com.br\/19\/areas\/cientificas\/\"},{\"@type\":\"ListItem\",\"position\":4,\"name\":\"Marketing e Comportamento do Consumidor\"}]},{\"@type\":\"WebSite\",\"@id\":\"https:\/\/semead.com.br\/19\/#website\",\"url\":\"https:\/\/semead.com.br\/19\/\",\"name\":\"XIX SemeAd\",\"description\":\"Semin\u00e1rios em Administra\u00e7\u00e3o\",\"potentialAction\":[{\"@type\":\"SearchAction\",\"target\":{\"@type\":\"EntryPoint\",\"urlTemplate\":\"https:\/\/semead.com.br\/19\/?s={search_term_string}\"},\"query-input\":{\"@type\":\"PropertyValueSpecification\",\"valueRequired\":true,\"valueName\":\"search_term_string\"}}],\"inLanguage\":\"en-US\"}]}<\/script>\n<!-- \/ Yoast SEO plugin. -->","yoast_head_json":{"title":"Marketing e Comportamento do Consumidor - XIX SemeAd","robots":{"index":"index","follow":"follow","max-snippet":"max-snippet:-1","max-image-preview":"max-image-preview:large","max-video-preview":"max-video-preview:-1"},"canonical":"https:\/\/semead.com.br\/19\/areas\/cientificas\/marketing-e-comportamento-do-consumidor\/","og_locale":"en_US","og_type":"article","og_title":"Marketing e Comportamento do Consumidor - XIX SemeAd","og_description":"Coordenador: Prof. Dr. Guilherme de Farias Shiraishi &#8211; FEA USP Temas e L\u00edderes: 1. Comportamento do Consumidor &#8211; Estudos Descritivos Quantitativos Estudos longitudinais, estudos transversais, estudos descritivos simples, estudos univariados, estudos multivariados (todos os temas devem ser realizados nas \u00e1reas de comportamento do consumidor ou comprador organizacional). Prof. Dr. Josmar Andrade &#8211; EACH USP e\u00a0Profa....","og_url":"https:\/\/semead.com.br\/19\/areas\/cientificas\/marketing-e-comportamento-do-consumidor\/","og_site_name":"XIX SemeAd","article_modified_time":"2016-07-12T21:17:45+00:00","twitter_card":"summary_large_image","twitter_misc":{"Est. reading time":"1 minute"},"schema":{"@context":"https:\/\/schema.org","@graph":[{"@type":"WebPage","@id":"https:\/\/semead.com.br\/19\/areas\/cientificas\/marketing-e-comportamento-do-consumidor\/","url":"https:\/\/semead.com.br\/19\/areas\/cientificas\/marketing-e-comportamento-do-consumidor\/","name":"Marketing e Comportamento do Consumidor - XIX SemeAd","isPartOf":{"@id":"https:\/\/semead.com.br\/19\/#website"},"datePublished":"2013-04-26T00:13:09+00:00","dateModified":"2016-07-12T21:17:45+00:00","breadcrumb":{"@id":"https:\/\/semead.com.br\/19\/areas\/cientificas\/marketing-e-comportamento-do-consumidor\/#breadcrumb"},"inLanguage":"en-US","potentialAction":[{"@type":"ReadAction","target":["https:\/\/semead.com.br\/19\/areas\/cientificas\/marketing-e-comportamento-do-consumidor\/"]}]},{"@type":"BreadcrumbList","@id":"https:\/\/semead.com.br\/19\/areas\/cientificas\/marketing-e-comportamento-do-consumidor\/#breadcrumb","itemListElement":[{"@type":"ListItem","position":1,"name":"In\u00edcio","item":"https:\/\/semead.com.br\/19\/"},{"@type":"ListItem","position":2,"name":"\u00c1reas","item":"https:\/\/semead.com.br\/19\/areas\/"},{"@type":"ListItem","position":3,"name":"Cient\u00edficas","item":"https:\/\/semead.com.br\/19\/areas\/cientificas\/"},{"@type":"ListItem","position":4,"name":"Marketing e Comportamento do Consumidor"}]},{"@type":"WebSite","@id":"https:\/\/semead.com.br\/19\/#website","url":"https:\/\/semead.com.br\/19\/","name":"XIX SemeAd","description":"Semin\u00e1rios em Administra\u00e7\u00e3o","potentialAction":[{"@type":"SearchAction","target":{"@type":"EntryPoint","urlTemplate":"https:\/\/semead.com.br\/19\/?s={search_term_string}"},"query-input":{"@type":"PropertyValueSpecification","valueRequired":true,"valueName":"search_term_string"}}],"inLanguage":"en-US"}]}},"_links":{"self":[{"href":"https:\/\/semead.com.br\/19\/wp-json\/wp\/v2\/pages\/17","targetHints":{"allow":["GET"]}}],"collection":[{"href":"https:\/\/semead.com.br\/19\/wp-json\/wp\/v2\/pages"}],"about":[{"href":"https:\/\/semead.com.br\/19\/wp-json\/wp\/v2\/types\/page"}],"author":[{"embeddable":true,"href":"https:\/\/semead.com.br\/19\/wp-json\/wp\/v2\/users\/1"}],"replies":[{"embeddable":true,"href":"https:\/\/semead.com.br\/19\/wp-json\/wp\/v2\/comments?post=17"}],"version-history":[{"count":0,"href":"https:\/\/semead.com.br\/19\/wp-json\/wp\/v2\/pages\/17\/revisions"}],"up":[{"embeddable":true,"href":"https:\/\/semead.com.br\/19\/wp-json\/wp\/v2\/pages\/9"}],"wp:attachment":[{"href":"https:\/\/semead.com.br\/19\/wp-json\/wp\/v2\/media?parent=17"}],"curies":[{"name":"wp","href":"https:\/\/api.w.org\/{rel}","templated":true}]}}