{"id":12679,"date":"2016-05-17T19:39:02","date_gmt":"2016-05-17T22:39:02","guid":{"rendered":"https:\/\/semead.com.br\/20\/?page_id=12679"},"modified":"2017-06-12T15:18:18","modified_gmt":"2017-06-12T18:18:18","slug":"tecnologica-artigos-tecnologicos","status":"publish","type":"page","link":"https:\/\/semead.com.br\/20\/areas\/tecnologica-artigos-tecnologicos\/","title":{"rendered":"Tecnol\u00f3gica (Artigos tecnol\u00f3gicos)"},"content":{"rendered":"<p>Os trabalhos submetidos a \u00e1rea Artigos Tecnol\u00f3gicos s\u00e3o considerados o produto final de um trabalho (pesquisa aplicada ou produ\u00e7\u00e3o t\u00e9cnica) e t\u00eam como intuito priorizar a descri\u00e7\u00e3o do aprendizado no formato de resultados pr\u00e1ticos, proveniente de experi\u00eancias vivenciadas nas organiza\u00e7\u00f5es e oriundos de uso e socializa\u00e7\u00e3o do conhecimento simbolizado por pr\u00e1ticas.<\/p>\n<p>Confira <a href=\"https:\/\/semead.com.br\/20\/regras-para-submissao\/\">aqui <\/a>as regras para submiss\u00e3o.<\/p>\n<p>&nbsp;<\/p>\n","protected":false},"excerpt":{"rendered":"<p>Os trabalhos submetidos a \u00e1rea Artigos Tecnol\u00f3gicos s\u00e3o considerados o produto final de um trabalho (pesquisa aplicada ou produ\u00e7\u00e3o t\u00e9cnica) e t\u00eam como intuito priorizar a descri\u00e7\u00e3o do aprendizado no formato de resultados pr\u00e1ticos, proveniente de experi\u00eancias vivenciadas nas organiza\u00e7\u00f5es e oriundos de uso e socializa\u00e7\u00e3o do conhecimento simbolizado por pr\u00e1ticas. Confira aqui as regras&#8230;<\/p>\n","protected":false},"author":1,"featured_media":0,"parent":12676,"menu_order":0,"comment_status":"closed","ping_status":"closed","template":"templates\/area.php","meta":{"_acf_changed":false,"_monsterinsights_skip_tracking":false,"_monsterinsights_sitenote_active":false,"_monsterinsights_sitenote_note":"","_monsterinsights_sitenote_category":0,"footnotes":""},"class_list":["post-12679","page","type-page","status-publish","hentry"],"acf":[],"yoast_head":"<!-- This site is optimized with the Yoast SEO plugin v27.4 - https:\/\/yoast.com\/product\/yoast-seo-wordpress\/ -->\n<title>Tecnol\u00f3gica (Artigos tecnol\u00f3gicos) - XX SemeAd<\/title>\n<meta name=\"robots\" content=\"index, follow, max-snippet:-1, max-image-preview:large, max-video-preview:-1\" \/>\n<link rel=\"canonical\" href=\"https:\/\/semead.com.br\/20\/areas\/tecnologica-artigos-tecnologicos\/\" \/>\n<meta property=\"og:locale\" content=\"pt_BR\" \/>\n<meta property=\"og:type\" content=\"article\" \/>\n<meta property=\"og:title\" content=\"Tecnol\u00f3gica (Artigos tecnol\u00f3gicos) - XX SemeAd\" \/>\n<meta property=\"og:description\" content=\"Os trabalhos submetidos a \u00e1rea Artigos Tecnol\u00f3gicos s\u00e3o considerados o produto final de um trabalho (pesquisa aplicada ou produ\u00e7\u00e3o t\u00e9cnica) e t\u00eam como intuito priorizar a descri\u00e7\u00e3o do aprendizado no formato de resultados pr\u00e1ticos, proveniente de experi\u00eancias vivenciadas nas organiza\u00e7\u00f5es e oriundos de uso e socializa\u00e7\u00e3o do conhecimento simbolizado por pr\u00e1ticas. Confira aqui as regras...\" \/>\n<meta property=\"og:url\" content=\"https:\/\/semead.com.br\/20\/areas\/tecnologica-artigos-tecnologicos\/\" \/>\n<meta property=\"og:site_name\" content=\"XX SemeAd\" \/>\n<meta property=\"article:modified_time\" content=\"2017-06-12T18:18:18+00:00\" \/>\n<meta name=\"twitter:card\" content=\"summary_large_image\" \/>\n<script type=\"application\/ld+json\" class=\"yoast-schema-graph\">{\"@context\":\"https:\\\/\\\/schema.org\",\"@graph\":[{\"@type\":\"WebPage\",\"@id\":\"https:\\\/\\\/semead.com.br\\\/20\\\/areas\\\/tecnologica-artigos-tecnologicos\\\/\",\"url\":\"https:\\\/\\\/semead.com.br\\\/20\\\/areas\\\/tecnologica-artigos-tecnologicos\\\/\",\"name\":\"Tecnol\u00f3gica (Artigos tecnol\u00f3gicos) - XX SemeAd\",\"isPartOf\":{\"@id\":\"https:\\\/\\\/semead.com.br\\\/20\\\/#website\"},\"datePublished\":\"2016-05-17T22:39:02+00:00\",\"dateModified\":\"2017-06-12T18:18:18+00:00\",\"breadcrumb\":{\"@id\":\"https:\\\/\\\/semead.com.br\\\/20\\\/areas\\\/tecnologica-artigos-tecnologicos\\\/#breadcrumb\"},\"inLanguage\":\"pt-BR\",\"potentialAction\":[{\"@type\":\"ReadAction\",\"target\":[\"https:\\\/\\\/semead.com.br\\\/20\\\/areas\\\/tecnologica-artigos-tecnologicos\\\/\"]}]},{\"@type\":\"BreadcrumbList\",\"@id\":\"https:\\\/\\\/semead.com.br\\\/20\\\/areas\\\/tecnologica-artigos-tecnologicos\\\/#breadcrumb\",\"itemListElement\":[{\"@type\":\"ListItem\",\"position\":1,\"name\":\"In\u00edcio\",\"item\":\"https:\\\/\\\/semead.com.br\\\/20\\\/\"},{\"@type\":\"ListItem\",\"position\":2,\"name\":\"\u00c1reas\",\"item\":\"https:\\\/\\\/semead.com.br\\\/20\\\/areas\\\/\"},{\"@type\":\"ListItem\",\"position\":3,\"name\":\"Tecnol\u00f3gica (Artigos tecnol\u00f3gicos)\"}]},{\"@type\":\"WebSite\",\"@id\":\"https:\\\/\\\/semead.com.br\\\/20\\\/#website\",\"url\":\"https:\\\/\\\/semead.com.br\\\/20\\\/\",\"name\":\"XX SemeAd\",\"description\":\"Semin\u00e1rios em Administra\u00e7\u00e3o\",\"potentialAction\":[{\"@type\":\"SearchAction\",\"target\":{\"@type\":\"EntryPoint\",\"urlTemplate\":\"https:\\\/\\\/semead.com.br\\\/20\\\/?s={search_term_string}\"},\"query-input\":{\"@type\":\"PropertyValueSpecification\",\"valueRequired\":true,\"valueName\":\"search_term_string\"}}],\"inLanguage\":\"pt-BR\"}]}<\/script>\n<!-- \/ Yoast SEO plugin. -->","yoast_head_json":{"title":"Tecnol\u00f3gica (Artigos tecnol\u00f3gicos) - XX SemeAd","robots":{"index":"index","follow":"follow","max-snippet":"max-snippet:-1","max-image-preview":"max-image-preview:large","max-video-preview":"max-video-preview:-1"},"canonical":"https:\/\/semead.com.br\/20\/areas\/tecnologica-artigos-tecnologicos\/","og_locale":"pt_BR","og_type":"article","og_title":"Tecnol\u00f3gica (Artigos tecnol\u00f3gicos) - XX SemeAd","og_description":"Os trabalhos submetidos a \u00e1rea Artigos Tecnol\u00f3gicos s\u00e3o considerados o produto final de um trabalho (pesquisa aplicada ou produ\u00e7\u00e3o t\u00e9cnica) e t\u00eam como intuito priorizar a descri\u00e7\u00e3o do aprendizado no formato de resultados pr\u00e1ticos, proveniente de experi\u00eancias vivenciadas nas organiza\u00e7\u00f5es e oriundos de uso e socializa\u00e7\u00e3o do conhecimento simbolizado por pr\u00e1ticas. Confira aqui as regras...","og_url":"https:\/\/semead.com.br\/20\/areas\/tecnologica-artigos-tecnologicos\/","og_site_name":"XX SemeAd","article_modified_time":"2017-06-12T18:18:18+00:00","twitter_card":"summary_large_image","schema":{"@context":"https:\/\/schema.org","@graph":[{"@type":"WebPage","@id":"https:\/\/semead.com.br\/20\/areas\/tecnologica-artigos-tecnologicos\/","url":"https:\/\/semead.com.br\/20\/areas\/tecnologica-artigos-tecnologicos\/","name":"Tecnol\u00f3gica (Artigos tecnol\u00f3gicos) - XX SemeAd","isPartOf":{"@id":"https:\/\/semead.com.br\/20\/#website"},"datePublished":"2016-05-17T22:39:02+00:00","dateModified":"2017-06-12T18:18:18+00:00","breadcrumb":{"@id":"https:\/\/semead.com.br\/20\/areas\/tecnologica-artigos-tecnologicos\/#breadcrumb"},"inLanguage":"pt-BR","potentialAction":[{"@type":"ReadAction","target":["https:\/\/semead.com.br\/20\/areas\/tecnologica-artigos-tecnologicos\/"]}]},{"@type":"BreadcrumbList","@id":"https:\/\/semead.com.br\/20\/areas\/tecnologica-artigos-tecnologicos\/#breadcrumb","itemListElement":[{"@type":"ListItem","position":1,"name":"In\u00edcio","item":"https:\/\/semead.com.br\/20\/"},{"@type":"ListItem","position":2,"name":"\u00c1reas","item":"https:\/\/semead.com.br\/20\/areas\/"},{"@type":"ListItem","position":3,"name":"Tecnol\u00f3gica (Artigos tecnol\u00f3gicos)"}]},{"@type":"WebSite","@id":"https:\/\/semead.com.br\/20\/#website","url":"https:\/\/semead.com.br\/20\/","name":"XX SemeAd","description":"Semin\u00e1rios em Administra\u00e7\u00e3o","potentialAction":[{"@type":"SearchAction","target":{"@type":"EntryPoint","urlTemplate":"https:\/\/semead.com.br\/20\/?s={search_term_string}"},"query-input":{"@type":"PropertyValueSpecification","valueRequired":true,"valueName":"search_term_string"}}],"inLanguage":"pt-BR"}]}},"_links":{"self":[{"href":"https:\/\/semead.com.br\/20\/wp-json\/wp\/v2\/pages\/12679","targetHints":{"allow":["GET"]}}],"collection":[{"href":"https:\/\/semead.com.br\/20\/wp-json\/wp\/v2\/pages"}],"about":[{"href":"https:\/\/semead.com.br\/20\/wp-json\/wp\/v2\/types\/page"}],"author":[{"embeddable":true,"href":"https:\/\/semead.com.br\/20\/wp-json\/wp\/v2\/users\/1"}],"replies":[{"embeddable":true,"href":"https:\/\/semead.com.br\/20\/wp-json\/wp\/v2\/comments?post=12679"}],"version-history":[{"count":0,"href":"https:\/\/semead.com.br\/20\/wp-json\/wp\/v2\/pages\/12679\/revisions"}],"up":[{"embeddable":true,"href":"https:\/\/semead.com.br\/20\/wp-json\/wp\/v2\/pages\/12676"}],"wp:attachment":[{"href":"https:\/\/semead.com.br\/20\/wp-json\/wp\/v2\/media?parent=12679"}],"curies":[{"name":"wp","href":"https:\/\/api.w.org\/{rel}","templated":true}]}}