{"id":13461,"date":"2017-05-25T11:08:01","date_gmt":"2017-05-25T14:08:01","guid":{"rendered":"https:\/\/semead.com.br\/20\/?page_id=13461"},"modified":"2017-06-12T17:01:49","modified_gmt":"2017-06-12T20:01:49","slug":"timeline","status":"publish","type":"page","link":"https:\/\/semead.com.br\/20\/timeline\/","title":{"rendered":"Hist\u00f3ria do SemeAd"},"content":{"rendered":"<h2>SemeAd &#8211; 20 anos de hist\u00f3ria<\/h2>\n<p>O SemeAd &#8211; Semin\u00e1rios em Administra\u00e7\u00e3o da Faculdade de Economia, Administra\u00e7\u00e3o e Contabilidade da Universidade de S\u00e3o Paulo \u00e9 um evento cient\u00edfico organizado anualmente que tem um importante papel no interc\u00e2mbio e discuss\u00e3o da produ\u00e7\u00e3o cient\u00edfico-tecnol\u00f3gica desenvolvida na \u00e1rea de administra\u00e7\u00e3o no Brasil.<\/p>\n<p>O evento foi criado em 1996 para apresenta\u00e7\u00e3o e compartilhamento das pesquisas internas realizadas pelos professores e alunos do Programa de P\u00f3s-Gradua\u00e7\u00e3o em Administra\u00e7\u00e3o da USP. Desde ent\u00e3o, o SemeAd tem passado por um processo de desenvolvimento e amadurecimento, sendo considerado atualmente como um dos mais importantes da \u00e1rea.<\/p>\n<p>Para conhecer um pouco mais da Hist\u00f3ria do SemeAd, preparamos uma linha do tempo com os <strong>20 anos<\/strong> de evolu\u00e7\u00e3o e acontecimentos marcantes do evento.<\/p>\n","protected":false},"excerpt":{"rendered":"<p>SemeAd &#8211; 20 anos de hist\u00f3ria O SemeAd &#8211; Semin\u00e1rios em Administra\u00e7\u00e3o da Faculdade de Economia, Administra\u00e7\u00e3o e Contabilidade da Universidade de S\u00e3o Paulo \u00e9 um evento cient\u00edfico organizado anualmente que tem um importante papel no interc\u00e2mbio e discuss\u00e3o da produ\u00e7\u00e3o cient\u00edfico-tecnol\u00f3gica desenvolvida na \u00e1rea de administra\u00e7\u00e3o no Brasil. O evento foi criado em 1996&#8230;<\/p>\n","protected":false},"author":4,"featured_media":0,"parent":0,"menu_order":0,"comment_status":"closed","ping_status":"closed","template":"templates\/timeline.php","meta":{"_acf_changed":false,"_monsterinsights_skip_tracking":false,"_monsterinsights_sitenote_active":false,"_monsterinsights_sitenote_note":"","_monsterinsights_sitenote_category":0,"footnotes":""},"class_list":["post-13461","page","type-page","status-publish","hentry"],"acf":[],"yoast_head":"<!-- This site is optimized with the Yoast SEO plugin v27.4 - https:\/\/yoast.com\/product\/yoast-seo-wordpress\/ -->\n<title>Hist\u00f3ria do SemeAd - XX SemeAd<\/title>\n<meta name=\"robots\" content=\"index, follow, max-snippet:-1, max-image-preview:large, max-video-preview:-1\" \/>\n<link rel=\"canonical\" href=\"https:\/\/semead.com.br\/20\/timeline\/\" \/>\n<meta property=\"og:locale\" content=\"pt_BR\" \/>\n<meta property=\"og:type\" content=\"article\" \/>\n<meta property=\"og:title\" content=\"Hist\u00f3ria do SemeAd - XX SemeAd\" \/>\n<meta property=\"og:description\" content=\"SemeAd &#8211; 20 anos de hist\u00f3ria O SemeAd &#8211; Semin\u00e1rios em Administra\u00e7\u00e3o da Faculdade de Economia, Administra\u00e7\u00e3o e Contabilidade da Universidade de S\u00e3o Paulo \u00e9 um evento cient\u00edfico organizado anualmente que tem um importante papel no interc\u00e2mbio e discuss\u00e3o da produ\u00e7\u00e3o cient\u00edfico-tecnol\u00f3gica desenvolvida na \u00e1rea de administra\u00e7\u00e3o no Brasil. O evento foi criado em 1996...\" \/>\n<meta property=\"og:url\" content=\"https:\/\/semead.com.br\/20\/timeline\/\" \/>\n<meta property=\"og:site_name\" content=\"XX SemeAd\" \/>\n<meta property=\"article:modified_time\" content=\"2017-06-12T20:01:49+00:00\" \/>\n<meta name=\"twitter:card\" content=\"summary_large_image\" \/>\n<meta name=\"twitter:label1\" content=\"Est. tempo de leitura\" \/>\n\t<meta name=\"twitter:data1\" content=\"1 minuto\" \/>\n<script type=\"application\/ld+json\" class=\"yoast-schema-graph\">{\"@context\":\"https:\\\/\\\/schema.org\",\"@graph\":[{\"@type\":\"WebPage\",\"@id\":\"https:\\\/\\\/semead.com.br\\\/20\\\/timeline\\\/\",\"url\":\"https:\\\/\\\/semead.com.br\\\/20\\\/timeline\\\/\",\"name\":\"Hist\u00f3ria do SemeAd - XX SemeAd\",\"isPartOf\":{\"@id\":\"https:\\\/\\\/semead.com.br\\\/20\\\/#website\"},\"datePublished\":\"2017-05-25T14:08:01+00:00\",\"dateModified\":\"2017-06-12T20:01:49+00:00\",\"breadcrumb\":{\"@id\":\"https:\\\/\\\/semead.com.br\\\/20\\\/timeline\\\/#breadcrumb\"},\"inLanguage\":\"pt-BR\",\"potentialAction\":[{\"@type\":\"ReadAction\",\"target\":[\"https:\\\/\\\/semead.com.br\\\/20\\\/timeline\\\/\"]}]},{\"@type\":\"BreadcrumbList\",\"@id\":\"https:\\\/\\\/semead.com.br\\\/20\\\/timeline\\\/#breadcrumb\",\"itemListElement\":[{\"@type\":\"ListItem\",\"position\":1,\"name\":\"In\u00edcio\",\"item\":\"https:\\\/\\\/semead.com.br\\\/20\\\/\"},{\"@type\":\"ListItem\",\"position\":2,\"name\":\"Hist\u00f3ria do SemeAd\"}]},{\"@type\":\"WebSite\",\"@id\":\"https:\\\/\\\/semead.com.br\\\/20\\\/#website\",\"url\":\"https:\\\/\\\/semead.com.br\\\/20\\\/\",\"name\":\"XX SemeAd\",\"description\":\"Semin\u00e1rios em Administra\u00e7\u00e3o\",\"potentialAction\":[{\"@type\":\"SearchAction\",\"target\":{\"@type\":\"EntryPoint\",\"urlTemplate\":\"https:\\\/\\\/semead.com.br\\\/20\\\/?s={search_term_string}\"},\"query-input\":{\"@type\":\"PropertyValueSpecification\",\"valueRequired\":true,\"valueName\":\"search_term_string\"}}],\"inLanguage\":\"pt-BR\"}]}<\/script>\n<!-- \/ Yoast SEO plugin. -->","yoast_head_json":{"title":"Hist\u00f3ria do SemeAd - XX SemeAd","robots":{"index":"index","follow":"follow","max-snippet":"max-snippet:-1","max-image-preview":"max-image-preview:large","max-video-preview":"max-video-preview:-1"},"canonical":"https:\/\/semead.com.br\/20\/timeline\/","og_locale":"pt_BR","og_type":"article","og_title":"Hist\u00f3ria do SemeAd - XX SemeAd","og_description":"SemeAd &#8211; 20 anos de hist\u00f3ria O SemeAd &#8211; Semin\u00e1rios em Administra\u00e7\u00e3o da Faculdade de Economia, Administra\u00e7\u00e3o e Contabilidade da Universidade de S\u00e3o Paulo \u00e9 um evento cient\u00edfico organizado anualmente que tem um importante papel no interc\u00e2mbio e discuss\u00e3o da produ\u00e7\u00e3o cient\u00edfico-tecnol\u00f3gica desenvolvida na \u00e1rea de administra\u00e7\u00e3o no Brasil. O evento foi criado em 1996...","og_url":"https:\/\/semead.com.br\/20\/timeline\/","og_site_name":"XX SemeAd","article_modified_time":"2017-06-12T20:01:49+00:00","twitter_card":"summary_large_image","twitter_misc":{"Est. tempo de leitura":"1 minuto"},"schema":{"@context":"https:\/\/schema.org","@graph":[{"@type":"WebPage","@id":"https:\/\/semead.com.br\/20\/timeline\/","url":"https:\/\/semead.com.br\/20\/timeline\/","name":"Hist\u00f3ria do SemeAd - XX SemeAd","isPartOf":{"@id":"https:\/\/semead.com.br\/20\/#website"},"datePublished":"2017-05-25T14:08:01+00:00","dateModified":"2017-06-12T20:01:49+00:00","breadcrumb":{"@id":"https:\/\/semead.com.br\/20\/timeline\/#breadcrumb"},"inLanguage":"pt-BR","potentialAction":[{"@type":"ReadAction","target":["https:\/\/semead.com.br\/20\/timeline\/"]}]},{"@type":"BreadcrumbList","@id":"https:\/\/semead.com.br\/20\/timeline\/#breadcrumb","itemListElement":[{"@type":"ListItem","position":1,"name":"In\u00edcio","item":"https:\/\/semead.com.br\/20\/"},{"@type":"ListItem","position":2,"name":"Hist\u00f3ria do SemeAd"}]},{"@type":"WebSite","@id":"https:\/\/semead.com.br\/20\/#website","url":"https:\/\/semead.com.br\/20\/","name":"XX SemeAd","description":"Semin\u00e1rios em Administra\u00e7\u00e3o","potentialAction":[{"@type":"SearchAction","target":{"@type":"EntryPoint","urlTemplate":"https:\/\/semead.com.br\/20\/?s={search_term_string}"},"query-input":{"@type":"PropertyValueSpecification","valueRequired":true,"valueName":"search_term_string"}}],"inLanguage":"pt-BR"}]}},"_links":{"self":[{"href":"https:\/\/semead.com.br\/20\/wp-json\/wp\/v2\/pages\/13461","targetHints":{"allow":["GET"]}}],"collection":[{"href":"https:\/\/semead.com.br\/20\/wp-json\/wp\/v2\/pages"}],"about":[{"href":"https:\/\/semead.com.br\/20\/wp-json\/wp\/v2\/types\/page"}],"author":[{"embeddable":true,"href":"https:\/\/semead.com.br\/20\/wp-json\/wp\/v2\/users\/4"}],"replies":[{"embeddable":true,"href":"https:\/\/semead.com.br\/20\/wp-json\/wp\/v2\/comments?post=13461"}],"version-history":[{"count":0,"href":"https:\/\/semead.com.br\/20\/wp-json\/wp\/v2\/pages\/13461\/revisions"}],"wp:attachment":[{"href":"https:\/\/semead.com.br\/20\/wp-json\/wp\/v2\/media?parent=13461"}],"curies":[{"name":"wp","href":"https:\/\/api.w.org\/{rel}","templated":true}]}}

História do SemeAd

<h2>SemeAd &#8211; 20 anos de história</h2>
<p>O SemeAd &#8211; Seminários em Administração da Faculdade de Economia, Administração e Contabilidade da Universidade de São Paulo é um evento científico organizado anualmente que tem um importante papel no intercâmbio e discussão da produção científico-tecnológica desenvolvida na área de administração no Brasil.</p>
<p>O evento foi criado em 1996 para apresentação e compartilhamento das pesquisas internas realizadas pelos professores e alunos do Programa de Pós-Graduação em Administração da USP. Desde então, o SemeAd tem passado por um processo de desenvolvimento e amadurecimento, sendo considerado atualmente como um dos mais importantes da área.</p>
<p>Para conhecer um pouco mais da História do SemeAd, preparamos uma linha do tempo com os <strong>20 anos</strong> de evolução e acontecimentos marcantes do evento.</p>

<p>SemeAd &#8211; 20 anos de história O SemeAd &#8211; Seminários em Administração da Faculdade de Economia, Administração e Contabilidade da Universidade de São Paulo é um evento científico organizado anualmente que tem um importante papel no intercâmbio e discussão da produção científico-tecnológica desenvolvida na área de administração no Brasil. O evento foi criado em 1996&#8230;</p>

<!-- This site is optimized with the Yoast SEO plugin v27.4 - https://yoast.com/product/yoast-seo-wordpress/ -->
<title>História do SemeAd - XX SemeAd</title>
<meta name="robots" content="index, follow, max-snippet:-1, max-image-preview:large, max-video-preview:-1" />
<link rel="canonical" href="https://semead.com.br/20/timeline/" />
<meta property="og:locale" content="pt_BR" />
<meta property="og:type" content="article" />
<meta property="og:title" content="História do SemeAd - XX SemeAd" />
<meta property="og:description" content="SemeAd &#8211; 20 anos de história O SemeAd &#8211; Seminários em Administração da Faculdade de Economia, Administração e Contabilidade da Universidade de São Paulo é um evento científico organizado anualmente que tem um importante papel no intercâmbio e discussão da produção científico-tecnológica desenvolvida na área de administração no Brasil. O evento foi criado em 1996..." />
<meta property="og:url" content="https://semead.com.br/20/timeline/" />
<meta property="og:site_name" content="XX SemeAd" />
<meta property="article:modified_time" content="2017-06-12T20:01:49+00:00" />
<meta name="twitter:card" content="summary_large_image" />
<meta name="twitter:label1" content="Est. tempo de leitura" />
	<meta name="twitter:data1" content="1 minuto" />
<script type="application/ld+json" class="yoast-schema-graph">{"@context":"https:\/\/schema.org","@graph":[{"@type":"WebPage","@id":"https:\/\/semead.com.br\/20\/timeline\/","url":"https:\/\/semead.com.br\/20\/timeline\/","name":"História do SemeAd - XX SemeAd","isPartOf":{"@id":"https:\/\/semead.com.br\/20\/#website"},"datePublished":"2017-05-25T14:08:01+00:00","dateModified":"2017-06-12T20:01:49+00:00","breadcrumb":{"@id":"https:\/\/semead.com.br\/20\/timeline\/#breadcrumb"},"inLanguage":"pt-BR","potentialAction":[{"@type":"ReadAction","target":["https:\/\/semead.com.br\/20\/timeline\/"]}]},{"@type":"BreadcrumbList","@id":"https:\/\/semead.com.br\/20\/timeline\/#breadcrumb","itemListElement":[{"@type":"ListItem","position":1,"name":"Início","item":"https:\/\/semead.com.br\/20\/"},{"@type":"ListItem","position":2,"name":"História do SemeAd"}]},{"@type":"WebSite","@id":"https:\/\/semead.com.br\/20\/#website","url":"https:\/\/semead.com.br\/20\/","name":"XX SemeAd","description":"Seminários em Administração","potentialAction":[{"@type":"SearchAction","target":{"@type":"EntryPoint","urlTemplate":"https:\/\/semead.com.br\/20\/?s={search_term_string}"},"query-input":{"@type":"PropertyValueSpecification","valueRequired":true,"valueName":"search_term_string"}}],"inLanguage":"pt-BR"}]}</script>
<!-- / Yoast SEO plugin. -->

História do SemeAd - XX SemeAd

SemeAd &#8211; 20 anos de história O SemeAd &#8211; Seminários em Administração da Faculdade de Economia, Administração e Contabilidade da Universidade de São Paulo é um evento científico organizado anualmente que tem um importante papel no intercâmbio e discussão da produção científico-tecnológica desenvolvida na área de administração no Brasil. O evento foi criado em 1996...

Início

Seminários em Administração
