{"id":9778,"date":"2013-04-26T10:12:57","date_gmt":"2013-04-26T10:12:57","guid":{"rendered":"http:\/\/semead.com.br\/?page_id=9778"},"modified":"2017-10-25T18:38:12","modified_gmt":"2017-10-25T20:38:12","slug":"premiacao","status":"publish","type":"page","link":"https:\/\/semead.com.br\/20\/premiacao\/","title":{"rendered":"Trabalhos Indicados a Pr\u00eamio"},"content":{"rendered":"<p>Novidade da Edi\u00e7\u00e3o Comemorativa de 20 anos do SemeAd!<\/p>\n<p>Com apoio dos patrocinadores do evento, este ano os premiados ser\u00e3o tamb\u00e9m agraciados com uma bonifica\u00e7\u00e3o financeira.<\/p>\n<p>Ao total ser\u00e3o distribu\u00eddos R$20.000,00 em pr\u00eamios. As categorias que concorrem ao pr\u00eamio s\u00e3o:<\/p>\n<div class=\"text_exposed_show\">\n<p>1) Melhor Artigo de \u00c1rea (14 \u00e1reas cient\u00edficas) R$ 1.000,00 para cada Melhor trabalho da \u00e1rea;<br \/>\n2) Melhor Projeto do Cons\u00f3rcio Doutoral &#8211; R$ 1.000,00<br \/>\n3) Melhor Avaliador do XX SemeAd &#8211; R$ 1.000,00<br \/>\n4) Melhor Trabalho Geral &#8211; R$ 5.000,00*<\/p>\n<p>*o melhor trabalho geral, necessariamente ser\u00e1 1 dos melhores das \u00e1reas, assim a bonifica\u00e7\u00e3o final ser\u00e1 R$1.000,00 da \u00e1rea + $4.000,00 do pr\u00eamio final, totalizando $5.000,00).<\/p>\n<p>Confira na programa\u00e7\u00e3o os indicados a Pr\u00eamio! A Cerim\u00f4nia de premia\u00e7\u00e3o ocorrer\u00e1 junto com a Divulga\u00e7\u00e3o dos artigos selecionados para o Fast-Track das 62 revistas parceiras do SemeAd.<\/p>\n<p>DATA: 09\/11 Quinta-feira<br \/>\nHOR\u00c1RIO: 18:35 \u2013 19:35<br \/>\nLOCAL: Audit\u00f3rio FEA 5 &#8211; FEA\/USP<\/p>\n<\/div>\n<p><img loading=\"lazy\" decoding=\"async\" class=\"alignnone wp-image-14046 size-large\" src=\"https:\/\/semead.com.br\/20\/wp-content\/uploads\/sites\/7\/2013\/04\/Banner-Premia\u00e7\u00e3o-SemeAd-1024x638.png\" alt=\"\" width=\"1024\" height=\"638\" srcset=\"https:\/\/semead.com.br\/20\/wp-content\/uploads\/sites\/7\/2013\/04\/Banner-Premia\u00e7\u00e3o-SemeAd-1024x638.png 1024w, https:\/\/semead.com.br\/20\/wp-content\/uploads\/sites\/7\/2013\/04\/Banner-Premia\u00e7\u00e3o-SemeAd-300x187.png 300w, https:\/\/semead.com.br\/20\/wp-content\/uploads\/sites\/7\/2013\/04\/Banner-Premia\u00e7\u00e3o-SemeAd-768x478.png 768w, https:\/\/semead.com.br\/20\/wp-content\/uploads\/sites\/7\/2013\/04\/Banner-Premia\u00e7\u00e3o-SemeAd.png 1227w\" sizes=\"auto, (max-width: 1024px) 100vw, 1024px\" \/><\/p>\n<p>&nbsp;<\/p>\n","protected":false},"excerpt":{"rendered":"<p>Novidade da Edi\u00e7\u00e3o Comemorativa de 20 anos do SemeAd! Com apoio dos patrocinadores do evento, este ano os premiados ser\u00e3o tamb\u00e9m agraciados com uma bonifica\u00e7\u00e3o financeira. Ao total ser\u00e3o distribu\u00eddos R$20.000,00 em pr\u00eamios. As categorias que concorrem ao pr\u00eamio s\u00e3o: 1) Melhor Artigo de \u00c1rea (14 \u00e1reas cient\u00edficas) R$ 1.000,00 para cada Melhor trabalho da&#8230;<\/p>\n","protected":false},"author":1,"featured_media":0,"parent":0,"menu_order":0,"comment_status":"open","ping_status":"open","template":"","meta":{"_acf_changed":false,"_monsterinsights_skip_tracking":false,"_monsterinsights_sitenote_active":false,"_monsterinsights_sitenote_note":"","_monsterinsights_sitenote_category":0,"footnotes":""},"class_list":["post-9778","page","type-page","status-publish","hentry"],"acf":[],"yoast_head":"<!-- This site is optimized with the Yoast SEO plugin v27.4 - https:\/\/yoast.com\/product\/yoast-seo-wordpress\/ -->\n<title>Trabalhos Indicados a Pr\u00eamio - XX SemeAd<\/title>\n<meta name=\"robots\" content=\"index, follow, max-snippet:-1, max-image-preview:large, max-video-preview:-1\" \/>\n<link rel=\"canonical\" href=\"https:\/\/semead.com.br\/20\/premiacao\/\" \/>\n<meta property=\"og:locale\" content=\"pt_BR\" \/>\n<meta property=\"og:type\" content=\"article\" \/>\n<meta property=\"og:title\" content=\"Trabalhos Indicados a Pr\u00eamio - XX SemeAd\" \/>\n<meta property=\"og:description\" content=\"Novidade da Edi\u00e7\u00e3o Comemorativa de 20 anos do SemeAd! Com apoio dos patrocinadores do evento, este ano os premiados ser\u00e3o tamb\u00e9m agraciados com uma bonifica\u00e7\u00e3o financeira. Ao total ser\u00e3o distribu\u00eddos R$20.000,00 em pr\u00eamios. As categorias que concorrem ao pr\u00eamio s\u00e3o: 1) Melhor Artigo de \u00c1rea (14 \u00e1reas cient\u00edficas) R$ 1.000,00 para cada Melhor trabalho da...\" \/>\n<meta property=\"og:url\" content=\"https:\/\/semead.com.br\/20\/premiacao\/\" \/>\n<meta property=\"og:site_name\" content=\"XX SemeAd\" \/>\n<meta property=\"article:modified_time\" content=\"2017-10-25T20:38:12+00:00\" \/>\n<meta property=\"og:image\" content=\"https:\/\/semead.com.br\/20\/wp-content\/uploads\/sites\/7\/2013\/04\/Banner-Premia\u00e7\u00e3o-SemeAd-1024x638.png\" \/>\n<meta name=\"twitter:card\" content=\"summary_large_image\" \/>\n<meta name=\"twitter:label1\" content=\"Est. tempo de leitura\" \/>\n\t<meta name=\"twitter:data1\" content=\"1 minuto\" \/>\n<script type=\"application\/ld+json\" class=\"yoast-schema-graph\">{\"@context\":\"https:\\\/\\\/schema.org\",\"@graph\":[{\"@type\":\"WebPage\",\"@id\":\"https:\\\/\\\/semead.com.br\\\/20\\\/premiacao\\\/\",\"url\":\"https:\\\/\\\/semead.com.br\\\/20\\\/premiacao\\\/\",\"name\":\"Trabalhos Indicados a Pr\u00eamio - XX SemeAd\",\"isPartOf\":{\"@id\":\"https:\\\/\\\/semead.com.br\\\/20\\\/#website\"},\"datePublished\":\"2013-04-26T10:12:57+00:00\",\"dateModified\":\"2017-10-25T20:38:12+00:00\",\"breadcrumb\":{\"@id\":\"https:\\\/\\\/semead.com.br\\\/20\\\/premiacao\\\/#breadcrumb\"},\"inLanguage\":\"pt-BR\",\"potentialAction\":[{\"@type\":\"ReadAction\",\"target\":[\"https:\\\/\\\/semead.com.br\\\/20\\\/premiacao\\\/\"]}]},{\"@type\":\"BreadcrumbList\",\"@id\":\"https:\\\/\\\/semead.com.br\\\/20\\\/premiacao\\\/#breadcrumb\",\"itemListElement\":[{\"@type\":\"ListItem\",\"position\":1,\"name\":\"In\u00edcio\",\"item\":\"https:\\\/\\\/semead.com.br\\\/20\\\/\"},{\"@type\":\"ListItem\",\"position\":2,\"name\":\"Trabalhos Indicados a Pr\u00eamio\"}]},{\"@type\":\"WebSite\",\"@id\":\"https:\\\/\\\/semead.com.br\\\/20\\\/#website\",\"url\":\"https:\\\/\\\/semead.com.br\\\/20\\\/\",\"name\":\"XX SemeAd\",\"description\":\"Semin\u00e1rios em Administra\u00e7\u00e3o\",\"potentialAction\":[{\"@type\":\"SearchAction\",\"target\":{\"@type\":\"EntryPoint\",\"urlTemplate\":\"https:\\\/\\\/semead.com.br\\\/20\\\/?s={search_term_string}\"},\"query-input\":{\"@type\":\"PropertyValueSpecification\",\"valueRequired\":true,\"valueName\":\"search_term_string\"}}],\"inLanguage\":\"pt-BR\"}]}<\/script>\n<!-- \/ Yoast SEO plugin. -->","yoast_head_json":{"title":"Trabalhos Indicados a Pr\u00eamio - XX SemeAd","robots":{"index":"index","follow":"follow","max-snippet":"max-snippet:-1","max-image-preview":"max-image-preview:large","max-video-preview":"max-video-preview:-1"},"canonical":"https:\/\/semead.com.br\/20\/premiacao\/","og_locale":"pt_BR","og_type":"article","og_title":"Trabalhos Indicados a Pr\u00eamio - XX SemeAd","og_description":"Novidade da Edi\u00e7\u00e3o Comemorativa de 20 anos do SemeAd! Com apoio dos patrocinadores do evento, este ano os premiados ser\u00e3o tamb\u00e9m agraciados com uma bonifica\u00e7\u00e3o financeira. Ao total ser\u00e3o distribu\u00eddos R$20.000,00 em pr\u00eamios. As categorias que concorrem ao pr\u00eamio s\u00e3o: 1) Melhor Artigo de \u00c1rea (14 \u00e1reas cient\u00edficas) R$ 1.000,00 para cada Melhor trabalho da...","og_url":"https:\/\/semead.com.br\/20\/premiacao\/","og_site_name":"XX SemeAd","article_modified_time":"2017-10-25T20:38:12+00:00","og_image":[{"url":"https:\/\/semead.com.br\/20\/wp-content\/uploads\/sites\/7\/2013\/04\/Banner-Premia\u00e7\u00e3o-SemeAd-1024x638.png","type":"","width":"","height":""}],"twitter_card":"summary_large_image","twitter_misc":{"Est. tempo de leitura":"1 minuto"},"schema":{"@context":"https:\/\/schema.org","@graph":[{"@type":"WebPage","@id":"https:\/\/semead.com.br\/20\/premiacao\/","url":"https:\/\/semead.com.br\/20\/premiacao\/","name":"Trabalhos Indicados a Pr\u00eamio - XX SemeAd","isPartOf":{"@id":"https:\/\/semead.com.br\/20\/#website"},"datePublished":"2013-04-26T10:12:57+00:00","dateModified":"2017-10-25T20:38:12+00:00","breadcrumb":{"@id":"https:\/\/semead.com.br\/20\/premiacao\/#breadcrumb"},"inLanguage":"pt-BR","potentialAction":[{"@type":"ReadAction","target":["https:\/\/semead.com.br\/20\/premiacao\/"]}]},{"@type":"BreadcrumbList","@id":"https:\/\/semead.com.br\/20\/premiacao\/#breadcrumb","itemListElement":[{"@type":"ListItem","position":1,"name":"In\u00edcio","item":"https:\/\/semead.com.br\/20\/"},{"@type":"ListItem","position":2,"name":"Trabalhos Indicados a Pr\u00eamio"}]},{"@type":"WebSite","@id":"https:\/\/semead.com.br\/20\/#website","url":"https:\/\/semead.com.br\/20\/","name":"XX SemeAd","description":"Semin\u00e1rios em Administra\u00e7\u00e3o","potentialAction":[{"@type":"SearchAction","target":{"@type":"EntryPoint","urlTemplate":"https:\/\/semead.com.br\/20\/?s={search_term_string}"},"query-input":{"@type":"PropertyValueSpecification","valueRequired":true,"valueName":"search_term_string"}}],"inLanguage":"pt-BR"}]}},"_links":{"self":[{"href":"https:\/\/semead.com.br\/20\/wp-json\/wp\/v2\/pages\/9778","targetHints":{"allow":["GET"]}}],"collection":[{"href":"https:\/\/semead.com.br\/20\/wp-json\/wp\/v2\/pages"}],"about":[{"href":"https:\/\/semead.com.br\/20\/wp-json\/wp\/v2\/types\/page"}],"author":[{"embeddable":true,"href":"https:\/\/semead.com.br\/20\/wp-json\/wp\/v2\/users\/1"}],"replies":[{"embeddable":true,"href":"https:\/\/semead.com.br\/20\/wp-json\/wp\/v2\/comments?post=9778"}],"version-history":[{"count":0,"href":"https:\/\/semead.com.br\/20\/wp-json\/wp\/v2\/pages\/9778\/revisions"}],"wp:attachment":[{"href":"https:\/\/semead.com.br\/20\/wp-json\/wp\/v2\/media?parent=9778"}],"curies":[{"name":"wp","href":"https:\/\/api.w.org\/{rel}","templated":true}]}}