{"id":14435,"date":"2018-05-29T14:08:57","date_gmt":"2018-05-29T17:08:57","guid":{"rendered":"https:\/\/semead.com.br\/21\/?page_id=14435"},"modified":"2018-05-29T14:10:38","modified_gmt":"2018-05-29T17:10:38","slug":"emprad","status":"publish","type":"page","link":"https:\/\/semead.com.br\/21\/emprad\/","title":{"rendered":"EMPRAD"},"content":{"rendered":"<p><strong><u>EMPRAD \u2013 Encontro dos Mestrados Profissionais de Administra\u00e7\u00e3o<\/u><\/strong><\/p>\n<p><strong><em>\u00a0<\/em><\/strong><\/p>\n<p><strong><em>Data<\/em><\/strong><\/p>\n<p>O evento ocorrer\u00e1 nos dias 05, 06 e 07 de novembro de 2018.<\/p>\n<p><strong><em>\u00a0<\/em><\/strong><\/p>\n<p><strong><em>Local<\/em><\/strong><\/p>\n<p>Audit\u00f3rio da FEA-USP \/ Sala da Congrega\u00e7\u00e3o da FEA-USP.<\/p>\n<p>&nbsp;<\/p>\n<p><strong><em>Objetivo<\/em><\/strong><\/p>\n<p>Discutir experi\u00eancias de administra\u00e7\u00e3o na perspectiva te\u00f3rico\u2013emp\u00edrica no contexto dos mestrados profissionais.<\/p>\n<p>&nbsp;<\/p>\n<p><strong><em>Programa\u00e7\u00e3o<\/em><\/strong> <strong><em>Geral<\/em><\/strong><strong><em>*<\/em><\/strong><\/p>\n<p>&nbsp;<\/p>\n<table width=\"468\">\n<tbody>\n<tr>\n<td colspan=\"2\" width=\"468\">Primeiro dia (05\/11\/18)<\/td>\n<td width=\"0\"><\/td>\n<\/tr>\n<tr>\n<td width=\"129\">Hor\u00e1rio<\/td>\n<td width=\"339\"><\/td>\n<td width=\"0\"><\/td>\n<\/tr>\n<tr>\n<td rowspan=\"2\" width=\"129\">19:00 &#8211; 20:00<\/td>\n<td rowspan=\"2\" width=\"339\">Boa Vindas e Abertura\u00a0\u00a0\u00a0\u00a0\u00a0\u00a0\u00a0\u00a0\u00a0\u00a0\u00a0\u00a0\u00a0\u00a0\u00a0\u00a0\u00a0\u00a0\u00a0 \u00a0\u00a0\u00a0\u00a0\u00a0\u00a0\u00a0\u00a0\u00a0\u00a0\u00a0\u00a0\u00a0\u00a0\u00a0\u00a0Coordenadores do EMPRAD<\/td>\n<td width=\"0\"><\/td>\n<\/tr>\n<tr>\n<td width=\"0\"><\/td>\n<\/tr>\n<tr>\n<td rowspan=\"2\" width=\"129\">20:00 &#8211; 21:00<\/td>\n<td rowspan=\"2\" width=\"339\">Plen\u00e1ria Internacional<br \/>\nKeynote Speaker 1<\/td>\n<td width=\"0\"><\/td>\n<\/tr>\n<tr>\n<td width=\"0\"><\/td>\n<\/tr>\n<tr>\n<td width=\"129\">21:00 &#8211; 21:20<\/td>\n<td width=\"339\">Coffee Break<\/td>\n<td width=\"0\"><\/td>\n<\/tr>\n<tr>\n<td rowspan=\"3\" width=\"129\">21:30 &#8211; 23:00<\/td>\n<td rowspan=\"3\" width=\"339\">Sess\u00e3o<br \/>\nApresenta\u00e7\u00e3o dos Trabalhos<br \/>\nSalas: C3, C4, C5, C6, C7, C8, Ruy Leme, Congrega\u00e7\u00e3o<\/td>\n<td width=\"0\"><\/td>\n<\/tr>\n<tr>\n<td width=\"0\"><\/td>\n<\/tr>\n<tr>\n<td width=\"0\"><\/td>\n<\/tr>\n<\/tbody>\n<\/table>\n<p>&nbsp;<\/p>\n<table width=\"468\">\n<tbody>\n<tr>\n<td colspan=\"2\" width=\"468\">Segundo dia (06\/11\/18)<\/td>\n<td width=\"0\"><\/td>\n<\/tr>\n<tr>\n<td width=\"132\">Hor\u00e1rio<\/td>\n<td width=\"336\"><\/td>\n<td width=\"0\"><\/td>\n<\/tr>\n<tr>\n<td rowspan=\"2\" width=\"132\">19:00<\/td>\n<td rowspan=\"2\" width=\"336\">Plen\u00e1ria<br \/>\nKeynote Speaker 2<\/td>\n<td width=\"0\"><\/td>\n<\/tr>\n<tr>\n<td width=\"0\"><\/td>\n<\/tr>\n<tr>\n<td rowspan=\"2\" width=\"132\">20:00<\/td>\n<td rowspan=\"2\" width=\"336\">Plen\u00e1ria<br \/>\nKeynote Speaker 3<\/td>\n<td width=\"0\"><\/td>\n<\/tr>\n<tr>\n<td width=\"0\"><\/td>\n<\/tr>\n<tr>\n<td width=\"132\">21:00 &#8211; 21:20<\/td>\n<td width=\"336\">Coffee Break<\/td>\n<td width=\"0\"><\/td>\n<\/tr>\n<tr>\n<td rowspan=\"3\" width=\"132\">21:30 &#8211; 23:00<\/td>\n<td rowspan=\"3\" width=\"336\">Sess\u00e3o<br \/>\nApresenta\u00e7\u00e3o dos Trabalhos<br \/>\nSalas: C3, C4, C5, C6, C7, C8, Ruy Leme, Congrega\u00e7\u00e3o<\/td>\n<td width=\"0\"><\/td>\n<\/tr>\n<tr>\n<td width=\"0\"><\/td>\n<\/tr>\n<tr>\n<td width=\"0\"><\/td>\n<\/tr>\n<\/tbody>\n<\/table>\n<p>&nbsp;<\/p>\n<table width=\"468\">\n<tbody>\n<tr>\n<td colspan=\"2\" width=\"468\">Terceiro dia (07\/11\/18)<\/td>\n<td width=\"0\"><\/td>\n<\/tr>\n<tr>\n<td width=\"132\">Hor\u00e1rio<\/td>\n<td width=\"336\"><\/td>\n<td width=\"0\"><\/td>\n<\/tr>\n<tr>\n<td rowspan=\"2\" width=\"132\">19:00<\/td>\n<td rowspan=\"2\" width=\"336\">Plen\u00e1ria Internacional<br \/>\nKeynote Speaker 4<\/td>\n<td width=\"0\"><\/td>\n<\/tr>\n<tr>\n<td width=\"0\"><\/td>\n<\/tr>\n<tr>\n<td rowspan=\"2\" width=\"132\">20:00<\/td>\n<td rowspan=\"2\" width=\"336\">Premia\u00e7\u00e3o<\/td>\n<td width=\"0\"><\/td>\n<\/tr>\n<tr>\n<td width=\"0\"><\/td>\n<\/tr>\n<tr>\n<td width=\"132\">21:00 &#8211; 21:20<\/td>\n<td width=\"336\">Coffee Break<\/td>\n<td width=\"0\"><\/td>\n<\/tr>\n<tr>\n<td rowspan=\"3\" width=\"132\">21:30 &#8211; 23:00<\/td>\n<td rowspan=\"3\" width=\"336\">Sess\u00e3o<br \/>\nApresenta\u00e7\u00e3o dos Trabalhos<br \/>\nSalas: C3, C4, C5, C6, C7, C8, Ruy Leme, Congrega\u00e7\u00e3o<\/td>\n<td width=\"0\"><\/td>\n<\/tr>\n<tr>\n<td width=\"0\"><\/td>\n<\/tr>\n<tr>\n<td width=\"0\"><\/td>\n<\/tr>\n<\/tbody>\n<\/table>\n<p>&nbsp;<\/p>\n<p>&nbsp;<\/p>\n<p>*Vers\u00e3o preliminar &#8211; Sujeita a altera\u00e7\u00e3o.<\/p>\n<p>&nbsp;<\/p>\n<p>Para mais informa\u00e7\u00f5es acesse o site: <a href=\"http:\/\/www.emprad.org.br\/\">http:\/\/www.emprad.org.br\/<\/a><\/p>\n","protected":false},"excerpt":{"rendered":"<p>EMPRAD \u2013 Encontro dos Mestrados Profissionais de Administra\u00e7\u00e3o \u00a0 Data O evento ocorrer\u00e1 nos dias 05, 06 e 07 de novembro de 2018. \u00a0 Local Audit\u00f3rio da FEA-USP \/ Sala da Congrega\u00e7\u00e3o da FEA-USP. &nbsp; Objetivo Discutir experi\u00eancias de administra\u00e7\u00e3o na perspectiva te\u00f3rico\u2013emp\u00edrica no contexto dos mestrados profissionais. &nbsp; Programa\u00e7\u00e3o Geral* &nbsp; Primeiro dia (05\/11\/18)&#8230;<\/p>\n","protected":false},"author":4,"featured_media":0,"parent":0,"menu_order":0,"comment_status":"closed","ping_status":"closed","template":"","meta":{"_acf_changed":false,"_monsterinsights_skip_tracking":false,"_monsterinsights_sitenote_active":false,"_monsterinsights_sitenote_note":"","_monsterinsights_sitenote_category":0,"footnotes":""},"class_list":["post-14435","page","type-page","status-publish","hentry"],"acf":[],"yoast_head":"<!-- This site is optimized with the Yoast SEO plugin v27.5 - https:\/\/yoast.com\/product\/yoast-seo-wordpress\/ -->\n<title>EMPRAD - XXI SemeAd<\/title>\n<meta name=\"robots\" content=\"index, follow, max-snippet:-1, max-image-preview:large, max-video-preview:-1\" \/>\n<link rel=\"canonical\" href=\"https:\/\/semead.com.br\/21\/emprad\/\" \/>\n<meta property=\"og:locale\" content=\"pt_BR\" \/>\n<meta property=\"og:type\" content=\"article\" \/>\n<meta property=\"og:title\" content=\"EMPRAD - XXI SemeAd\" \/>\n<meta property=\"og:description\" content=\"EMPRAD \u2013 Encontro dos Mestrados Profissionais de Administra\u00e7\u00e3o \u00a0 Data O evento ocorrer\u00e1 nos dias 05, 06 e 07 de novembro de 2018. \u00a0 Local Audit\u00f3rio da FEA-USP \/ Sala da Congrega\u00e7\u00e3o da FEA-USP. &nbsp; Objetivo Discutir experi\u00eancias de administra\u00e7\u00e3o na perspectiva te\u00f3rico\u2013emp\u00edrica no contexto dos mestrados profissionais. &nbsp; Programa\u00e7\u00e3o Geral* &nbsp; Primeiro dia (05\/11\/18)...\" \/>\n<meta property=\"og:url\" content=\"https:\/\/semead.com.br\/21\/emprad\/\" \/>\n<meta property=\"og:site_name\" content=\"XXI SemeAd\" \/>\n<meta property=\"article:modified_time\" content=\"2018-05-29T17:10:38+00:00\" \/>\n<meta name=\"twitter:card\" content=\"summary_large_image\" \/>\n<meta name=\"twitter:label1\" content=\"Est. tempo de leitura\" \/>\n\t<meta name=\"twitter:data1\" content=\"1 minuto\" \/>\n<script type=\"application\/ld+json\" class=\"yoast-schema-graph\">{\"@context\":\"https:\\\/\\\/schema.org\",\"@graph\":[{\"@type\":\"WebPage\",\"@id\":\"https:\\\/\\\/semead.com.br\\\/21\\\/emprad\\\/\",\"url\":\"https:\\\/\\\/semead.com.br\\\/21\\\/emprad\\\/\",\"name\":\"EMPRAD - XXI SemeAd\",\"isPartOf\":{\"@id\":\"https:\\\/\\\/semead.com.br\\\/21\\\/#website\"},\"datePublished\":\"2018-05-29T17:08:57+00:00\",\"dateModified\":\"2018-05-29T17:10:38+00:00\",\"breadcrumb\":{\"@id\":\"https:\\\/\\\/semead.com.br\\\/21\\\/emprad\\\/#breadcrumb\"},\"inLanguage\":\"pt-BR\",\"potentialAction\":[{\"@type\":\"ReadAction\",\"target\":[\"https:\\\/\\\/semead.com.br\\\/21\\\/emprad\\\/\"]}]},{\"@type\":\"BreadcrumbList\",\"@id\":\"https:\\\/\\\/semead.com.br\\\/21\\\/emprad\\\/#breadcrumb\",\"itemListElement\":[{\"@type\":\"ListItem\",\"position\":1,\"name\":\"In\u00edcio\",\"item\":\"https:\\\/\\\/semead.com.br\\\/21\\\/\"},{\"@type\":\"ListItem\",\"position\":2,\"name\":\"EMPRAD\"}]},{\"@type\":\"WebSite\",\"@id\":\"https:\\\/\\\/semead.com.br\\\/21\\\/#website\",\"url\":\"https:\\\/\\\/semead.com.br\\\/21\\\/\",\"name\":\"XXI SemeAd\",\"description\":\"Semin\u00e1rios em Administra\u00e7\u00e3o\",\"potentialAction\":[{\"@type\":\"SearchAction\",\"target\":{\"@type\":\"EntryPoint\",\"urlTemplate\":\"https:\\\/\\\/semead.com.br\\\/21\\\/?s={search_term_string}\"},\"query-input\":{\"@type\":\"PropertyValueSpecification\",\"valueRequired\":true,\"valueName\":\"search_term_string\"}}],\"inLanguage\":\"pt-BR\"}]}<\/script>\n<!-- \/ Yoast SEO plugin. -->","yoast_head_json":{"title":"EMPRAD - XXI SemeAd","robots":{"index":"index","follow":"follow","max-snippet":"max-snippet:-1","max-image-preview":"max-image-preview:large","max-video-preview":"max-video-preview:-1"},"canonical":"https:\/\/semead.com.br\/21\/emprad\/","og_locale":"pt_BR","og_type":"article","og_title":"EMPRAD - XXI SemeAd","og_description":"EMPRAD \u2013 Encontro dos Mestrados Profissionais de Administra\u00e7\u00e3o \u00a0 Data O evento ocorrer\u00e1 nos dias 05, 06 e 07 de novembro de 2018. \u00a0 Local Audit\u00f3rio da FEA-USP \/ Sala da Congrega\u00e7\u00e3o da FEA-USP. &nbsp; Objetivo Discutir experi\u00eancias de administra\u00e7\u00e3o na perspectiva te\u00f3rico\u2013emp\u00edrica no contexto dos mestrados profissionais. &nbsp; Programa\u00e7\u00e3o Geral* &nbsp; Primeiro dia (05\/11\/18)...","og_url":"https:\/\/semead.com.br\/21\/emprad\/","og_site_name":"XXI SemeAd","article_modified_time":"2018-05-29T17:10:38+00:00","twitter_card":"summary_large_image","twitter_misc":{"Est. tempo de leitura":"1 minuto"},"schema":{"@context":"https:\/\/schema.org","@graph":[{"@type":"WebPage","@id":"https:\/\/semead.com.br\/21\/emprad\/","url":"https:\/\/semead.com.br\/21\/emprad\/","name":"EMPRAD - XXI SemeAd","isPartOf":{"@id":"https:\/\/semead.com.br\/21\/#website"},"datePublished":"2018-05-29T17:08:57+00:00","dateModified":"2018-05-29T17:10:38+00:00","breadcrumb":{"@id":"https:\/\/semead.com.br\/21\/emprad\/#breadcrumb"},"inLanguage":"pt-BR","potentialAction":[{"@type":"ReadAction","target":["https:\/\/semead.com.br\/21\/emprad\/"]}]},{"@type":"BreadcrumbList","@id":"https:\/\/semead.com.br\/21\/emprad\/#breadcrumb","itemListElement":[{"@type":"ListItem","position":1,"name":"In\u00edcio","item":"https:\/\/semead.com.br\/21\/"},{"@type":"ListItem","position":2,"name":"EMPRAD"}]},{"@type":"WebSite","@id":"https:\/\/semead.com.br\/21\/#website","url":"https:\/\/semead.com.br\/21\/","name":"XXI SemeAd","description":"Semin\u00e1rios em Administra\u00e7\u00e3o","potentialAction":[{"@type":"SearchAction","target":{"@type":"EntryPoint","urlTemplate":"https:\/\/semead.com.br\/21\/?s={search_term_string}"},"query-input":{"@type":"PropertyValueSpecification","valueRequired":true,"valueName":"search_term_string"}}],"inLanguage":"pt-BR"}]}},"_links":{"self":[{"href":"https:\/\/semead.com.br\/21\/wp-json\/wp\/v2\/pages\/14435","targetHints":{"allow":["GET"]}}],"collection":[{"href":"https:\/\/semead.com.br\/21\/wp-json\/wp\/v2\/pages"}],"about":[{"href":"https:\/\/semead.com.br\/21\/wp-json\/wp\/v2\/types\/page"}],"author":[{"embeddable":true,"href":"https:\/\/semead.com.br\/21\/wp-json\/wp\/v2\/users\/4"}],"replies":[{"embeddable":true,"href":"https:\/\/semead.com.br\/21\/wp-json\/wp\/v2\/comments?post=14435"}],"version-history":[{"count":0,"href":"https:\/\/semead.com.br\/21\/wp-json\/wp\/v2\/pages\/14435\/revisions"}],"wp:attachment":[{"href":"https:\/\/semead.com.br\/21\/wp-json\/wp\/v2\/media?parent=14435"}],"curies":[{"name":"wp","href":"https:\/\/api.w.org\/{rel}","templated":true}]}}

<p><strong><u>EMPRAD – Encontro dos Mestrados Profissionais de Administração</u></strong></p>
<p><strong><em> </em></strong></p>
<p><strong><em>Data</em></strong></p>
<p>O evento ocorrerá nos dias 05, 06 e 07 de novembro de 2018.</p>
<p><strong><em> </em></strong></p>
<p><strong><em>Local</em></strong></p>
<p>Auditório da FEA-USP / Sala da Congregação da FEA-USP.</p>
<p>&nbsp;</p>
<p><strong><em>Objetivo</em></strong></p>
<p>Discutir experiências de administração na perspectiva teórico–empírica no contexto dos mestrados profissionais.</p>
<p>&nbsp;</p>
<p><strong><em>Programação</em></strong> <strong><em>Geral</em></strong><strong><em>*</em></strong></p>
<p>&nbsp;</p>
<table width="468">
<tbody>
<tr>
<td colspan="2" width="468">Primeiro dia (05/11/18)</td>
<td width="0"></td>
</tr>
<tr>
<td width="129">Horário</td>
<td width="339"></td>
<td width="0"></td>
</tr>
<tr>
<td rowspan="2" width="129">19:00 &#8211; 20:00</td>
<td rowspan="2" width="339">Boa Vindas e Abertura                                    Coordenadores do EMPRAD</td>
<td width="0"></td>
</tr>
<tr>
<td width="0"></td>
</tr>
<tr>
<td rowspan="2" width="129">20:00 &#8211; 21:00</td>
<td rowspan="2" width="339">Plenária Internacional<br />
Keynote Speaker 1</td>
<td width="0"></td>
</tr>
<tr>
<td width="0"></td>
</tr>
<tr>
<td width="129">21:00 &#8211; 21:20</td>
<td width="339">Coffee Break</td>
<td width="0"></td>
</tr>
<tr>
<td rowspan="3" width="129">21:30 &#8211; 23:00</td>
<td rowspan="3" width="339">Sessão<br />
Apresentação dos Trabalhos<br />
Salas: C3, C4, C5, C6, C7, C8, Ruy Leme, Congregação</td>
<td width="0"></td>
</tr>
<tr>
<td width="0"></td>
</tr>
<tr>
<td width="0"></td>
</tr>
</tbody>
</table>
<p>&nbsp;</p>
<table width="468">
<tbody>
<tr>
<td colspan="2" width="468">Segundo dia (06/11/18)</td>
<td width="0"></td>
</tr>
<tr>
<td width="132">Horário</td>
<td width="336"></td>
<td width="0"></td>
</tr>
<tr>
<td rowspan="2" width="132">19:00</td>
<td rowspan="2" width="336">Plenária<br />
Keynote Speaker 2</td>
<td width="0"></td>
</tr>
<tr>
<td width="0"></td>
</tr>
<tr>
<td rowspan="2" width="132">20:00</td>
<td rowspan="2" width="336">Plenária<br />
Keynote Speaker 3</td>
<td width="0"></td>
</tr>
<tr>
<td width="0"></td>
</tr>
<tr>
<td width="132">21:00 &#8211; 21:20</td>
<td width="336">Coffee Break</td>
<td width="0"></td>
</tr>
<tr>
<td rowspan="3" width="132">21:30 &#8211; 23:00</td>
<td rowspan="3" width="336">Sessão<br />
Apresentação dos Trabalhos<br />
Salas: C3, C4, C5, C6, C7, C8, Ruy Leme, Congregação</td>
<td width="0"></td>
</tr>
<tr>
<td width="0"></td>
</tr>
<tr>
<td width="0"></td>
</tr>
</tbody>
</table>
<p>&nbsp;</p>
<table width="468">
<tbody>
<tr>
<td colspan="2" width="468">Terceiro dia (07/11/18)</td>
<td width="0"></td>
</tr>
<tr>
<td width="132">Horário</td>
<td width="336"></td>
<td width="0"></td>
</tr>
<tr>
<td rowspan="2" width="132">19:00</td>
<td rowspan="2" width="336">Plenária Internacional<br />
Keynote Speaker 4</td>
<td width="0"></td>
</tr>
<tr>
<td width="0"></td>
</tr>
<tr>
<td rowspan="2" width="132">20:00</td>
<td rowspan="2" width="336">Premiação</td>
<td width="0"></td>
</tr>
<tr>
<td width="0"></td>
</tr>
<tr>
<td width="132">21:00 &#8211; 21:20</td>
<td width="336">Coffee Break</td>
<td width="0"></td>
</tr>
<tr>
<td rowspan="3" width="132">21:30 &#8211; 23:00</td>
<td rowspan="3" width="336">Sessão<br />
Apresentação dos Trabalhos<br />
Salas: C3, C4, C5, C6, C7, C8, Ruy Leme, Congregação</td>
<td width="0"></td>
</tr>
<tr>
<td width="0"></td>
</tr>
<tr>
<td width="0"></td>
</tr>
</tbody>
</table>
<p>&nbsp;</p>
<p>&nbsp;</p>
<p>*Versão preliminar &#8211; Sujeita a alteração.</p>
<p>&nbsp;</p>
<p>Para mais informações acesse o site: <a href="http://www.emprad.org.br/">http://www.emprad.org.br/</a></p>

<p>EMPRAD – Encontro dos Mestrados Profissionais de Administração   Data O evento ocorrerá nos dias 05, 06 e 07 de novembro de 2018.   Local Auditório da FEA-USP / Sala da Congregação da FEA-USP. &nbsp; Objetivo Discutir experiências de administração na perspectiva teórico–empírica no contexto dos mestrados profissionais. &nbsp; Programação Geral* &nbsp; Primeiro dia (05/11/18)&#8230;</p>

<!-- This site is optimized with the Yoast SEO plugin v27.5 - https://yoast.com/product/yoast-seo-wordpress/ -->
<title>EMPRAD - XXI SemeAd</title>
<meta name="robots" content="index, follow, max-snippet:-1, max-image-preview:large, max-video-preview:-1" />
<link rel="canonical" href="https://semead.com.br/21/emprad/" />
<meta property="og:locale" content="pt_BR" />
<meta property="og:type" content="article" />
<meta property="og:title" content="EMPRAD - XXI SemeAd" />
<meta property="og:description" content="EMPRAD – Encontro dos Mestrados Profissionais de Administração   Data O evento ocorrerá nos dias 05, 06 e 07 de novembro de 2018.   Local Auditório da FEA-USP / Sala da Congregação da FEA-USP. &nbsp; Objetivo Discutir experiências de administração na perspectiva teórico–empírica no contexto dos mestrados profissionais. &nbsp; Programação Geral* &nbsp; Primeiro dia (05/11/18)..." />
<meta property="og:url" content="https://semead.com.br/21/emprad/" />
<meta property="og:site_name" content="XXI SemeAd" />
<meta property="article:modified_time" content="2018-05-29T17:10:38+00:00" />
<meta name="twitter:card" content="summary_large_image" />
<meta name="twitter:label1" content="Est. tempo de leitura" />
	<meta name="twitter:data1" content="1 minuto" />
<script type="application/ld+json" class="yoast-schema-graph">{"@context":"https:\/\/schema.org","@graph":[{"@type":"WebPage","@id":"https:\/\/semead.com.br\/21\/emprad\/","url":"https:\/\/semead.com.br\/21\/emprad\/","name":"EMPRAD - XXI SemeAd","isPartOf":{"@id":"https:\/\/semead.com.br\/21\/#website"},"datePublished":"2018-05-29T17:08:57+00:00","dateModified":"2018-05-29T17:10:38+00:00","breadcrumb":{"@id":"https:\/\/semead.com.br\/21\/emprad\/#breadcrumb"},"inLanguage":"pt-BR","potentialAction":[{"@type":"ReadAction","target":["https:\/\/semead.com.br\/21\/emprad\/"]}]},{"@type":"BreadcrumbList","@id":"https:\/\/semead.com.br\/21\/emprad\/#breadcrumb","itemListElement":[{"@type":"ListItem","position":1,"name":"Início","item":"https:\/\/semead.com.br\/21\/"},{"@type":"ListItem","position":2,"name":"EMPRAD"}]},{"@type":"WebSite","@id":"https:\/\/semead.com.br\/21\/#website","url":"https:\/\/semead.com.br\/21\/","name":"XXI SemeAd","description":"Seminários em Administração","potentialAction":[{"@type":"SearchAction","target":{"@type":"EntryPoint","urlTemplate":"https:\/\/semead.com.br\/21\/?s={search_term_string}"},"query-input":{"@type":"PropertyValueSpecification","valueRequired":true,"valueName":"search_term_string"}}],"inLanguage":"pt-BR"}]}</script>
<!-- / Yoast SEO plugin. -->

EMPRAD – Encontro dos Mestrados Profissionais de Administração   Data O evento ocorrerá nos dias 05, 06 e 07 de novembro de 2018.   Local Auditório da FEA-USP / Sala da Congregação da FEA-USP. &nbsp; Objetivo Discutir experiências de administração na perspectiva teórico–empírica no contexto dos mestrados profissionais. &nbsp; Programação Geral* &nbsp; Primeiro dia (05/11/18)...

Início

Seminários em Administração
