{"id":14494,"date":"2018-07-02T15:59:31","date_gmt":"2018-07-02T18:59:31","guid":{"rendered":"https:\/\/semead.com.br\/21\/?page_id=14494"},"modified":"2018-09-05T15:53:06","modified_gmt":"2018-09-05T18:53:06","slug":"encontro-pre-doutoral","status":"publish","type":"page","link":"https:\/\/semead.com.br\/21\/trabalhos\/encontro-pre-doutoral\/","title":{"rendered":"Encontro Pr\u00e9-Doutoral"},"content":{"rendered":"\n<figure class=\"wp-block-embed-youtube wp-block-embed is-type-video is-provider-youtube\">\n<iframe loading=\"lazy\" title=\"XXI SemeAd FEA\/USP - Pr\u00e9-Doutoral\" width=\"500\" height=\"281\" src=\"https:\/\/www.youtube.com\/embed\/5mM8cA-5V68?feature=oembed\" frameborder=\"0\" allow=\"accelerometer; autoplay; clipboard-write; encrypted-media; gyroscope; picture-in-picture; web-share\" referrerpolicy=\"strict-origin-when-cross-origin\" allowfullscreen><\/iframe>\n<\/figure>\n\n\n<p>[symple_callout fade_in=&#8221;false&#8221; button_text=&#8221;Realizar submiss\u00e3o&#8221; button_url=&#8221;http:\/\/login.semead.com.br&#8221; button_color=&#8221;orange&#8221; button_size=&#8221;default&#8221; button_border_radius=&#8221;3px&#8221; button_target=&#8221;self&#8221; button_rel=&#8221;&#8221; button_icon_left=&#8221;&#8221; button_icon_right=&#8221;&#8221;]Acesse o sistema do SemeAd para realizar a submiss\u00e3o[\/symple_callout]<\/p>\n\n\n\n<div style=\"height:51px\" aria-hidden=\"true\" class=\"wp-block-spacer\"><\/div>\n\n\n\n<p><em>Os mestrandos no \u00faltimo ano de curso ou mestres que desejam fazer doutorado em alguma das institui\u00e7\u00f5es parceiras do SemeAd, poder\u00e3o submeter de\u00a0<strong>23\/07<\/strong>\u00a0a\u00a0<strong>09\/09<\/strong>\u00a0um resumo do seu projeto (at\u00e9 4000 palavras). Esses projetos ser\u00e3o mandados para as institui\u00e7\u00f5es parceiras e aqueles escolhidos ter\u00e3o uma conversa de 10min com um professor do PPGA da IES para receber um feedback da proposta. Al\u00e9m disso, ap\u00f3s ou antes da conversa, no referido per\u00edodo, o proponente ter\u00e1 a sua disposi\u00e7\u00e3o a possibilidade de conversar com todos PPGAs parceiros do SemeAd para se apresentar, discutir o projeto e verificar a possibilidade de realizar o doutorado em algum dos PPGAs.<\/em><br\/>\n<\/p>\n\n\n\n<p>\n\n&#8211; As atividades do Encontro Pr\u00e9-Doutoral ocorrer\u00e3o na tarde do dia\u00a0<strong>06\/11<\/strong>\u00a0em concomit\u00e2ncia com as atividades do Cons\u00f3rcio Doutoral.<br\/><\/p>\n\n\n\n<h2 class=\"wp-block-heading\">Direcionamentos de submiss\u00e3o<\/h2>\n\n\n\n<h3 class=\"wp-block-heading\"><strong>\u00a0Formata\u00e7\u00e3o do projeto:<\/strong><\/h3>\n\n\n\n<p>\u2013 Formato do papel: A4;<br\/>\n\u2013 Fonte: Times New Roman\/ tamanho 12;<br\/>\n\u2013 Espa\u00e7amento: simples, texto disposto em uma coluna;<br\/>\n\u2013 Alinhamento: justificado;<br\/>\n\u2013 Margens: Superior: 3 cm; inferior: 2 cm; esquerda: 3 cm; direita: 2 cm.<br\/>\n\u2013 Pagina\u00e7\u00e3o: inserir n\u00famero de p\u00e1ginas no rodap\u00e9 com alinhamento ao lado direito;<br\/>\n\u2013 T\u00edtulos em letras mai\u00fasculas e subt\u00edtulos em letras min\u00fasculas;<br\/>\n\u2013 Formato do arquivo: <strong>PDF<\/strong>;<br\/>\n\u2013 O projeto pode ter no <strong>m\u00e1ximo 4000 palavras<\/strong>, incluindo o texto propriamente dito, ilustra\u00e7\u00f5es e refer\u00eancias bibliogr\u00e1ficas.<br\/>\n\u2013 O texto deve come\u00e7ar pelo t\u00edtulo seguido pela introdu\u00e7\u00e3o.<br\/>\n\u2013 Notas: n\u00e3o devem ser colocadas no rodap\u00e9, mas inseridas como notas de final de texto.<br\/>\n\u2013 As refer\u00eancias bibliogr\u00e1ficas dever\u00e3o ser citadas ao longo do texto de acordo com o sistema (autor-data), e apresentadas em ordem alfab\u00e9tica no final do trabalho, de acordo com as normas APA ou ABNT\/NBR-6023.<\/p>\n\n\n\n<h3 class=\"wp-block-heading\"><strong>Estrutura sugerida do projeto:<\/strong><\/h3>\n\n\n\n<p>\u2013 Introdu\u00e7\u00e3o (com justificativa)<br\/>\n\u2013 Problema de Pesquisa e Objetivo<br\/>\n\u2013 Fundamenta\u00e7\u00e3o Te\u00f3rica<br\/>\n\u2013 Metodologia<br\/>\n\u2013 Refer\u00eancias Bibliogr\u00e1ficas<\/p>\n\n\n\n<h3 class=\"wp-block-heading\"><strong>Resumo na p\u00e1gina de submiss\u00e3o<\/strong><\/h3>\n\n\n\n<p>(n\u00e3o \u00e9 necess\u00e1rio colocar resumo no arquivo em PDF enviado):<\/p>\n\n\n\n<p>\u2013 Resumo contendo o m\u00e1ximo de 500 palavras<br\/>\n\u2013 Palavras-Chave<\/p>\n\n\n<p>[symple_callout fade_in=&#8221;false&#8221; button_text=&#8221;Realizar submiss\u00e3o&#8221; button_url=&#8221;http:\/\/login.semead.com.br&#8221; button_color=&#8221;orange&#8221; button_size=&#8221;default&#8221; button_border_radius=&#8221;3px&#8221; button_target=&#8221;self&#8221; button_rel=&#8221;&#8221; button_icon_left=&#8221;&#8221; button_icon_right=&#8221;&#8221;]Acesse o sistema do SemeAd para realizar a submiss\u00e3o[\/symple_callout]<\/p>\n","protected":false},"excerpt":{"rendered":"<p>Os mestrandos no \u00faltimo ano de curso ou mestres que desejam fazer doutorado em alguma das institui\u00e7\u00f5es parceiras do SemeAd, poder\u00e3o submeter de\u00a023\/07\u00a0a\u00a009\/09\u00a0um resumo do seu projeto (at\u00e9 4000 palavras). Esses projetos ser\u00e3o mandados para as institui\u00e7\u00f5es parceiras e aqueles escolhidos ter\u00e3o uma conversa de 10min com um professor do PPGA da IES para receber&#8230;<\/p>\n","protected":false},"author":4,"featured_media":0,"parent":22,"menu_order":0,"comment_status":"closed","ping_status":"closed","template":"","meta":{"_acf_changed":false,"_monsterinsights_skip_tracking":false,"_monsterinsights_sitenote_active":false,"_monsterinsights_sitenote_note":"","_monsterinsights_sitenote_category":0,"footnotes":""},"class_list":["post-14494","page","type-page","status-publish","hentry"],"acf":[],"yoast_head":"<!-- This site is optimized with the Yoast SEO plugin v27.5 - https:\/\/yoast.com\/product\/yoast-seo-wordpress\/ -->\n<title>Encontro Pr\u00e9-Doutoral - XXI SemeAd<\/title>\n<meta name=\"robots\" content=\"index, follow, max-snippet:-1, max-image-preview:large, max-video-preview:-1\" \/>\n<link rel=\"canonical\" href=\"https:\/\/semead.com.br\/21\/trabalhos\/encontro-pre-doutoral\/\" \/>\n<meta property=\"og:locale\" content=\"pt_BR\" \/>\n<meta property=\"og:type\" content=\"article\" \/>\n<meta property=\"og:title\" content=\"Encontro Pr\u00e9-Doutoral - XXI SemeAd\" \/>\n<meta property=\"og:description\" content=\"Os mestrandos no \u00faltimo ano de curso ou mestres que desejam fazer doutorado em alguma das institui\u00e7\u00f5es parceiras do SemeAd, poder\u00e3o submeter de\u00a023\/07\u00a0a\u00a009\/09\u00a0um resumo do seu projeto (at\u00e9 4000 palavras). Esses projetos ser\u00e3o mandados para as institui\u00e7\u00f5es parceiras e aqueles escolhidos ter\u00e3o uma conversa de 10min com um professor do PPGA da IES para receber...\" \/>\n<meta property=\"og:url\" content=\"https:\/\/semead.com.br\/21\/trabalhos\/encontro-pre-doutoral\/\" \/>\n<meta property=\"og:site_name\" content=\"XXI SemeAd\" \/>\n<meta property=\"article:modified_time\" content=\"2018-09-05T18:53:06+00:00\" \/>\n<meta name=\"twitter:card\" content=\"summary_large_image\" \/>\n<meta name=\"twitter:label1\" content=\"Est. tempo de leitura\" \/>\n\t<meta name=\"twitter:data1\" content=\"2 minutos\" \/>\n<script type=\"application\/ld+json\" class=\"yoast-schema-graph\">{\"@context\":\"https:\\\/\\\/schema.org\",\"@graph\":[{\"@type\":\"WebPage\",\"@id\":\"https:\\\/\\\/semead.com.br\\\/21\\\/trabalhos\\\/encontro-pre-doutoral\\\/\",\"url\":\"https:\\\/\\\/semead.com.br\\\/21\\\/trabalhos\\\/encontro-pre-doutoral\\\/\",\"name\":\"Encontro Pr\u00e9-Doutoral - XXI SemeAd\",\"isPartOf\":{\"@id\":\"https:\\\/\\\/semead.com.br\\\/21\\\/#website\"},\"datePublished\":\"2018-07-02T18:59:31+00:00\",\"dateModified\":\"2018-09-05T18:53:06+00:00\",\"breadcrumb\":{\"@id\":\"https:\\\/\\\/semead.com.br\\\/21\\\/trabalhos\\\/encontro-pre-doutoral\\\/#breadcrumb\"},\"inLanguage\":\"pt-BR\",\"potentialAction\":[{\"@type\":\"ReadAction\",\"target\":[\"https:\\\/\\\/semead.com.br\\\/21\\\/trabalhos\\\/encontro-pre-doutoral\\\/\"]}]},{\"@type\":\"BreadcrumbList\",\"@id\":\"https:\\\/\\\/semead.com.br\\\/21\\\/trabalhos\\\/encontro-pre-doutoral\\\/#breadcrumb\",\"itemListElement\":[{\"@type\":\"ListItem\",\"position\":1,\"name\":\"In\u00edcio\",\"item\":\"https:\\\/\\\/semead.com.br\\\/21\\\/\"},{\"@type\":\"ListItem\",\"position\":2,\"name\":\"Trabalhos\",\"item\":\"https:\\\/\\\/semead.com.br\\\/21\\\/trabalhos\\\/\"},{\"@type\":\"ListItem\",\"position\":3,\"name\":\"Encontro Pr\u00e9-Doutoral\"}]},{\"@type\":\"WebSite\",\"@id\":\"https:\\\/\\\/semead.com.br\\\/21\\\/#website\",\"url\":\"https:\\\/\\\/semead.com.br\\\/21\\\/\",\"name\":\"XXI SemeAd\",\"description\":\"Semin\u00e1rios em Administra\u00e7\u00e3o\",\"potentialAction\":[{\"@type\":\"SearchAction\",\"target\":{\"@type\":\"EntryPoint\",\"urlTemplate\":\"https:\\\/\\\/semead.com.br\\\/21\\\/?s={search_term_string}\"},\"query-input\":{\"@type\":\"PropertyValueSpecification\",\"valueRequired\":true,\"valueName\":\"search_term_string\"}}],\"inLanguage\":\"pt-BR\"}]}<\/script>\n<!-- \/ Yoast SEO plugin. -->","yoast_head_json":{"title":"Encontro Pr\u00e9-Doutoral - XXI SemeAd","robots":{"index":"index","follow":"follow","max-snippet":"max-snippet:-1","max-image-preview":"max-image-preview:large","max-video-preview":"max-video-preview:-1"},"canonical":"https:\/\/semead.com.br\/21\/trabalhos\/encontro-pre-doutoral\/","og_locale":"pt_BR","og_type":"article","og_title":"Encontro Pr\u00e9-Doutoral - XXI SemeAd","og_description":"Os mestrandos no \u00faltimo ano de curso ou mestres que desejam fazer doutorado em alguma das institui\u00e7\u00f5es parceiras do SemeAd, poder\u00e3o submeter de\u00a023\/07\u00a0a\u00a009\/09\u00a0um resumo do seu projeto (at\u00e9 4000 palavras). Esses projetos ser\u00e3o mandados para as institui\u00e7\u00f5es parceiras e aqueles escolhidos ter\u00e3o uma conversa de 10min com um professor do PPGA da IES para receber...","og_url":"https:\/\/semead.com.br\/21\/trabalhos\/encontro-pre-doutoral\/","og_site_name":"XXI SemeAd","article_modified_time":"2018-09-05T18:53:06+00:00","twitter_card":"summary_large_image","twitter_misc":{"Est. tempo de leitura":"2 minutos"},"schema":{"@context":"https:\/\/schema.org","@graph":[{"@type":"WebPage","@id":"https:\/\/semead.com.br\/21\/trabalhos\/encontro-pre-doutoral\/","url":"https:\/\/semead.com.br\/21\/trabalhos\/encontro-pre-doutoral\/","name":"Encontro Pr\u00e9-Doutoral - XXI SemeAd","isPartOf":{"@id":"https:\/\/semead.com.br\/21\/#website"},"datePublished":"2018-07-02T18:59:31+00:00","dateModified":"2018-09-05T18:53:06+00:00","breadcrumb":{"@id":"https:\/\/semead.com.br\/21\/trabalhos\/encontro-pre-doutoral\/#breadcrumb"},"inLanguage":"pt-BR","potentialAction":[{"@type":"ReadAction","target":["https:\/\/semead.com.br\/21\/trabalhos\/encontro-pre-doutoral\/"]}]},{"@type":"BreadcrumbList","@id":"https:\/\/semead.com.br\/21\/trabalhos\/encontro-pre-doutoral\/#breadcrumb","itemListElement":[{"@type":"ListItem","position":1,"name":"In\u00edcio","item":"https:\/\/semead.com.br\/21\/"},{"@type":"ListItem","position":2,"name":"Trabalhos","item":"https:\/\/semead.com.br\/21\/trabalhos\/"},{"@type":"ListItem","position":3,"name":"Encontro Pr\u00e9-Doutoral"}]},{"@type":"WebSite","@id":"https:\/\/semead.com.br\/21\/#website","url":"https:\/\/semead.com.br\/21\/","name":"XXI SemeAd","description":"Semin\u00e1rios em Administra\u00e7\u00e3o","potentialAction":[{"@type":"SearchAction","target":{"@type":"EntryPoint","urlTemplate":"https:\/\/semead.com.br\/21\/?s={search_term_string}"},"query-input":{"@type":"PropertyValueSpecification","valueRequired":true,"valueName":"search_term_string"}}],"inLanguage":"pt-BR"}]}},"_links":{"self":[{"href":"https:\/\/semead.com.br\/21\/wp-json\/wp\/v2\/pages\/14494","targetHints":{"allow":["GET"]}}],"collection":[{"href":"https:\/\/semead.com.br\/21\/wp-json\/wp\/v2\/pages"}],"about":[{"href":"https:\/\/semead.com.br\/21\/wp-json\/wp\/v2\/types\/page"}],"author":[{"embeddable":true,"href":"https:\/\/semead.com.br\/21\/wp-json\/wp\/v2\/users\/4"}],"replies":[{"embeddable":true,"href":"https:\/\/semead.com.br\/21\/wp-json\/wp\/v2\/comments?post=14494"}],"version-history":[{"count":0,"href":"https:\/\/semead.com.br\/21\/wp-json\/wp\/v2\/pages\/14494\/revisions"}],"up":[{"embeddable":true,"href":"https:\/\/semead.com.br\/21\/wp-json\/wp\/v2\/pages\/22"}],"wp:attachment":[{"href":"https:\/\/semead.com.br\/21\/wp-json\/wp\/v2\/media?parent=14494"}],"curies":[{"name":"wp","href":"https:\/\/api.w.org\/{rel}","templated":true}]}}