{"id":14663,"date":"2018-09-26T20:52:47","date_gmt":"2018-09-26T23:52:47","guid":{"rendered":"https:\/\/semead.com.br\/21\/?page_id=14663"},"modified":"2018-09-26T20:53:40","modified_gmt":"2018-09-26T23:53:40","slug":"encontro-pre-doutoral","status":"publish","type":"page","link":"https:\/\/semead.com.br\/21\/encontro-pre-doutoral\/","title":{"rendered":"Encontro Pr\u00e9-Doutoral"},"content":{"rendered":"\n<p><strong>Data: 06\/11 (ter\u00e7a-feira)<\/strong><\/p>\n\n\n\n<p><strong>13h<\/strong> \u2013 Credenciamento e Boas-Vindas<\/p>\n\n\n\n<p><strong>13h30 as 14h30<\/strong> \u2013 Caminhos para Carreira de Professor no Brasil e no Exterior<\/p>\n\n\n\n<p>Conversa com rec\u00e9m doutores atuando em Programas de P\u00f3s-Gradua\u00e7\u00e3o no Brasil ou em carreira no exterior.<\/p>\n\n\n\n<p><strong>14h30 as 16h00<\/strong> \u2013 Bancas paralelas \u2013 Pr\u00e9-Doutoral<\/p>\n\n\n\n<p><strong>16h00 as 16h30<\/strong> \u2013 Coffee-Break<\/p>\n\n\n\n<hr class=\"wp-block-separator\"\/>\n\n\n\n<p>Paralelamente, durante a tarde do dia 06\/11, haver\u00e1 um espa\u00e7o no qual as institui\u00e7\u00f5es parceiras do SemeAd fornecer\u00e3o informa\u00e7\u00f5es sobre seus programas de p\u00f3s-gradua\u00e7\u00e3o. \u00c9 uma oportunidade para se aproximar das institui\u00e7\u00f5es e entender mais sobre possibilidades de carreira acad\u00eamica.<\/p>\n","protected":false},"excerpt":{"rendered":"<p>Data: 06\/11 (ter\u00e7a-feira) 13h \u2013 Credenciamento e Boas-Vindas 13h30 as 14h30 \u2013 Caminhos para Carreira de Professor no Brasil e no Exterior Conversa com rec\u00e9m doutores atuando em Programas de P\u00f3s-Gradua\u00e7\u00e3o no Brasil ou em carreira no exterior. 14h30 as 16h00 \u2013 Bancas paralelas \u2013 Pr\u00e9-Doutoral 16h00 as 16h30 \u2013 Coffee-Break Paralelamente, durante a tarde&#8230;<\/p>\n","protected":false},"author":4,"featured_media":0,"parent":0,"menu_order":0,"comment_status":"closed","ping_status":"closed","template":"","meta":{"_acf_changed":false,"_monsterinsights_skip_tracking":false,"_monsterinsights_sitenote_active":false,"_monsterinsights_sitenote_note":"","_monsterinsights_sitenote_category":0,"footnotes":""},"class_list":["post-14663","page","type-page","status-publish","hentry"],"acf":[],"yoast_head":"<!-- This site is optimized with the Yoast SEO plugin v27.5 - https:\/\/yoast.com\/product\/yoast-seo-wordpress\/ -->\n<title>Encontro Pr\u00e9-Doutoral - XXI SemeAd<\/title>\n<meta name=\"robots\" content=\"index, follow, max-snippet:-1, max-image-preview:large, max-video-preview:-1\" \/>\n<link rel=\"canonical\" href=\"https:\/\/semead.com.br\/21\/encontro-pre-doutoral\/\" \/>\n<meta property=\"og:locale\" content=\"pt_BR\" \/>\n<meta property=\"og:type\" content=\"article\" \/>\n<meta property=\"og:title\" content=\"Encontro Pr\u00e9-Doutoral - XXI SemeAd\" \/>\n<meta property=\"og:description\" content=\"Data: 06\/11 (ter\u00e7a-feira) 13h \u2013 Credenciamento e Boas-Vindas 13h30 as 14h30 \u2013 Caminhos para Carreira de Professor no Brasil e no Exterior Conversa com rec\u00e9m doutores atuando em Programas de P\u00f3s-Gradua\u00e7\u00e3o no Brasil ou em carreira no exterior. 14h30 as 16h00 \u2013 Bancas paralelas \u2013 Pr\u00e9-Doutoral 16h00 as 16h30 \u2013 Coffee-Break Paralelamente, durante a tarde...\" \/>\n<meta property=\"og:url\" content=\"https:\/\/semead.com.br\/21\/encontro-pre-doutoral\/\" \/>\n<meta property=\"og:site_name\" content=\"XXI SemeAd\" \/>\n<meta property=\"article:modified_time\" content=\"2018-09-26T23:53:40+00:00\" \/>\n<meta name=\"twitter:card\" content=\"summary_large_image\" \/>\n<script type=\"application\/ld+json\" class=\"yoast-schema-graph\">{\"@context\":\"https:\\\/\\\/schema.org\",\"@graph\":[{\"@type\":\"WebPage\",\"@id\":\"https:\\\/\\\/semead.com.br\\\/21\\\/encontro-pre-doutoral\\\/\",\"url\":\"https:\\\/\\\/semead.com.br\\\/21\\\/encontro-pre-doutoral\\\/\",\"name\":\"Encontro Pr\u00e9-Doutoral - XXI SemeAd\",\"isPartOf\":{\"@id\":\"https:\\\/\\\/semead.com.br\\\/21\\\/#website\"},\"datePublished\":\"2018-09-26T23:52:47+00:00\",\"dateModified\":\"2018-09-26T23:53:40+00:00\",\"breadcrumb\":{\"@id\":\"https:\\\/\\\/semead.com.br\\\/21\\\/encontro-pre-doutoral\\\/#breadcrumb\"},\"inLanguage\":\"pt-BR\",\"potentialAction\":[{\"@type\":\"ReadAction\",\"target\":[\"https:\\\/\\\/semead.com.br\\\/21\\\/encontro-pre-doutoral\\\/\"]}]},{\"@type\":\"BreadcrumbList\",\"@id\":\"https:\\\/\\\/semead.com.br\\\/21\\\/encontro-pre-doutoral\\\/#breadcrumb\",\"itemListElement\":[{\"@type\":\"ListItem\",\"position\":1,\"name\":\"In\u00edcio\",\"item\":\"https:\\\/\\\/semead.com.br\\\/21\\\/\"},{\"@type\":\"ListItem\",\"position\":2,\"name\":\"Encontro Pr\u00e9-Doutoral\"}]},{\"@type\":\"WebSite\",\"@id\":\"https:\\\/\\\/semead.com.br\\\/21\\\/#website\",\"url\":\"https:\\\/\\\/semead.com.br\\\/21\\\/\",\"name\":\"XXI SemeAd\",\"description\":\"Semin\u00e1rios em Administra\u00e7\u00e3o\",\"potentialAction\":[{\"@type\":\"SearchAction\",\"target\":{\"@type\":\"EntryPoint\",\"urlTemplate\":\"https:\\\/\\\/semead.com.br\\\/21\\\/?s={search_term_string}\"},\"query-input\":{\"@type\":\"PropertyValueSpecification\",\"valueRequired\":true,\"valueName\":\"search_term_string\"}}],\"inLanguage\":\"pt-BR\"}]}<\/script>\n<!-- \/ Yoast SEO plugin. -->","yoast_head_json":{"title":"Encontro Pr\u00e9-Doutoral - XXI SemeAd","robots":{"index":"index","follow":"follow","max-snippet":"max-snippet:-1","max-image-preview":"max-image-preview:large","max-video-preview":"max-video-preview:-1"},"canonical":"https:\/\/semead.com.br\/21\/encontro-pre-doutoral\/","og_locale":"pt_BR","og_type":"article","og_title":"Encontro Pr\u00e9-Doutoral - XXI SemeAd","og_description":"Data: 06\/11 (ter\u00e7a-feira) 13h \u2013 Credenciamento e Boas-Vindas 13h30 as 14h30 \u2013 Caminhos para Carreira de Professor no Brasil e no Exterior Conversa com rec\u00e9m doutores atuando em Programas de P\u00f3s-Gradua\u00e7\u00e3o no Brasil ou em carreira no exterior. 14h30 as 16h00 \u2013 Bancas paralelas \u2013 Pr\u00e9-Doutoral 16h00 as 16h30 \u2013 Coffee-Break Paralelamente, durante a tarde...","og_url":"https:\/\/semead.com.br\/21\/encontro-pre-doutoral\/","og_site_name":"XXI SemeAd","article_modified_time":"2018-09-26T23:53:40+00:00","twitter_card":"summary_large_image","schema":{"@context":"https:\/\/schema.org","@graph":[{"@type":"WebPage","@id":"https:\/\/semead.com.br\/21\/encontro-pre-doutoral\/","url":"https:\/\/semead.com.br\/21\/encontro-pre-doutoral\/","name":"Encontro Pr\u00e9-Doutoral - XXI SemeAd","isPartOf":{"@id":"https:\/\/semead.com.br\/21\/#website"},"datePublished":"2018-09-26T23:52:47+00:00","dateModified":"2018-09-26T23:53:40+00:00","breadcrumb":{"@id":"https:\/\/semead.com.br\/21\/encontro-pre-doutoral\/#breadcrumb"},"inLanguage":"pt-BR","potentialAction":[{"@type":"ReadAction","target":["https:\/\/semead.com.br\/21\/encontro-pre-doutoral\/"]}]},{"@type":"BreadcrumbList","@id":"https:\/\/semead.com.br\/21\/encontro-pre-doutoral\/#breadcrumb","itemListElement":[{"@type":"ListItem","position":1,"name":"In\u00edcio","item":"https:\/\/semead.com.br\/21\/"},{"@type":"ListItem","position":2,"name":"Encontro Pr\u00e9-Doutoral"}]},{"@type":"WebSite","@id":"https:\/\/semead.com.br\/21\/#website","url":"https:\/\/semead.com.br\/21\/","name":"XXI SemeAd","description":"Semin\u00e1rios em Administra\u00e7\u00e3o","potentialAction":[{"@type":"SearchAction","target":{"@type":"EntryPoint","urlTemplate":"https:\/\/semead.com.br\/21\/?s={search_term_string}"},"query-input":{"@type":"PropertyValueSpecification","valueRequired":true,"valueName":"search_term_string"}}],"inLanguage":"pt-BR"}]}},"_links":{"self":[{"href":"https:\/\/semead.com.br\/21\/wp-json\/wp\/v2\/pages\/14663","targetHints":{"allow":["GET"]}}],"collection":[{"href":"https:\/\/semead.com.br\/21\/wp-json\/wp\/v2\/pages"}],"about":[{"href":"https:\/\/semead.com.br\/21\/wp-json\/wp\/v2\/types\/page"}],"author":[{"embeddable":true,"href":"https:\/\/semead.com.br\/21\/wp-json\/wp\/v2\/users\/4"}],"replies":[{"embeddable":true,"href":"https:\/\/semead.com.br\/21\/wp-json\/wp\/v2\/comments?post=14663"}],"version-history":[{"count":0,"href":"https:\/\/semead.com.br\/21\/wp-json\/wp\/v2\/pages\/14663\/revisions"}],"wp:attachment":[{"href":"https:\/\/semead.com.br\/21\/wp-json\/wp\/v2\/media?parent=14663"}],"curies":[{"name":"wp","href":"https:\/\/api.w.org\/{rel}","templated":true}]}}

Encontro Pré-Doutoral

<p><strong>Data: 06/11 (terça-feira)</strong></p>



<p><strong>13h</strong> – Credenciamento e Boas-Vindas</p>



<p><strong>13h30 as 14h30</strong> – Caminhos para Carreira de Professor no Brasil e no Exterior</p>



<p>Conversa com recém doutores atuando em Programas de Pós-Graduação no Brasil ou em carreira no exterior.</p>



<p><strong>14h30 as 16h00</strong> – Bancas paralelas – Pré-Doutoral</p>



<p><strong>16h00 as 16h30</strong> – Coffee-Break</p>



<hr class="wp-block-separator"/>



<p>Paralelamente, durante a tarde do dia 06/11, haverá um espaço no qual as instituições parceiras do SemeAd fornecerão informações sobre seus programas de pós-graduação. É uma oportunidade para se aproximar das instituições e entender mais sobre possibilidades de carreira acadêmica.</p>

<p>Data: 06/11 (terça-feira) 13h – Credenciamento e Boas-Vindas 13h30 as 14h30 – Caminhos para Carreira de Professor no Brasil e no Exterior Conversa com recém doutores atuando em Programas de Pós-Graduação no Brasil ou em carreira no exterior. 14h30 as 16h00 – Bancas paralelas – Pré-Doutoral 16h00 as 16h30 – Coffee-Break Paralelamente, durante a tarde&#8230;</p>

<!-- This site is optimized with the Yoast SEO plugin v27.5 - https://yoast.com/product/yoast-seo-wordpress/ -->
<title>Encontro Pré-Doutoral - XXI SemeAd</title>
<meta name="robots" content="index, follow, max-snippet:-1, max-image-preview:large, max-video-preview:-1" />
<link rel="canonical" href="https://semead.com.br/21/encontro-pre-doutoral/" />
<meta property="og:locale" content="pt_BR" />
<meta property="og:type" content="article" />
<meta property="og:title" content="Encontro Pré-Doutoral - XXI SemeAd" />
<meta property="og:description" content="Data: 06/11 (terça-feira) 13h – Credenciamento e Boas-Vindas 13h30 as 14h30 – Caminhos para Carreira de Professor no Brasil e no Exterior Conversa com recém doutores atuando em Programas de Pós-Graduação no Brasil ou em carreira no exterior. 14h30 as 16h00 – Bancas paralelas – Pré-Doutoral 16h00 as 16h30 – Coffee-Break Paralelamente, durante a tarde..." />
<meta property="og:url" content="https://semead.com.br/21/encontro-pre-doutoral/" />
<meta property="og:site_name" content="XXI SemeAd" />
<meta property="article:modified_time" content="2018-09-26T23:53:40+00:00" />
<meta name="twitter:card" content="summary_large_image" />
<script type="application/ld+json" class="yoast-schema-graph">{"@context":"https:\/\/schema.org","@graph":[{"@type":"WebPage","@id":"https:\/\/semead.com.br\/21\/encontro-pre-doutoral\/","url":"https:\/\/semead.com.br\/21\/encontro-pre-doutoral\/","name":"Encontro Pré-Doutoral - XXI SemeAd","isPartOf":{"@id":"https:\/\/semead.com.br\/21\/#website"},"datePublished":"2018-09-26T23:52:47+00:00","dateModified":"2018-09-26T23:53:40+00:00","breadcrumb":{"@id":"https:\/\/semead.com.br\/21\/encontro-pre-doutoral\/#breadcrumb"},"inLanguage":"pt-BR","potentialAction":[{"@type":"ReadAction","target":["https:\/\/semead.com.br\/21\/encontro-pre-doutoral\/"]}]},{"@type":"BreadcrumbList","@id":"https:\/\/semead.com.br\/21\/encontro-pre-doutoral\/#breadcrumb","itemListElement":[{"@type":"ListItem","position":1,"name":"Início","item":"https:\/\/semead.com.br\/21\/"},{"@type":"ListItem","position":2,"name":"Encontro Pré-Doutoral"}]},{"@type":"WebSite","@id":"https:\/\/semead.com.br\/21\/#website","url":"https:\/\/semead.com.br\/21\/","name":"XXI SemeAd","description":"Seminários em Administração","potentialAction":[{"@type":"SearchAction","target":{"@type":"EntryPoint","urlTemplate":"https:\/\/semead.com.br\/21\/?s={search_term_string}"},"query-input":{"@type":"PropertyValueSpecification","valueRequired":true,"valueName":"search_term_string"}}],"inLanguage":"pt-BR"}]}</script>
<!-- / Yoast SEO plugin. -->

Encontro Pré-Doutoral - XXI SemeAd

Data: 06/11 (terça-feira) 13h – Credenciamento e Boas-Vindas 13h30 as 14h30 – Caminhos para Carreira de Professor no Brasil e no Exterior Conversa com recém doutores atuando em Programas de Pós-Graduação no Brasil ou em carreira no exterior. 14h30 as 16h00 – Bancas paralelas – Pré-Doutoral 16h00 as 16h30 – Coffee-Break Paralelamente, durante a tarde...

Início

Seminários em Administração
