{"id":14713,"date":"2018-10-14T23:36:03","date_gmt":"2018-10-15T02:36:03","guid":{"rendered":"https:\/\/semead.com.br\/21\/?page_id=14713"},"modified":"2018-11-01T17:30:21","modified_gmt":"2018-11-01T20:30:21","slug":"forum-de-editores","status":"publish","type":"page","link":"https:\/\/semead.com.br\/21\/forum-de-editores\/","title":{"rendered":"F\u00f3runs de Editores"},"content":{"rendered":"<p><img decoding=\"async\" class=\"alignleft\" src=\"https:\/\/semead.com.br\/20\/wp-content\/uploads\/sites\/7\/2017\/06\/Julio-Cunha-Qualidade-Internet-14-150x150.jpg\" \/><\/p>\n<p><span style=\"font-size: 14pt;\"><strong>Respons\u00e1vel:\u00a0Prof.\u00a0Dr.\u00a0Julio Carneiro da Cunha<\/strong><\/span><\/p>\n<p><span style=\"font-size: 14pt;\">UNINOVE<\/span><\/p>\n<p>O\u00a0<strong>F\u00f3rum de Editores<\/strong>\u00a0ser\u00e1 uma oportunidade de ouvir e discutir com editores das diversas \u00e1reas de Administra\u00e7\u00e3o. Em cada f\u00f3rum, ser\u00e3o discutidas quest\u00f5es relacionadas a t\u00f3picos emergentes, temas de destaque e os principais motivos de rejei\u00e7\u00e3o de artigos submetidos nas revistas presentes.<\/p>\n<p><strong>GEST\u00c3O DE PESSOAS &#8211;\u00a0<\/strong><b>Quarta-Feira (07\/11) &#8211; das 14:35 \u00e0s 16:05\u00a0<\/b><\/p>\n<p><em>FEA1 &#8211; SALA E07<\/em><\/p>\n<p>RAE (EAESP \/ FGV) \u2013 Maria Jos\u00e9 Tonelli<br \/>O&amp;S (UFBA) \u2013 Ari\u00e1dne Rigo<br \/>RAU (UNIMEP) \u2013 Graziela Graziano<\/p>\n<p><strong>EMPREENDEDORISMO &#8211;\u00a0<\/strong><b>Quarta-Feira (07\/11) &#8211; das 14:35 \u00e0s 16:05<\/b><\/p>\n<p><em>FEA1 &#8211; SALA E09<\/em><\/p>\n<p>REGEPE (ANEGEPE) \u2013 V\u00e2nia Nassif<br \/>REMIPE (FATEC) \u2013 Fernando Almeida<br \/>RAI (USP) &#8211; Felipe Borini<\/p>\n<p><strong>ESTRAT\u00c9GIA &#8211;\u00a0<b>Quinta-Feira (08\/11) &#8211; das 10:00 \u00e0s 11:30<\/b><\/strong><\/p>\n<p><em>FEA1 &#8211; SALA A09<\/em><\/p>\n<p>BBR (FUCAPE) &#8211; Emerson Mainardes<br \/>RAM (UPM) \u2013 Silvio Popadiuk<br \/>REGE (FEA \/ USP) \u2013 Adriana Marotti de Mello<br \/>RIAE (UNINOVE) \u2013 Fernando Serra<\/p>\n<p><strong>SUSTENTABILIDADE &#8211;\u00a0<b>Quinta-Feira (08\/11) &#8211; das 10:00 \u00e0s 11:30<\/b><\/strong><\/p>\n<p><em>FEA1 &#8211; SALA A10<\/em><\/p>\n<p>Journal of Cleaner Production (Elsevier) &#8211; Cec\u00edlia Maria Villas B\u00f4as de Almeida<br \/>RAUSP (FEA \/ USP) \u2013 Flavio Hourneaux Jr.<br \/>ReA UFSM (UFSM) \u2013 Clandia Maffini Gomes<br \/>GEAS (UNINOVE) \u2013 Cl\u00e1udia Kniess<\/p>\n<p><strong>TURISMO &#8211;\u00a0<b>Quinta-Feira (08\/11) &#8211; das 15:05 \u00e0s 16:35<\/b><\/strong><\/p>\n<p><em>FEA1 &#8211; SALA E07<\/em><\/p>\n<p>RBTur (ANPTUR) \u2013 Glauber Santos<br \/>Turismo em An\u00e1lise (USP) \u2013 D\u00e9bora Cordeiro Braga<br \/>PODIUM (UNINOVE) \u2013 Benny Kramer Costa e Julio Carneiro da Cunha<br \/>Hospitalidade (Anhembi Morumbi) \u2013 Claudio Stefanini e Carlos Alberto Alves<\/p>\n<p><strong>INDEXA\u00c7\u00d5ES DE REVISTAS &#8211;\u00a0<b>Quinta-Feira (08\/11) &#8211; das 15:05 \u00e0s 16:35<\/b><\/strong><\/p>\n<p><em>FEA1 &#8211; SALA E09<\/em><\/p>\n<p>Crit\u00e9rios de sele\u00e7\u00e3o de revistas para indexa\u00e7\u00e3o<br \/>Solange Maria dos Santos \u2013 Scielo<\/p>\n<p><strong>MARKETING &#8211;\u00a0<b>Sexta-Feira (09\/11) &#8211; das 10:00 \u00e0s 11:30<\/b><\/strong><\/p>\n<p><em>FEA1 &#8211; SALA E09<\/em><\/p>\n<p>RBGN (FECAP) &#8211;\u00a0Guilherme de Farias Shiraishi<br \/>ReMark &#8211;\u00a0Otavio Freire<br \/>RAD (PUC-SP) &#8211;\u00a0Francisco Serralvo<\/p>\n\n\n<p><\/p>\n","protected":false},"excerpt":{"rendered":"<p>Respons\u00e1vel:\u00a0Prof.\u00a0Dr.\u00a0Julio Carneiro da Cunha UNINOVE O\u00a0F\u00f3rum de Editores\u00a0ser\u00e1 uma oportunidade de ouvir e discutir com editores das diversas \u00e1reas de Administra\u00e7\u00e3o. Em cada f\u00f3rum, ser\u00e3o discutidas quest\u00f5es relacionadas a t\u00f3picos emergentes, temas de destaque e os principais motivos de rejei\u00e7\u00e3o de artigos submetidos nas revistas presentes. GEST\u00c3O DE PESSOAS &#8211;\u00a0Quarta-Feira (07\/11) &#8211; das 14:35 \u00e0s&#8230;<\/p>\n","protected":false},"author":4,"featured_media":0,"parent":0,"menu_order":0,"comment_status":"closed","ping_status":"closed","template":"","meta":{"_acf_changed":false,"_monsterinsights_skip_tracking":false,"_monsterinsights_sitenote_active":false,"_monsterinsights_sitenote_note":"","_monsterinsights_sitenote_category":0,"footnotes":""},"class_list":["post-14713","page","type-page","status-publish","hentry"],"acf":[],"yoast_head":"<!-- This site is optimized with the Yoast SEO plugin v27.5 - https:\/\/yoast.com\/product\/yoast-seo-wordpress\/ -->\n<title>F\u00f3runs de Editores - XXI SemeAd<\/title>\n<meta name=\"robots\" content=\"index, follow, max-snippet:-1, max-image-preview:large, max-video-preview:-1\" \/>\n<link rel=\"canonical\" href=\"https:\/\/semead.com.br\/21\/forum-de-editores\/\" \/>\n<meta property=\"og:locale\" content=\"pt_BR\" \/>\n<meta property=\"og:type\" content=\"article\" \/>\n<meta property=\"og:title\" content=\"F\u00f3runs de Editores - XXI SemeAd\" \/>\n<meta property=\"og:description\" content=\"Respons\u00e1vel:\u00a0Prof.\u00a0Dr.\u00a0Julio Carneiro da Cunha UNINOVE O\u00a0F\u00f3rum de Editores\u00a0ser\u00e1 uma oportunidade de ouvir e discutir com editores das diversas \u00e1reas de Administra\u00e7\u00e3o. Em cada f\u00f3rum, ser\u00e3o discutidas quest\u00f5es relacionadas a t\u00f3picos emergentes, temas de destaque e os principais motivos de rejei\u00e7\u00e3o de artigos submetidos nas revistas presentes. GEST\u00c3O DE PESSOAS &#8211;\u00a0Quarta-Feira (07\/11) &#8211; das 14:35 \u00e0s...\" \/>\n<meta property=\"og:url\" content=\"https:\/\/semead.com.br\/21\/forum-de-editores\/\" \/>\n<meta property=\"og:site_name\" content=\"XXI SemeAd\" \/>\n<meta property=\"article:modified_time\" content=\"2018-11-01T20:30:21+00:00\" \/>\n<meta property=\"og:image\" content=\"https:\/\/semead.com.br\/20\/wp-content\/uploads\/sites\/7\/2017\/06\/Julio-Cunha-Qualidade-Internet-14-150x150.jpg\" \/>\n<meta name=\"twitter:card\" content=\"summary_large_image\" \/>\n<meta name=\"twitter:label1\" content=\"Est. tempo de leitura\" \/>\n\t<meta name=\"twitter:data1\" content=\"1 minuto\" \/>\n<script type=\"application\/ld+json\" class=\"yoast-schema-graph\">{\"@context\":\"https:\\\/\\\/schema.org\",\"@graph\":[{\"@type\":\"WebPage\",\"@id\":\"https:\\\/\\\/semead.com.br\\\/21\\\/forum-de-editores\\\/\",\"url\":\"https:\\\/\\\/semead.com.br\\\/21\\\/forum-de-editores\\\/\",\"name\":\"F\u00f3runs de Editores - XXI SemeAd\",\"isPartOf\":{\"@id\":\"https:\\\/\\\/semead.com.br\\\/21\\\/#website\"},\"primaryImageOfPage\":{\"@id\":\"https:\\\/\\\/semead.com.br\\\/21\\\/forum-de-editores\\\/#primaryimage\"},\"image\":{\"@id\":\"https:\\\/\\\/semead.com.br\\\/21\\\/forum-de-editores\\\/#primaryimage\"},\"thumbnailUrl\":\"https:\\\/\\\/semead.com.br\\\/20\\\/wp-content\\\/uploads\\\/sites\\\/7\\\/2017\\\/06\\\/Julio-Cunha-Qualidade-Internet-14-150x150.jpg\",\"datePublished\":\"2018-10-15T02:36:03+00:00\",\"dateModified\":\"2018-11-01T20:30:21+00:00\",\"breadcrumb\":{\"@id\":\"https:\\\/\\\/semead.com.br\\\/21\\\/forum-de-editores\\\/#breadcrumb\"},\"inLanguage\":\"pt-BR\",\"potentialAction\":[{\"@type\":\"ReadAction\",\"target\":[\"https:\\\/\\\/semead.com.br\\\/21\\\/forum-de-editores\\\/\"]}]},{\"@type\":\"ImageObject\",\"inLanguage\":\"pt-BR\",\"@id\":\"https:\\\/\\\/semead.com.br\\\/21\\\/forum-de-editores\\\/#primaryimage\",\"url\":\"https:\\\/\\\/semead.com.br\\\/20\\\/wp-content\\\/uploads\\\/sites\\\/7\\\/2017\\\/06\\\/Julio-Cunha-Qualidade-Internet-14-150x150.jpg\",\"contentUrl\":\"https:\\\/\\\/semead.com.br\\\/20\\\/wp-content\\\/uploads\\\/sites\\\/7\\\/2017\\\/06\\\/Julio-Cunha-Qualidade-Internet-14-150x150.jpg\"},{\"@type\":\"BreadcrumbList\",\"@id\":\"https:\\\/\\\/semead.com.br\\\/21\\\/forum-de-editores\\\/#breadcrumb\",\"itemListElement\":[{\"@type\":\"ListItem\",\"position\":1,\"name\":\"In\u00edcio\",\"item\":\"https:\\\/\\\/semead.com.br\\\/21\\\/\"},{\"@type\":\"ListItem\",\"position\":2,\"name\":\"F\u00f3runs de Editores\"}]},{\"@type\":\"WebSite\",\"@id\":\"https:\\\/\\\/semead.com.br\\\/21\\\/#website\",\"url\":\"https:\\\/\\\/semead.com.br\\\/21\\\/\",\"name\":\"XXI SemeAd\",\"description\":\"Semin\u00e1rios em Administra\u00e7\u00e3o\",\"potentialAction\":[{\"@type\":\"SearchAction\",\"target\":{\"@type\":\"EntryPoint\",\"urlTemplate\":\"https:\\\/\\\/semead.com.br\\\/21\\\/?s={search_term_string}\"},\"query-input\":{\"@type\":\"PropertyValueSpecification\",\"valueRequired\":true,\"valueName\":\"search_term_string\"}}],\"inLanguage\":\"pt-BR\"}]}<\/script>\n<!-- \/ Yoast SEO plugin. -->","yoast_head_json":{"title":"F\u00f3runs de Editores - XXI SemeAd","robots":{"index":"index","follow":"follow","max-snippet":"max-snippet:-1","max-image-preview":"max-image-preview:large","max-video-preview":"max-video-preview:-1"},"canonical":"https:\/\/semead.com.br\/21\/forum-de-editores\/","og_locale":"pt_BR","og_type":"article","og_title":"F\u00f3runs de Editores - XXI SemeAd","og_description":"Respons\u00e1vel:\u00a0Prof.\u00a0Dr.\u00a0Julio Carneiro da Cunha UNINOVE O\u00a0F\u00f3rum de Editores\u00a0ser\u00e1 uma oportunidade de ouvir e discutir com editores das diversas \u00e1reas de Administra\u00e7\u00e3o. Em cada f\u00f3rum, ser\u00e3o discutidas quest\u00f5es relacionadas a t\u00f3picos emergentes, temas de destaque e os principais motivos de rejei\u00e7\u00e3o de artigos submetidos nas revistas presentes. GEST\u00c3O DE PESSOAS &#8211;\u00a0Quarta-Feira (07\/11) &#8211; das 14:35 \u00e0s...","og_url":"https:\/\/semead.com.br\/21\/forum-de-editores\/","og_site_name":"XXI SemeAd","article_modified_time":"2018-11-01T20:30:21+00:00","og_image":[{"url":"https:\/\/semead.com.br\/20\/wp-content\/uploads\/sites\/7\/2017\/06\/Julio-Cunha-Qualidade-Internet-14-150x150.jpg","type":"","width":"","height":""}],"twitter_card":"summary_large_image","twitter_misc":{"Est. tempo de leitura":"1 minuto"},"schema":{"@context":"https:\/\/schema.org","@graph":[{"@type":"WebPage","@id":"https:\/\/semead.com.br\/21\/forum-de-editores\/","url":"https:\/\/semead.com.br\/21\/forum-de-editores\/","name":"F\u00f3runs de Editores - XXI SemeAd","isPartOf":{"@id":"https:\/\/semead.com.br\/21\/#website"},"primaryImageOfPage":{"@id":"https:\/\/semead.com.br\/21\/forum-de-editores\/#primaryimage"},"image":{"@id":"https:\/\/semead.com.br\/21\/forum-de-editores\/#primaryimage"},"thumbnailUrl":"https:\/\/semead.com.br\/20\/wp-content\/uploads\/sites\/7\/2017\/06\/Julio-Cunha-Qualidade-Internet-14-150x150.jpg","datePublished":"2018-10-15T02:36:03+00:00","dateModified":"2018-11-01T20:30:21+00:00","breadcrumb":{"@id":"https:\/\/semead.com.br\/21\/forum-de-editores\/#breadcrumb"},"inLanguage":"pt-BR","potentialAction":[{"@type":"ReadAction","target":["https:\/\/semead.com.br\/21\/forum-de-editores\/"]}]},{"@type":"ImageObject","inLanguage":"pt-BR","@id":"https:\/\/semead.com.br\/21\/forum-de-editores\/#primaryimage","url":"https:\/\/semead.com.br\/20\/wp-content\/uploads\/sites\/7\/2017\/06\/Julio-Cunha-Qualidade-Internet-14-150x150.jpg","contentUrl":"https:\/\/semead.com.br\/20\/wp-content\/uploads\/sites\/7\/2017\/06\/Julio-Cunha-Qualidade-Internet-14-150x150.jpg"},{"@type":"BreadcrumbList","@id":"https:\/\/semead.com.br\/21\/forum-de-editores\/#breadcrumb","itemListElement":[{"@type":"ListItem","position":1,"name":"In\u00edcio","item":"https:\/\/semead.com.br\/21\/"},{"@type":"ListItem","position":2,"name":"F\u00f3runs de Editores"}]},{"@type":"WebSite","@id":"https:\/\/semead.com.br\/21\/#website","url":"https:\/\/semead.com.br\/21\/","name":"XXI SemeAd","description":"Semin\u00e1rios em Administra\u00e7\u00e3o","potentialAction":[{"@type":"SearchAction","target":{"@type":"EntryPoint","urlTemplate":"https:\/\/semead.com.br\/21\/?s={search_term_string}"},"query-input":{"@type":"PropertyValueSpecification","valueRequired":true,"valueName":"search_term_string"}}],"inLanguage":"pt-BR"}]}},"_links":{"self":[{"href":"https:\/\/semead.com.br\/21\/wp-json\/wp\/v2\/pages\/14713","targetHints":{"allow":["GET"]}}],"collection":[{"href":"https:\/\/semead.com.br\/21\/wp-json\/wp\/v2\/pages"}],"about":[{"href":"https:\/\/semead.com.br\/21\/wp-json\/wp\/v2\/types\/page"}],"author":[{"embeddable":true,"href":"https:\/\/semead.com.br\/21\/wp-json\/wp\/v2\/users\/4"}],"replies":[{"embeddable":true,"href":"https:\/\/semead.com.br\/21\/wp-json\/wp\/v2\/comments?post=14713"}],"version-history":[{"count":0,"href":"https:\/\/semead.com.br\/21\/wp-json\/wp\/v2\/pages\/14713\/revisions"}],"wp:attachment":[{"href":"https:\/\/semead.com.br\/21\/wp-json\/wp\/v2\/media?parent=14713"}],"curies":[{"name":"wp","href":"https:\/\/api.w.org\/{rel}","templated":true}]}}

Fóruns de Editores

<p><img decoding="async" class="alignleft" src="https://semead.com.br/20/wp-content/uploads/sites/7/2017/06/Julio-Cunha-Qualidade-Internet-14-150x150.jpg" /></p>
<p><span style="font-size: 14pt;"><strong>Responsável: Prof. Dr. Julio Carneiro da Cunha</strong></span></p>
<p><span style="font-size: 14pt;">UNINOVE</span></p>
<p>O <strong>Fórum de Editores</strong> será uma oportunidade de ouvir e discutir com editores das diversas áreas de Administração. Em cada fórum, serão discutidas questões relacionadas a tópicos emergentes, temas de destaque e os principais motivos de rejeição de artigos submetidos nas revistas presentes.</p>
<p><strong>GESTÃO DE PESSOAS &#8211; </strong><b>Quarta-Feira (07/11) &#8211; das 14:35 às 16:05 </b></p>
<p><em>FEA1 &#8211; SALA E07</em></p>
<p>RAE (EAESP / FGV) – Maria José Tonelli<br />O&amp;S (UFBA) – Ariádne Rigo<br />RAU (UNIMEP) – Graziela Graziano</p>
<p><strong>EMPREENDEDORISMO &#8211; </strong><b>Quarta-Feira (07/11) &#8211; das 14:35 às 16:05</b></p>
<p><em>FEA1 &#8211; SALA E09</em></p>
<p>REGEPE (ANEGEPE) – Vânia Nassif<br />REMIPE (FATEC) – Fernando Almeida<br />RAI (USP) &#8211; Felipe Borini</p>
<p><strong>ESTRATÉGIA &#8211; <b>Quinta-Feira (08/11) &#8211; das 10:00 às 11:30</b></strong></p>
<p><em>FEA1 &#8211; SALA A09</em></p>
<p>BBR (FUCAPE) &#8211; Emerson Mainardes<br />RAM (UPM) – Silvio Popadiuk<br />REGE (FEA / USP) – Adriana Marotti de Mello<br />RIAE (UNINOVE) – Fernando Serra</p>
<p><strong>SUSTENTABILIDADE &#8211; <b>Quinta-Feira (08/11) &#8211; das 10:00 às 11:30</b></strong></p>
<p><em>FEA1 &#8211; SALA A10</em></p>
<p>Journal of Cleaner Production (Elsevier) &#8211; Cecília Maria Villas Bôas de Almeida<br />RAUSP (FEA / USP) – Flavio Hourneaux Jr.<br />ReA UFSM (UFSM) – Clandia Maffini Gomes<br />GEAS (UNINOVE) – Cláudia Kniess</p>
<p><strong>TURISMO &#8211; <b>Quinta-Feira (08/11) &#8211; das 15:05 às 16:35</b></strong></p>
<p><em>FEA1 &#8211; SALA E07</em></p>
<p>RBTur (ANPTUR) – Glauber Santos<br />Turismo em Análise (USP) – Débora Cordeiro Braga<br />PODIUM (UNINOVE) – Benny Kramer Costa e Julio Carneiro da Cunha<br />Hospitalidade (Anhembi Morumbi) – Claudio Stefanini e Carlos Alberto Alves</p>
<p><strong>INDEXAÇÕES DE REVISTAS &#8211; <b>Quinta-Feira (08/11) &#8211; das 15:05 às 16:35</b></strong></p>
<p><em>FEA1 &#8211; SALA E09</em></p>
<p>Critérios de seleção de revistas para indexação<br />Solange Maria dos Santos – Scielo</p>
<p><strong>MARKETING &#8211; <b>Sexta-Feira (09/11) &#8211; das 10:00 às 11:30</b></strong></p>
<p><em>FEA1 &#8211; SALA E09</em></p>
<p>RBGN (FECAP) &#8211; Guilherme de Farias Shiraishi<br />ReMark &#8211; Otavio Freire<br />RAD (PUC-SP) &#8211; Francisco Serralvo</p>


<p></p>

<p>Responsável: Prof. Dr. Julio Carneiro da Cunha UNINOVE O Fórum de Editores será uma oportunidade de ouvir e discutir com editores das diversas áreas de Administração. Em cada fórum, serão discutidas questões relacionadas a tópicos emergentes, temas de destaque e os principais motivos de rejeição de artigos submetidos nas revistas presentes. GESTÃO DE PESSOAS &#8211; Quarta-Feira (07/11) &#8211; das 14:35 às&#8230;</p>

<!-- This site is optimized with the Yoast SEO plugin v27.5 - https://yoast.com/product/yoast-seo-wordpress/ -->
<title>Fóruns de Editores - XXI SemeAd</title>
<meta name="robots" content="index, follow, max-snippet:-1, max-image-preview:large, max-video-preview:-1" />
<link rel="canonical" href="https://semead.com.br/21/forum-de-editores/" />
<meta property="og:locale" content="pt_BR" />
<meta property="og:type" content="article" />
<meta property="og:title" content="Fóruns de Editores - XXI SemeAd" />
<meta property="og:description" content="Responsável: Prof. Dr. Julio Carneiro da Cunha UNINOVE O Fórum de Editores será uma oportunidade de ouvir e discutir com editores das diversas áreas de Administração. Em cada fórum, serão discutidas questões relacionadas a tópicos emergentes, temas de destaque e os principais motivos de rejeição de artigos submetidos nas revistas presentes. GESTÃO DE PESSOAS &#8211; Quarta-Feira (07/11) &#8211; das 14:35 às..." />
<meta property="og:url" content="https://semead.com.br/21/forum-de-editores/" />
<meta property="og:site_name" content="XXI SemeAd" />
<meta property="article:modified_time" content="2018-11-01T20:30:21+00:00" />
<meta property="og:image" content="https://semead.com.br/20/wp-content/uploads/sites/7/2017/06/Julio-Cunha-Qualidade-Internet-14-150x150.jpg" />
<meta name="twitter:card" content="summary_large_image" />
<meta name="twitter:label1" content="Est. tempo de leitura" />
	<meta name="twitter:data1" content="1 minuto" />
<script type="application/ld+json" class="yoast-schema-graph">{"@context":"https:\/\/schema.org","@graph":[{"@type":"WebPage","@id":"https:\/\/semead.com.br\/21\/forum-de-editores\/","url":"https:\/\/semead.com.br\/21\/forum-de-editores\/","name":"Fóruns de Editores - XXI SemeAd","isPartOf":{"@id":"https:\/\/semead.com.br\/21\/#website"},"primaryImageOfPage":{"@id":"https:\/\/semead.com.br\/21\/forum-de-editores\/#primaryimage"},"image":{"@id":"https:\/\/semead.com.br\/21\/forum-de-editores\/#primaryimage"},"thumbnailUrl":"https:\/\/semead.com.br\/20\/wp-content\/uploads\/sites\/7\/2017\/06\/Julio-Cunha-Qualidade-Internet-14-150x150.jpg","datePublished":"2018-10-15T02:36:03+00:00","dateModified":"2018-11-01T20:30:21+00:00","breadcrumb":{"@id":"https:\/\/semead.com.br\/21\/forum-de-editores\/#breadcrumb"},"inLanguage":"pt-BR","potentialAction":[{"@type":"ReadAction","target":["https:\/\/semead.com.br\/21\/forum-de-editores\/"]}]},{"@type":"ImageObject","inLanguage":"pt-BR","@id":"https:\/\/semead.com.br\/21\/forum-de-editores\/#primaryimage","url":"https:\/\/semead.com.br\/20\/wp-content\/uploads\/sites\/7\/2017\/06\/Julio-Cunha-Qualidade-Internet-14-150x150.jpg","contentUrl":"https:\/\/semead.com.br\/20\/wp-content\/uploads\/sites\/7\/2017\/06\/Julio-Cunha-Qualidade-Internet-14-150x150.jpg"},{"@type":"BreadcrumbList","@id":"https:\/\/semead.com.br\/21\/forum-de-editores\/#breadcrumb","itemListElement":[{"@type":"ListItem","position":1,"name":"Início","item":"https:\/\/semead.com.br\/21\/"},{"@type":"ListItem","position":2,"name":"Fóruns de Editores"}]},{"@type":"WebSite","@id":"https:\/\/semead.com.br\/21\/#website","url":"https:\/\/semead.com.br\/21\/","name":"XXI SemeAd","description":"Seminários em Administração","potentialAction":[{"@type":"SearchAction","target":{"@type":"EntryPoint","urlTemplate":"https:\/\/semead.com.br\/21\/?s={search_term_string}"},"query-input":{"@type":"PropertyValueSpecification","valueRequired":true,"valueName":"search_term_string"}}],"inLanguage":"pt-BR"}]}</script>
<!-- / Yoast SEO plugin. -->

Fóruns de Editores - XXI SemeAd

Responsável: Prof. Dr. Julio Carneiro da Cunha UNINOVE O Fórum de Editores será uma oportunidade de ouvir e discutir com editores das diversas áreas de Administração. Em cada fórum, serão discutidas questões relacionadas a tópicos emergentes, temas de destaque e os principais motivos de rejeição de artigos submetidos nas revistas presentes. GESTÃO DE PESSOAS &#8211; Quarta-Feira (07/11) &#8211; das 14:35 às...

Início

Seminários em Administração
