{"id":11547,"date":"2014-10-24T12:08:12","date_gmt":"2014-10-24T14:08:12","guid":{"rendered":"http:\/\/semead.com.br\/?page_id=11547"},"modified":"2019-11-02T14:23:15","modified_gmt":"2019-11-02T17:23:15","slug":"consorcio-doutoral","status":"publish","type":"page","link":"https:\/\/semead.com.br\/22\/trabalhos\/consorcio-doutoral\/","title":{"rendered":"Cons\u00f3rcio Doutoral"},"content":{"rendered":"\t\t<div data-elementor-type=\"wp-post\" data-elementor-id=\"11547\" class=\"elementor elementor-11547\">\n\t\t\t\t\t\t<section class=\"elementor-section elementor-top-section elementor-element elementor-element-14986fe8 elementor-section-boxed elementor-section-height-default elementor-section-height-default\" data-id=\"14986fe8\" data-element_type=\"section\" data-e-type=\"section\">\n\t\t\t\t\t\t<div class=\"elementor-container elementor-column-gap-default\">\n\t\t\t\t\t<div class=\"elementor-column elementor-col-100 elementor-top-column elementor-element elementor-element-14aa384\" data-id=\"14aa384\" data-element_type=\"column\" data-e-type=\"column\">\n\t\t\t<div class=\"elementor-widget-wrap elementor-element-populated\">\n\t\t\t\t\t\t<div class=\"elementor-element elementor-element-1da29bb1 elementor-widget elementor-widget-text-editor\" data-id=\"1da29bb1\" data-element_type=\"widget\" data-e-type=\"widget\" data-widget_type=\"text-editor.default\">\n\t\t\t\t<div class=\"elementor-widget-container\">\n\t\t\t\t\t\t\t\t\t<p><div class=\"symple-column symple-one-fourth symple-column-first  \"><img decoding=\"async\" class=\"alignnone size-medium\" src=\"http:\/\/semead.com.br\/20\/wp-content\/uploads\/sites\/7\/2017\/06\/Felipe-Borini-e1497300033376.png\" width=\"150\" height=\"150\" \/><img decoding=\"async\" class=\"alignnone wp-image-13733 size-full\" src=\"http:\/\/semead.com.br\/22\/wp-content\/uploads\/sites\/9\/2017\/06\/Felipe-Borini-e1497300033376.png\" alt=\"\" width=\"150\" height=\"150\" \/><\/div><\/p><p><div class=\"symple-column symple-three-fourth symple-column-last  \"><\/p><h3>Respons\u00e1vel:\u00a0Prof.\u00a0Dr. Felipe Mendes Borini<\/h3><p>FEA-USP\/ESPM<\/p><p><\/div><div class=\"symple-clear-floats\"><\/div><\/p>\t\t\t\t\t\t\t\t<\/div>\n\t\t\t\t<\/div>\n\t\t\t\t\t<\/div>\n\t\t<\/div>\n\t\t\t\t\t<\/div>\n\t\t<\/section>\n\t\t\t\t<section class=\"elementor-section elementor-top-section elementor-element elementor-element-e4f18f3 elementor-section-boxed elementor-section-height-default elementor-section-height-default\" data-id=\"e4f18f3\" data-element_type=\"section\" data-e-type=\"section\">\n\t\t\t\t\t\t<div class=\"elementor-container elementor-column-gap-default\">\n\t\t\t\t\t<div class=\"elementor-column elementor-col-100 elementor-top-column elementor-element elementor-element-2d95709\" data-id=\"2d95709\" data-element_type=\"column\" data-e-type=\"column\">\n\t\t\t<div class=\"elementor-widget-wrap elementor-element-populated\">\n\t\t\t\t\t\t<div class=\"elementor-element elementor-element-f7494e7 elementor-widget elementor-widget-rt-cta\" data-id=\"f7494e7\" data-element_type=\"widget\" data-e-type=\"widget\" data-widget_type=\"rt-cta.default\">\n\t\t\t\t<div class=\"elementor-widget-container\">\n\t\t\t\t\t\n<div class=\"rt-el-cta-1\">\n\t<div class=\"container\">\n\t\t<div class=\"row\">\n\t\t\t<div class=\"col-md-8 col-sm-12 col-xs-12\">\n\t\t\t\t<h3 class=\"rtin-title\">Programa\u00e7\u00e3o do Cons\u00f3rcio Doutoral<\/h3>\n\t\t\t<\/div>\n\t\t\t<div class=\"col-md-4 col-sm-12 col-xs-12\">\n\t\t\t\t\t\t\t\t\t<div class=\"rtin-button\"><a class=\"btn-fill color-yellow border-radius-5 size-lg gust\" href=\"http:\/\/semead.com.br\/22\/wp-content\/uploads\/sites\/9\/2019\/11\/Programa\u00e7\u00e3o-Sint\u00e9tica-SEMEAD-2019-FINAL.pdf\">Clique Aqui<\/a><\/div>\t\t\n\t\t\t\t\t\t\t<\/div>\n\t\t<\/div>\t\t\n\t<\/div>\n<\/div>\t\t\t\t<\/div>\n\t\t\t\t<\/div>\n\t\t\t\t\t<\/div>\n\t\t<\/div>\n\t\t\t\t\t<\/div>\n\t\t<\/section>\n\t\t\t\t<section class=\"elementor-section elementor-top-section elementor-element elementor-element-c57596a elementor-section-boxed elementor-section-height-default elementor-section-height-default\" data-id=\"c57596a\" data-element_type=\"section\" data-e-type=\"section\">\n\t\t\t\t\t\t<div class=\"elementor-container elementor-column-gap-default\">\n\t\t\t\t\t<div class=\"elementor-column elementor-col-100 elementor-top-column elementor-element elementor-element-fc6fc10\" data-id=\"fc6fc10\" data-element_type=\"column\" data-e-type=\"column\">\n\t\t\t<div class=\"elementor-widget-wrap elementor-element-populated\">\n\t\t\t\t\t\t<div class=\"elementor-element elementor-element-82578d7 elementor-widget elementor-widget-text-editor\" data-id=\"82578d7\" data-element_type=\"widget\" data-e-type=\"widget\" data-widget_type=\"text-editor.default\">\n\t\t\t\t<div class=\"elementor-widget-container\">\n\t\t\t\t\t\t\t\t\t<p>\u00a0<\/p><h3>Apresenta\u00e7\u00e3o do cons\u00f3rcio doutoral<\/h3><p><iframe title=\"Semead 2019 -  Cons\u00f3rcio Doutoral\" width=\"1200\" height=\"675\" src=\"https:\/\/www.youtube.com\/embed\/2Rq27nCWSa8?feature=oembed\" frameborder=\"0\" allow=\"accelerometer; autoplay; encrypted-media; gyroscope; picture-in-picture\" allowfullscreen><\/iframe><\/p><p>O projeto de tese dever\u00e1 ser submetido no formato de artigo cient\u00edfico de acordo com as instru\u00e7\u00f5es a seguir.<\/p><p><strong>Formata\u00e7\u00e3o do trabalho:<\/strong><\/p><p>\u2013 Formato do papel: A4;<\/p><p>\u2013 Fonte: Times New Roman\/ tamanho 12;<\/p><p>\u2013 Espa\u00e7amento: simples, texto disposto em uma coluna;<\/p><p>\u2013 Alinhamento: justificado;<\/p><p>\u2013 Margens: Superior: 3 cm; inferior: 2 cm; esquerda: 3 cm; direita: 2 cm.<\/p><p>\u2013 Pagina\u00e7\u00e3o: inserir n\u00famero de p\u00e1ginas no rodap\u00e9 com alinhamento ao lado direito;<\/p><p>\u2013 T\u00edtulos em letras mai\u00fasculas e subt\u00edtulos em letras min\u00fasculas;<\/p><p>\u2013 Formato do arquivo: PDF;<\/p><p>\u2013 O trabalho pode ter no m\u00e1ximo 10 paginas incluindo o texto propriamente dito, ilustra\u00e7\u00f5es e refer\u00eancias bibliogr\u00e1ficas;<\/p><p>\u2013 O texto deve come\u00e7ar pelo t\u00edtulo seguido pela introdu\u00e7\u00e3o. Sugerimos aos autores que preparem o resumo expandido em um documento separado e copiem e colem cada item no campo espec\u00edfico no ato da submiss\u00e3o;<\/p><p>\u2013 As refer\u00eancias bibliogr\u00e1ficas dever\u00e3o ser citadas ao longo do texto de acordo com o sistema (autor-data), e apresentadas em ordem alfab\u00e9tica no final do trabalho, de acordo com as normas APA ou ABNT\/NBR-6023.<\/p><p><strong>\u00a0<\/strong><\/p><p><strong>Estrutura obrigat\u00f3ria do trabalho (propostas que n\u00e3o seguirem essa estrutura ser\u00e3o rejeitados no processo de desk review):<\/strong><\/p><p>\u2013 Titulo e \u00c1rea de Pesquisa (siga o descritivo das \u00e1reas tem\u00e1ticas do Semead)<\/p><p>\u2013 Introdu\u00e7\u00e3o (Problema e Objetivo de Pesquisa):<\/p><ol><li>Descrever o estado da arte da tem\u00e1tica em quest\u00e3o.<\/li><li>Apresentar de forma argumentativa a problem\u00e1tica de pesquisa.<\/li><li>Apresentar o principal objetivo de pesquisa (a tese a ser defendida) e eventuais objetivos espec\u00edficos.<\/li><\/ol><p>\u2013 Justificativa:<\/p><ol><li>Apresentar de forma fundamentada a(s) contribui\u00e7\u00e3o(\u00f5es) acad\u00eamica(s) esperada(s).<\/li><li>Apresentar eventual contribui\u00e7\u00e3o gerencial ou para pol\u00edticas p\u00fablicas (fortemente recomendado, mas n\u00e3o obrigat\u00f3rio)<\/li><li>Apresentar eventual contribui\u00e7\u00e3o metodol\u00f3gica (n\u00e3o obrigat\u00f3rio)<\/li><li>Apresentar o esperado impacto social do seu projeto (fortemente recomendado, mas n\u00e3o obrigat\u00f3rio)<\/li><\/ol><p>\u2013 Fundamenta\u00e7\u00e3o Te\u00f3rica:<\/p><ol><li>Apresentar o(s) principal(is)\u00a0argumento(s) te\u00f3rico(s)<\/li><li>Fundamenta\u00e7\u00e3o e defini\u00e7\u00e3o dos constructos chave do projeto<\/li><li>Proposi\u00e7\u00f5es e\/ou hip\u00f3teses;<\/li><\/ol><p>\u2013 Metodologia: descrever o\u00a0desenho de pesquisa<\/p><ol><li>Abordagem (exemplo: qualitativa, quantitativa),<\/li><li>M\u00e9todo ou Estrat\u00e9gia de Pesquisa (exemplo: Levantamento de dados prim\u00e1rios, Estudo de Caso, Grounded Theory, etc.)<\/li><li>T\u00e9cnica de coleta (exemplo: Survey, Entrevista em Profundidade, Observa\u00e7\u00e3o, etc.)<\/li><li>T\u00e9cnica de an\u00e1lise de dados (exemplo: An\u00e1lise Multivariada, An\u00e1lise de Conte\u00fado, An\u00e1lise de Discursso, etc.)<\/li><\/ol><p>\u2013 Refer\u00eancias Bibliogr\u00e1ficas.<\/p><p><strong>\u00a0<\/strong><\/p><p><strong>Resumo Estruturado\u00a0<\/strong><em>(p\u00e1gina de submiss\u00e3o)<\/em><strong>:<\/strong><br \/>\u2013 T\u00edtulo (no m\u00e1ximo 190 caracteres);<br \/>&#8211;\u00a0\u00a0Resumo de 200 palavras<\/p><p><strong>\u00a0<\/strong><\/p><p><strong>Trabalhos que n\u00e3o estejam no formato especificado n\u00e3o ser\u00e3o aceitos.<\/strong><\/p><p>O formato do artigo completo deve seguir a estrutura de artigo te\u00f3rico-emp\u00edrico do XXII SemeAd, ressalvando-se que as se\u00e7\u00f5es sobre an\u00e1lise de resultados e conclus\u00f5es devem se ater aos eventuais resultados e conclus\u00f5es iniciais.<\/p><p>O\u00a0projeto de tese deve focar em sua contribui\u00e7\u00e3o e n\u00e3o no que a literatura existente relata. Ao revisar a literatura, algumas linhas sobre a teoria existente s\u00e3o \u00fateis, mas somente para localizar a contribui\u00e7\u00e3o do trabalho no contexto da mesma.<\/p><p>A submiss\u00e3o do resumo e do artigo d\u00e1 aos organizadores a permiss\u00e3o de enviar para os avaliadores que v\u00e3o compor a banca. Por sua vez, para a comunidade cientifica apenas os resumos ser\u00e3o divulgados nos Anais do Semead.<\/p><p>A inscri\u00e7\u00e3o e a apresenta\u00e7\u00e3o de trabalhos no Cons\u00f3rcio Doutoral permitir\u00e3o o acesso do doutorando \u00e0s sess\u00f5es de apresenta\u00e7\u00e3o de artigos.<\/p><p>Os trabalhos oriundos do Cons\u00f3rcio Doutoral n\u00e3o far\u00e3o parte dos Anais do Evento.<\/p><p><strong>Prazo de Submiss\u00e3o para o Cons\u00f3rcio Doutoral \u2013 at\u00e9 15\/07.<\/strong><\/p>\t\t\t\t\t\t\t\t<\/div>\n\t\t\t\t<\/div>\n\t\t\t\t\t<\/div>\n\t\t<\/div>\n\t\t\t\t\t<\/div>\n\t\t<\/section>\n\t\t\t\t<\/div>\n\t\t","protected":false},"excerpt":{"rendered":"<p>Programa\u00e7\u00e3o do Cons\u00f3rcio Doutoral Clique Aqui \u00a0 Apresenta\u00e7\u00e3o do cons\u00f3rcio doutoral O projeto de tese dever\u00e1 ser submetido no formato de artigo cient\u00edfico de acordo com as instru\u00e7\u00f5es a seguir. Formata\u00e7\u00e3o do trabalho: \u2013 Formato do papel: A4; \u2013 Fonte: Times New Roman\/ tamanho 12; \u2013 Espa\u00e7amento: simples, texto disposto em uma coluna; \u2013 Alinhamento:&#8230;<\/p>\n","protected":false},"author":1,"featured_media":0,"parent":22,"menu_order":0,"comment_status":"open","ping_status":"open","template":"","meta":{"_acf_changed":false,"_monsterinsights_skip_tracking":false,"_monsterinsights_sitenote_active":false,"_monsterinsights_sitenote_note":"","_monsterinsights_sitenote_category":0,"footnotes":""},"class_list":["post-11547","page","type-page","status-publish","hentry"],"acf":[],"yoast_head":"<!-- This site is optimized with the Yoast SEO plugin v27.1.1 - https:\/\/yoast.com\/product\/yoast-seo-wordpress\/ -->\n<title>Cons\u00f3rcio Doutoral - XXII SemeAd<\/title>\n<meta name=\"robots\" content=\"index, follow, max-snippet:-1, max-image-preview:large, max-video-preview:-1\" \/>\n<link rel=\"canonical\" href=\"https:\/\/semead.com.br\/22\/trabalhos\/consorcio-doutoral\/\" \/>\n<meta property=\"og:locale\" content=\"pt_BR\" \/>\n<meta property=\"og:type\" content=\"article\" \/>\n<meta property=\"og:title\" content=\"Cons\u00f3rcio Doutoral - XXII SemeAd\" \/>\n<meta property=\"og:description\" content=\"Programa\u00e7\u00e3o do Cons\u00f3rcio Doutoral Clique Aqui \u00a0 Apresenta\u00e7\u00e3o do cons\u00f3rcio doutoral O projeto de tese dever\u00e1 ser submetido no formato de artigo cient\u00edfico de acordo com as instru\u00e7\u00f5es a seguir. Formata\u00e7\u00e3o do trabalho: \u2013 Formato do papel: A4; \u2013 Fonte: Times New Roman\/ tamanho 12; \u2013 Espa\u00e7amento: simples, texto disposto em uma coluna; \u2013 Alinhamento:...\" \/>\n<meta property=\"og:url\" content=\"https:\/\/semead.com.br\/22\/trabalhos\/consorcio-doutoral\/\" \/>\n<meta property=\"og:site_name\" content=\"XXII SemeAd\" \/>\n<meta property=\"article:modified_time\" content=\"2019-11-02T17:23:15+00:00\" \/>\n<meta property=\"og:image\" content=\"https:\/\/semead.com.br\/20\/wp-content\/uploads\/sites\/7\/2017\/06\/Felipe-Borini-e1497300033376.png\" \/>\n<meta name=\"twitter:card\" content=\"summary_large_image\" \/>\n<meta name=\"twitter:label1\" content=\"Est. tempo de leitura\" \/>\n\t<meta name=\"twitter:data1\" content=\"3 minutos\" \/>\n<script type=\"application\/ld+json\" class=\"yoast-schema-graph\">{\"@context\":\"https:\/\/schema.org\",\"@graph\":[{\"@type\":\"WebPage\",\"@id\":\"https:\/\/semead.com.br\/22\/trabalhos\/consorcio-doutoral\/\",\"url\":\"https:\/\/semead.com.br\/22\/trabalhos\/consorcio-doutoral\/\",\"name\":\"Cons\u00f3rcio Doutoral - XXII SemeAd\",\"isPartOf\":{\"@id\":\"https:\/\/semead.com.br\/22\/#website\"},\"primaryImageOfPage\":{\"@id\":\"https:\/\/semead.com.br\/22\/trabalhos\/consorcio-doutoral\/#primaryimage\"},\"image\":{\"@id\":\"https:\/\/semead.com.br\/22\/trabalhos\/consorcio-doutoral\/#primaryimage\"},\"thumbnailUrl\":\"https:\/\/semead.com.br\/20\/wp-content\/uploads\/sites\/7\/2017\/06\/Felipe-Borini-e1497300033376.png\",\"datePublished\":\"2014-10-24T14:08:12+00:00\",\"dateModified\":\"2019-11-02T17:23:15+00:00\",\"breadcrumb\":{\"@id\":\"https:\/\/semead.com.br\/22\/trabalhos\/consorcio-doutoral\/#breadcrumb\"},\"inLanguage\":\"pt-BR\",\"potentialAction\":[{\"@type\":\"ReadAction\",\"target\":[\"https:\/\/semead.com.br\/22\/trabalhos\/consorcio-doutoral\/\"]}]},{\"@type\":\"ImageObject\",\"inLanguage\":\"pt-BR\",\"@id\":\"https:\/\/semead.com.br\/22\/trabalhos\/consorcio-doutoral\/#primaryimage\",\"url\":\"https:\/\/semead.com.br\/20\/wp-content\/uploads\/sites\/7\/2017\/06\/Felipe-Borini-e1497300033376.png\",\"contentUrl\":\"https:\/\/semead.com.br\/20\/wp-content\/uploads\/sites\/7\/2017\/06\/Felipe-Borini-e1497300033376.png\"},{\"@type\":\"BreadcrumbList\",\"@id\":\"https:\/\/semead.com.br\/22\/trabalhos\/consorcio-doutoral\/#breadcrumb\",\"itemListElement\":[{\"@type\":\"ListItem\",\"position\":1,\"name\":\"In\u00edcio\",\"item\":\"https:\/\/semead.com.br\/22\/\"},{\"@type\":\"ListItem\",\"position\":2,\"name\":\"Trabalhos\",\"item\":\"https:\/\/semead.com.br\/22\/trabalhos\/\"},{\"@type\":\"ListItem\",\"position\":3,\"name\":\"Cons\u00f3rcio Doutoral\"}]},{\"@type\":\"WebSite\",\"@id\":\"https:\/\/semead.com.br\/22\/#website\",\"url\":\"https:\/\/semead.com.br\/22\/\",\"name\":\"XXII SemeAd\",\"description\":\"Semin\u00e1rios em Administra\u00e7\u00e3o\",\"potentialAction\":[{\"@type\":\"SearchAction\",\"target\":{\"@type\":\"EntryPoint\",\"urlTemplate\":\"https:\/\/semead.com.br\/22\/?s={search_term_string}\"},\"query-input\":{\"@type\":\"PropertyValueSpecification\",\"valueRequired\":true,\"valueName\":\"search_term_string\"}}],\"inLanguage\":\"pt-BR\"}]}<\/script>\n<!-- \/ Yoast SEO plugin. -->","yoast_head_json":{"title":"Cons\u00f3rcio Doutoral - XXII SemeAd","robots":{"index":"index","follow":"follow","max-snippet":"max-snippet:-1","max-image-preview":"max-image-preview:large","max-video-preview":"max-video-preview:-1"},"canonical":"https:\/\/semead.com.br\/22\/trabalhos\/consorcio-doutoral\/","og_locale":"pt_BR","og_type":"article","og_title":"Cons\u00f3rcio Doutoral - XXII SemeAd","og_description":"Programa\u00e7\u00e3o do Cons\u00f3rcio Doutoral Clique Aqui \u00a0 Apresenta\u00e7\u00e3o do cons\u00f3rcio doutoral O projeto de tese dever\u00e1 ser submetido no formato de artigo cient\u00edfico de acordo com as instru\u00e7\u00f5es a seguir. Formata\u00e7\u00e3o do trabalho: \u2013 Formato do papel: A4; \u2013 Fonte: Times New Roman\/ tamanho 12; \u2013 Espa\u00e7amento: simples, texto disposto em uma coluna; \u2013 Alinhamento:...","og_url":"https:\/\/semead.com.br\/22\/trabalhos\/consorcio-doutoral\/","og_site_name":"XXII SemeAd","article_modified_time":"2019-11-02T17:23:15+00:00","og_image":[{"url":"https:\/\/semead.com.br\/20\/wp-content\/uploads\/sites\/7\/2017\/06\/Felipe-Borini-e1497300033376.png","type":"","width":"","height":""}],"twitter_card":"summary_large_image","twitter_misc":{"Est. tempo de leitura":"3 minutos"},"schema":{"@context":"https:\/\/schema.org","@graph":[{"@type":"WebPage","@id":"https:\/\/semead.com.br\/22\/trabalhos\/consorcio-doutoral\/","url":"https:\/\/semead.com.br\/22\/trabalhos\/consorcio-doutoral\/","name":"Cons\u00f3rcio Doutoral - XXII SemeAd","isPartOf":{"@id":"https:\/\/semead.com.br\/22\/#website"},"primaryImageOfPage":{"@id":"https:\/\/semead.com.br\/22\/trabalhos\/consorcio-doutoral\/#primaryimage"},"image":{"@id":"https:\/\/semead.com.br\/22\/trabalhos\/consorcio-doutoral\/#primaryimage"},"thumbnailUrl":"https:\/\/semead.com.br\/20\/wp-content\/uploads\/sites\/7\/2017\/06\/Felipe-Borini-e1497300033376.png","datePublished":"2014-10-24T14:08:12+00:00","dateModified":"2019-11-02T17:23:15+00:00","breadcrumb":{"@id":"https:\/\/semead.com.br\/22\/trabalhos\/consorcio-doutoral\/#breadcrumb"},"inLanguage":"pt-BR","potentialAction":[{"@type":"ReadAction","target":["https:\/\/semead.com.br\/22\/trabalhos\/consorcio-doutoral\/"]}]},{"@type":"ImageObject","inLanguage":"pt-BR","@id":"https:\/\/semead.com.br\/22\/trabalhos\/consorcio-doutoral\/#primaryimage","url":"https:\/\/semead.com.br\/20\/wp-content\/uploads\/sites\/7\/2017\/06\/Felipe-Borini-e1497300033376.png","contentUrl":"https:\/\/semead.com.br\/20\/wp-content\/uploads\/sites\/7\/2017\/06\/Felipe-Borini-e1497300033376.png"},{"@type":"BreadcrumbList","@id":"https:\/\/semead.com.br\/22\/trabalhos\/consorcio-doutoral\/#breadcrumb","itemListElement":[{"@type":"ListItem","position":1,"name":"In\u00edcio","item":"https:\/\/semead.com.br\/22\/"},{"@type":"ListItem","position":2,"name":"Trabalhos","item":"https:\/\/semead.com.br\/22\/trabalhos\/"},{"@type":"ListItem","position":3,"name":"Cons\u00f3rcio Doutoral"}]},{"@type":"WebSite","@id":"https:\/\/semead.com.br\/22\/#website","url":"https:\/\/semead.com.br\/22\/","name":"XXII SemeAd","description":"Semin\u00e1rios em Administra\u00e7\u00e3o","potentialAction":[{"@type":"SearchAction","target":{"@type":"EntryPoint","urlTemplate":"https:\/\/semead.com.br\/22\/?s={search_term_string}"},"query-input":{"@type":"PropertyValueSpecification","valueRequired":true,"valueName":"search_term_string"}}],"inLanguage":"pt-BR"}]}},"_links":{"self":[{"href":"https:\/\/semead.com.br\/22\/wp-json\/wp\/v2\/pages\/11547","targetHints":{"allow":["GET"]}}],"collection":[{"href":"https:\/\/semead.com.br\/22\/wp-json\/wp\/v2\/pages"}],"about":[{"href":"https:\/\/semead.com.br\/22\/wp-json\/wp\/v2\/types\/page"}],"author":[{"embeddable":true,"href":"https:\/\/semead.com.br\/22\/wp-json\/wp\/v2\/users\/1"}],"replies":[{"embeddable":true,"href":"https:\/\/semead.com.br\/22\/wp-json\/wp\/v2\/comments?post=11547"}],"version-history":[{"count":0,"href":"https:\/\/semead.com.br\/22\/wp-json\/wp\/v2\/pages\/11547\/revisions"}],"up":[{"embeddable":true,"href":"https:\/\/semead.com.br\/22\/wp-json\/wp\/v2\/pages\/22"}],"wp:attachment":[{"href":"https:\/\/semead.com.br\/22\/wp-json\/wp\/v2\/media?parent=11547"}],"curies":[{"name":"wp","href":"https:\/\/api.w.org\/{rel}","templated":true}]}}