{"id":14443,"date":"2018-05-30T17:14:42","date_gmt":"2018-05-30T20:14:42","guid":{"rendered":"https:\/\/semead.com.br\/22\/?page_id=14443"},"modified":"2019-08-29T12:42:57","modified_gmt":"2019-08-29T15:42:57","slug":"hospedagem","status":"publish","type":"page","link":"https:\/\/semead.com.br\/22\/informacoes-uteis\/hospedagem\/","title":{"rendered":"Hospedagem"},"content":{"rendered":"\n<p>Essas s\u00e3o algumas indica\u00e7\u00f5es de hot\u00e9is localizados pr\u00f3ximos \u00e0 Cidade Universit\u00e1ria ou a esta\u00e7\u00f5es do Metr\u00f4.<\/p>\n\n\n\n<p><strong>Hot\u00e9is que est\u00e3o conveniados ao SEMEAD com promo\u00e7\u00e3o de tarifas: V\u00e1lido de 6 a 10 de Novembro de 2019.<\/strong><\/p>\n\n\n\n<h3 class=\"wp-block-heading\"><strong>HOTEL BLUE TREE PREMIUM FARIA LIMA<\/strong><\/h3>\n\n\n\n<p> Av. Brg. Faria Lima, 3989 \u2013 Itaim Bibi, S\u00e3o Paulo \u2013 SP, 04538-133<br> (11) 3896-7544<\/p>\n\n\n\n<p>Entrar em contato com o hotel para fazer a reserva utilizar a <strong>senha EVENTO SEMEAD 2019<\/strong><\/p>\n\n\n\n<p>E-mail: <a href=\"mailto:reservas.farialima@bluetree.com.br\">reservas.farialima@bluetree.com.br<\/a>; <a href=\"mailto:reservas3.farialima@bluetree.com.br\">reservas3.farialima@bluetree.com.br<\/a><\/p>\n\n\n\n<p><strong>Telefone: 11-3896-7544\n(solicitar pelo setor de reservas das 08h00 \u00e0s 18h00 de segunda a sexta-feira)<\/strong><\/p>\n\n\n\n<p>As categorias s\u00e3o:<\/p>\n\n\n\n<p>Apartamento Superior &#8211; Di\u00e1ria de\nR$ 410,00 + 5% de ISS para apartamento individual e R$ 450,00 + 5% de ISS para\napartamento duplo;<\/p>\n\n\n\n<p>Apartamento Luxo &#8211; Di\u00e1ria de R$\n450,00 + 5% de ISS para apartamento individual e R$ 500,00 + 5% de ISS para\napartamento duplo;<\/p>\n\n\n\n<p>Todas as di\u00e1rias com caf\u00e9 da\nmanh\u00e3 e internet inclusos.<\/p>\n\n\n\n<hr class=\"wp-block-separator\"\/>\n\n\n\n<h3 class=\"wp-block-heading\"><strong>QUALITY FARIA LIMA<\/strong><\/h3>\n\n\n\n<p>&nbsp;R. Diogo Moreira, 247 &#8211; Pinheiros, S\u00e3o Paulo &#8211; SP, 05423-010<\/p>\n\n\n\n<p><a href=\"https:\/\/www.google.com\/search?rlz=1C1PRFI_enBR807BR807&amp;q=quality+faria+lima+telefone&amp;ludocid=14088354492797658398&amp;sa=X&amp;ved=2ahUKEwiZ2Zi8xIfkAhVRG7kGHeB8CiEQ6BMwEnoECAsQBg\">Telefone<\/a>:&nbsp;<a href=\"https:\/\/www.google.com\/search?q=quality+faria+lima&amp;rlz=1C1PRFI_enBR807BR807&amp;oq=qua&amp;aqs=chrome.0.69i59j69i57j69i65j69i61l3.1423j0j7&amp;sourceid=chrome&amp;ie=UTF-8\">(11)\n2197-7050<\/a><\/p>\n\n\n\n<p>TARIFA PROMOCIONAL:\nEntrar em contato diretamente com o hotel, para solicitar a reserva. Informar\nque o evento \u00e9 o SEMEAD&nbsp; da USP.<\/p>\n\n\n\n<p><strong>TARIFAS:<\/strong><\/p>\n\n\n\n<table class=\"wp-block-table\"><tbody><tr><td>\n  <strong>Categoria<\/strong>\n  <\/td><td>\n  <strong>Single<\/strong>\n  <\/td><td>\n  <strong>Double<\/strong>\n  <\/td><\/tr><tr><td>\n  <strong>Superior<\/strong><strong> <\/strong>\n  <\/td><td>\n  R$ 355,00\n  <\/td><td>\n  R$ 400,00\n  <\/td><\/tr><tr><td>\n  <strong>Executiva<\/strong><strong> <\/strong>\n  <\/td><td>\n  R$ 390,00\n  <\/td><td>\n  R$ 435,00\n  <\/td><\/tr><tr><td>\n  <strong>Luxo<\/strong><strong> <\/strong>\n  <\/td><td>\n  R$ 425,00\n  <\/td><td>\n  R$ 470,00\n  <\/td><\/tr><\/tbody><\/table>\n\n\n\n<p><strong>OBSERVA\u00c7\u00d5ES:<\/strong><\/p>\n\n\n\n<ul class=\"wp-block-list\"><li>Acr\u00e9scimo de 5% referente a ISS;<\/li><li>Taxa de Turismo Facultativo:\nR$4,65<\/li><li>Caf\u00e9 da manh\u00e3 e internet\ncortesia;<\/li><li>Estacionamento no hotel (cobran\u00e7a\nde R$20,00 a di\u00e1ria);<\/li><li>Piscina, academia e sauna a disposi\u00e7\u00e3o\npara os nossos h\u00f3spedes<\/li><\/ul>\n\n\n\n<p>N\u00e3o trabalhamos com cart\u00e3o de bandeira Dinners<\/p>\n\n\n\n<hr class=\"wp-block-separator\"\/>\n\n\n\n<h3 class=\"wp-block-heading\"><strong>IBIS STYLES SP FARIA LIMA<\/strong><\/h3>\n\n\n\n<p> Rua Tavares Cabral, 61 \u2013 Pinheiros<br> (11) 3093-7200<br> Site:\u00a0<a href=\"http:\/\/www.ibis.com\/\">www.ibis.com<\/a><\/p>\n\n\n\n<p>Tarifas\npromocionais:<\/p>\n\n\n\n<p>&nbsp;R$ 369,00 + 5% de iss\n= R$ 387,45 por dia &nbsp;com caf\u00e9 da manh\u00e3\ninclu\u00eddo.<\/p>\n\n\n\n<p>Entrar em contato\ndiretamente com o hotel e informar que \u00e9 o evento USP.<strong><\/strong><\/p>\n\n\n\n<hr class=\"wp-block-separator\"\/>\n\n\n\n<h3 class=\"wp-block-heading\"><strong>GO INN JAGUAR\u00c9<\/strong><\/h3>\n\n\n\n<p> Avenida Jaguar\u00e9 , 1664 \u2013 Jaguar\u00e9<br> (11) 3716-2656<br> Site:\u00a0<a href=\"http:\/\/www.atlanticahotels.com.br\/\">www.atlanticahotels.com.br<\/a><\/p>\n\n\n\n<p>Tarifas por categoria:<\/p>\n\n\n\n<p>Apto Single: R$189,00 + 5% iss \u2013\ncom caf\u00e9 da manh\u00e3 e Wi-Fi<br>\nApto Duplo: R$219,00 + 5% iss \u2013 com caf\u00e9 da manh\u00e3 e Wi-Fi<br>\nApto Triplo: R$335,00 + 5% iss \u2013 com caf\u00e9 da manh\u00e3 e Wi-Fi<\/p>\n\n\n\n<p>Gentileza pedir para os\nparticipantes mencionar SEMEAD 2019.<\/p>\n\n\n\n<p>Abaixo os canais para reserva:<\/p>\n\n\n\n<p><a href=\"mailto:reservas.gij@atlanticahotels.com.br\">reservas.gij@atlanticahotels.com.br<\/a> \/ <a href=\"mailto:reservas2.gij@atlanticahotels.com.br\">reservas2.gij@atlanticahotels.com.br<\/a> \/ 11 97225-7979\n(whats up).<\/p>\n\n\n\n<hr class=\"wp-block-separator\"\/>\n\n\n\n<h3 class=\"wp-block-heading\"><strong>TRANSAMERICA CLASSIC VICTORIA PLACE<\/strong><\/h3>\n\n\n\n<p> Rua Pedroso Alvarenga, 1088 \u2013 Itaim Bibi<br> (11) 3167-8000<br> Site:\u00a0<a href=\"http:\/\/www.transamericagroup.com.br\/\">www.transamericagroup.com.br<\/a><\/p>\n\n\n\n<p>Para solicitar as reservas&nbsp;\ndever\u00e3o acessar o&nbsp; site <a href=\"http:\/\/www.transamerica.com.br\" target=\"_blank\" rel=\"noreferrer noopener\"><strong>www.transamerica.com.br<\/strong><\/a> e selecionar um dos&nbsp; hot\u00e9is <strong>Transamerica Classic Victoria Place <\/strong>ou<strong> Transamerica Executive Faria Lima<\/strong>, informar a\ndata desejada, quantidade de adultos e crian\u00e7as e incluir o promocode <strong>SEMEAD 2019<\/strong>:<\/p>\n\n\n\n<p><strong>Transamerica Classic Victoria Place <br>\n15% de desconto<br>\nTransamerica Executive Faria Lima<br>\n15% de desconto<br>\n<\/strong><\/p>\n\n\n\n<hr class=\"wp-block-separator\"\/>\n\n\n\n<h3 class=\"wp-block-heading\"><strong>HOTEL MELI\u00c1 PAULISTA<\/strong><\/h3>\n\n\n\n<p> Avenida Paulista, 2181 \u2013 Consola\u00e7\u00e3o<br> (11) 2184-1600<br> Site:\u00a0<a href=\"http:\/\/www.melia.com\/\">www.melia.com<\/a><\/p>\n\n\n\n<p>Entrar em contato\ncom o hotel e informar o C\u00f3digo : XXII SEMEAD<\/p>\n\n\n\n<p>&nbsp;Tarifas\nespec\u00edficas para cada categoria:<\/p>\n\n\n\n<p>SGL TWIN = R$ 391 + 5% Di\u00e1ria <br>SGL QUEEN = R$ 415,00 + 5% Di\u00e1ria<br>DBL TWIN = R$ 442,00 \u00a0+ 5% Di\u00e1ria<br>DBL QUEEN = R$ 466 + 5% Di\u00e1ria<br>DELUXE SGL = R$ 431,00 \u00a0+ 5% Di\u00e1ria<br>DELUXE DBL = R$ 482,00 + 5% Di\u00e1ria<br>SUPREME SGL = R$ 511,00 \u00a0+ 5% Di\u00e1ria<br>SUPREME SBL = R$ 562,00 \u00a0+ 5% Di\u00e1ria\u00a0<\/p>\n","protected":false},"excerpt":{"rendered":"<p>Essas s\u00e3o algumas indica\u00e7\u00f5es de hot\u00e9is localizados pr\u00f3ximos \u00e0 Cidade Universit\u00e1ria ou a esta\u00e7\u00f5es do Metr\u00f4. Hot\u00e9is que est\u00e3o conveniados ao SEMEAD com promo\u00e7\u00e3o de tarifas: V\u00e1lido de 6 a 10 de Novembro de 2019. HOTEL BLUE TREE PREMIUM FARIA LIMA Av. Brg. Faria Lima, 3989 \u2013 Itaim Bibi, S\u00e3o Paulo \u2013 SP, 04538-133 (11)&#8230;<\/p>\n","protected":false},"author":4,"featured_media":0,"parent":33,"menu_order":0,"comment_status":"closed","ping_status":"closed","template":"","meta":{"_acf_changed":false,"_monsterinsights_skip_tracking":false,"_monsterinsights_sitenote_active":false,"_monsterinsights_sitenote_note":"","_monsterinsights_sitenote_category":0,"footnotes":""},"class_list":["post-14443","page","type-page","status-publish","hentry"],"acf":[],"yoast_head":"<!-- This site is optimized with the Yoast SEO plugin v27.1.1 - https:\/\/yoast.com\/product\/yoast-seo-wordpress\/ -->\n<title>Hospedagem - XXII SemeAd<\/title>\n<meta name=\"robots\" content=\"index, follow, max-snippet:-1, max-image-preview:large, max-video-preview:-1\" \/>\n<link rel=\"canonical\" href=\"https:\/\/semead.com.br\/22\/informacoes-uteis\/hospedagem\/\" \/>\n<meta property=\"og:locale\" content=\"pt_BR\" \/>\n<meta property=\"og:type\" content=\"article\" \/>\n<meta property=\"og:title\" content=\"Hospedagem - XXII SemeAd\" \/>\n<meta property=\"og:description\" content=\"Essas s\u00e3o algumas indica\u00e7\u00f5es de hot\u00e9is localizados pr\u00f3ximos \u00e0 Cidade Universit\u00e1ria ou a esta\u00e7\u00f5es do Metr\u00f4. Hot\u00e9is que est\u00e3o conveniados ao SEMEAD com promo\u00e7\u00e3o de tarifas: V\u00e1lido de 6 a 10 de Novembro de 2019. HOTEL BLUE TREE PREMIUM FARIA LIMA Av. Brg. Faria Lima, 3989 \u2013 Itaim Bibi, S\u00e3o Paulo \u2013 SP, 04538-133 (11)...\" \/>\n<meta property=\"og:url\" content=\"https:\/\/semead.com.br\/22\/informacoes-uteis\/hospedagem\/\" \/>\n<meta property=\"og:site_name\" content=\"XXII SemeAd\" \/>\n<meta property=\"article:modified_time\" content=\"2019-08-29T15:42:57+00:00\" \/>\n<meta name=\"twitter:card\" content=\"summary_large_image\" \/>\n<meta name=\"twitter:label1\" content=\"Est. tempo de leitura\" \/>\n\t<meta name=\"twitter:data1\" content=\"3 minutos\" \/>\n<script type=\"application\/ld+json\" class=\"yoast-schema-graph\">{\"@context\":\"https:\/\/schema.org\",\"@graph\":[{\"@type\":\"WebPage\",\"@id\":\"https:\/\/semead.com.br\/22\/informacoes-uteis\/hospedagem\/\",\"url\":\"https:\/\/semead.com.br\/22\/informacoes-uteis\/hospedagem\/\",\"name\":\"Hospedagem - XXII SemeAd\",\"isPartOf\":{\"@id\":\"https:\/\/semead.com.br\/22\/#website\"},\"datePublished\":\"2018-05-30T20:14:42+00:00\",\"dateModified\":\"2019-08-29T15:42:57+00:00\",\"breadcrumb\":{\"@id\":\"https:\/\/semead.com.br\/22\/informacoes-uteis\/hospedagem\/#breadcrumb\"},\"inLanguage\":\"pt-BR\",\"potentialAction\":[{\"@type\":\"ReadAction\",\"target\":[\"https:\/\/semead.com.br\/22\/informacoes-uteis\/hospedagem\/\"]}]},{\"@type\":\"BreadcrumbList\",\"@id\":\"https:\/\/semead.com.br\/22\/informacoes-uteis\/hospedagem\/#breadcrumb\",\"itemListElement\":[{\"@type\":\"ListItem\",\"position\":1,\"name\":\"In\u00edcio\",\"item\":\"https:\/\/semead.com.br\/22\/\"},{\"@type\":\"ListItem\",\"position\":2,\"name\":\"Informa\u00e7\u00f5es \u00fateis\",\"item\":\"https:\/\/semead.com.br\/22\/informacoes-uteis\/\"},{\"@type\":\"ListItem\",\"position\":3,\"name\":\"Hospedagem\"}]},{\"@type\":\"WebSite\",\"@id\":\"https:\/\/semead.com.br\/22\/#website\",\"url\":\"https:\/\/semead.com.br\/22\/\",\"name\":\"XXII SemeAd\",\"description\":\"Semin\u00e1rios em Administra\u00e7\u00e3o\",\"potentialAction\":[{\"@type\":\"SearchAction\",\"target\":{\"@type\":\"EntryPoint\",\"urlTemplate\":\"https:\/\/semead.com.br\/22\/?s={search_term_string}\"},\"query-input\":{\"@type\":\"PropertyValueSpecification\",\"valueRequired\":true,\"valueName\":\"search_term_string\"}}],\"inLanguage\":\"pt-BR\"}]}<\/script>\n<!-- \/ Yoast SEO plugin. -->","yoast_head_json":{"title":"Hospedagem - XXII SemeAd","robots":{"index":"index","follow":"follow","max-snippet":"max-snippet:-1","max-image-preview":"max-image-preview:large","max-video-preview":"max-video-preview:-1"},"canonical":"https:\/\/semead.com.br\/22\/informacoes-uteis\/hospedagem\/","og_locale":"pt_BR","og_type":"article","og_title":"Hospedagem - XXII SemeAd","og_description":"Essas s\u00e3o algumas indica\u00e7\u00f5es de hot\u00e9is localizados pr\u00f3ximos \u00e0 Cidade Universit\u00e1ria ou a esta\u00e7\u00f5es do Metr\u00f4. Hot\u00e9is que est\u00e3o conveniados ao SEMEAD com promo\u00e7\u00e3o de tarifas: V\u00e1lido de 6 a 10 de Novembro de 2019. HOTEL BLUE TREE PREMIUM FARIA LIMA Av. Brg. Faria Lima, 3989 \u2013 Itaim Bibi, S\u00e3o Paulo \u2013 SP, 04538-133 (11)...","og_url":"https:\/\/semead.com.br\/22\/informacoes-uteis\/hospedagem\/","og_site_name":"XXII SemeAd","article_modified_time":"2019-08-29T15:42:57+00:00","twitter_card":"summary_large_image","twitter_misc":{"Est. tempo de leitura":"3 minutos"},"schema":{"@context":"https:\/\/schema.org","@graph":[{"@type":"WebPage","@id":"https:\/\/semead.com.br\/22\/informacoes-uteis\/hospedagem\/","url":"https:\/\/semead.com.br\/22\/informacoes-uteis\/hospedagem\/","name":"Hospedagem - XXII SemeAd","isPartOf":{"@id":"https:\/\/semead.com.br\/22\/#website"},"datePublished":"2018-05-30T20:14:42+00:00","dateModified":"2019-08-29T15:42:57+00:00","breadcrumb":{"@id":"https:\/\/semead.com.br\/22\/informacoes-uteis\/hospedagem\/#breadcrumb"},"inLanguage":"pt-BR","potentialAction":[{"@type":"ReadAction","target":["https:\/\/semead.com.br\/22\/informacoes-uteis\/hospedagem\/"]}]},{"@type":"BreadcrumbList","@id":"https:\/\/semead.com.br\/22\/informacoes-uteis\/hospedagem\/#breadcrumb","itemListElement":[{"@type":"ListItem","position":1,"name":"In\u00edcio","item":"https:\/\/semead.com.br\/22\/"},{"@type":"ListItem","position":2,"name":"Informa\u00e7\u00f5es \u00fateis","item":"https:\/\/semead.com.br\/22\/informacoes-uteis\/"},{"@type":"ListItem","position":3,"name":"Hospedagem"}]},{"@type":"WebSite","@id":"https:\/\/semead.com.br\/22\/#website","url":"https:\/\/semead.com.br\/22\/","name":"XXII SemeAd","description":"Semin\u00e1rios em Administra\u00e7\u00e3o","potentialAction":[{"@type":"SearchAction","target":{"@type":"EntryPoint","urlTemplate":"https:\/\/semead.com.br\/22\/?s={search_term_string}"},"query-input":{"@type":"PropertyValueSpecification","valueRequired":true,"valueName":"search_term_string"}}],"inLanguage":"pt-BR"}]}},"_links":{"self":[{"href":"https:\/\/semead.com.br\/22\/wp-json\/wp\/v2\/pages\/14443","targetHints":{"allow":["GET"]}}],"collection":[{"href":"https:\/\/semead.com.br\/22\/wp-json\/wp\/v2\/pages"}],"about":[{"href":"https:\/\/semead.com.br\/22\/wp-json\/wp\/v2\/types\/page"}],"author":[{"embeddable":true,"href":"https:\/\/semead.com.br\/22\/wp-json\/wp\/v2\/users\/4"}],"replies":[{"embeddable":true,"href":"https:\/\/semead.com.br\/22\/wp-json\/wp\/v2\/comments?post=14443"}],"version-history":[{"count":0,"href":"https:\/\/semead.com.br\/22\/wp-json\/wp\/v2\/pages\/14443\/revisions"}],"up":[{"embeddable":true,"href":"https:\/\/semead.com.br\/22\/wp-json\/wp\/v2\/pages\/33"}],"wp:attachment":[{"href":"https:\/\/semead.com.br\/22\/wp-json\/wp\/v2\/media?parent=14443"}],"curies":[{"name":"wp","href":"https:\/\/api.w.org\/{rel}","templated":true}]}}