{"id":15605,"date":"2019-10-19T16:42:48","date_gmt":"2019-10-19T19:42:48","guid":{"rendered":"https:\/\/semead.com.br\/22\/?page_id=15605"},"modified":"2019-10-28T12:13:32","modified_gmt":"2019-10-28T15:13:32","slug":"minicursos","status":"publish","type":"page","link":"https:\/\/semead.com.br\/22\/minicursos\/","title":{"rendered":"Minicursos"},"content":{"rendered":"\t\t<div data-elementor-type=\"wp-post\" data-elementor-id=\"15605\" class=\"elementor elementor-15605\">\n\t\t\t\t\t\t<section class=\"elementor-section elementor-top-section elementor-element elementor-element-d5eb3a3 elementor-section-boxed elementor-section-height-default elementor-section-height-default\" data-id=\"d5eb3a3\" data-element_type=\"section\" data-e-type=\"section\">\n\t\t\t\t\t\t<div class=\"elementor-container elementor-column-gap-default\">\n\t\t\t\t\t<div class=\"elementor-column elementor-col-100 elementor-top-column elementor-element elementor-element-03bde15\" data-id=\"03bde15\" data-element_type=\"column\" data-e-type=\"column\">\n\t\t\t<div class=\"elementor-widget-wrap elementor-element-populated\">\n\t\t\t\t\t\t<div class=\"elementor-element elementor-element-70ea8f4 elementor-widget elementor-widget-text-editor\" data-id=\"70ea8f4\" data-element_type=\"widget\" data-e-type=\"widget\" data-widget_type=\"text-editor.default\">\n\t\t\t\t<div class=\"elementor-widget-container\">\n\t\t\t\t\t\t\t\t\t<p>Os minicursos ser\u00e3o ministrados em quatro sess\u00f5es de 1 hora e meia cada ao longo dos tr\u00eas dias do XXII SemeAd. Eles s\u00e3o voltados a uma discuss\u00e3o mais aprofundada de temas espec\u00edficos de pesquisa com pesquisadores experientes nas tem\u00e1ticas propostas. A orienta\u00e7\u00e3o dos minicursos tamb\u00e9m \u00e9 focada na condu\u00e7\u00e3o pr\u00e1tica de pesquisas emp\u00edricas. Ao final dos minicursos, os congressistas que estiverem presentes em todas as quatro sess\u00f5es receber\u00e3o certificados de participa\u00e7\u00e3o.<\/p><p><b>(*) N\u00e3o ser\u00e3o necess\u00e1rias inscri\u00e7\u00f5es pr\u00e9vias, reservamos para estas atividades os audit\u00f3rios Safra e Funcadi que acomodam 130 e 200 pessoas respectivamente. A acomoda\u00e7\u00e3o ser\u00e1 realizada por ordem de chegada dentro da capacidade de cada sala. Ser\u00e3o circuladas listas de presen\u00e7a em todos os encontros.<br \/><\/b><\/p><div><strong>(**) Minicurso com total de 6 horas; os participantes dever\u00e3o assistir aos 4 encontros para conclus\u00e3o do minicurso e emiss\u00e3o do certificado.<\/strong><\/div>\t\t\t\t\t\t\t\t<\/div>\n\t\t\t\t<\/div>\n\t\t\t\t\t<\/div>\n\t\t<\/div>\n\t\t\t\t\t<\/div>\n\t\t<\/section>\n\t\t\t\t<section class=\"elementor-section elementor-top-section elementor-element elementor-element-73b07ab elementor-section-boxed elementor-section-height-default elementor-section-height-default\" data-id=\"73b07ab\" data-element_type=\"section\" data-e-type=\"section\">\n\t\t\t\t\t\t<div class=\"elementor-container elementor-column-gap-default\">\n\t\t\t\t\t<div class=\"elementor-column elementor-col-50 elementor-top-column elementor-element elementor-element-4f53f2b\" data-id=\"4f53f2b\" data-element_type=\"column\" data-e-type=\"column\">\n\t\t\t<div class=\"elementor-widget-wrap elementor-element-populated\">\n\t\t\t\t\t\t<div class=\"elementor-element elementor-element-e90fe1f elementor-widget elementor-widget-image\" data-id=\"e90fe1f\" data-element_type=\"widget\" data-e-type=\"widget\" data-widget_type=\"image.default\">\n\t\t\t\t<div class=\"elementor-widget-container\">\n\t\t\t\t\t\t\t\t\t\t\t\t\t\t\t\t<a href=\"http:\/\/semead.com.br\/22\/minicursos\/minicurso-qualitativo\/\">\n\t\t\t\t\t\t\t<img fetchpriority=\"high\" decoding=\"async\" width=\"1024\" height=\"581\" src=\"https:\/\/semead.com.br\/22\/wp-content\/uploads\/sites\/9\/2019\/10\/Banner_Quali-1024x581.png\" class=\"attachment-large size-large wp-image-15608\" alt=\"\" srcset=\"https:\/\/semead.com.br\/22\/wp-content\/uploads\/sites\/9\/2019\/10\/Banner_Quali-1024x581.png 1024w, https:\/\/semead.com.br\/22\/wp-content\/uploads\/sites\/9\/2019\/10\/Banner_Quali-300x170.png 300w, https:\/\/semead.com.br\/22\/wp-content\/uploads\/sites\/9\/2019\/10\/Banner_Quali-768x436.png 768w, https:\/\/semead.com.br\/22\/wp-content\/uploads\/sites\/9\/2019\/10\/Banner_Quali.png 1957w\" sizes=\"(max-width: 1024px) 100vw, 1024px\" \/>\t\t\t\t\t\t\t\t<\/a>\n\t\t\t\t\t\t\t\t\t\t\t\t\t\t\t<\/div>\n\t\t\t\t<\/div>\n\t\t\t\t\t<\/div>\n\t\t<\/div>\n\t\t\t\t<div class=\"elementor-column elementor-col-50 elementor-top-column elementor-element elementor-element-6499c29\" data-id=\"6499c29\" data-element_type=\"column\" data-e-type=\"column\">\n\t\t\t<div class=\"elementor-widget-wrap elementor-element-populated\">\n\t\t\t\t\t\t<div class=\"elementor-element elementor-element-4e0e5d6 elementor-widget elementor-widget-image\" data-id=\"4e0e5d6\" data-element_type=\"widget\" data-e-type=\"widget\" data-widget_type=\"image.default\">\n\t\t\t\t<div class=\"elementor-widget-container\">\n\t\t\t\t\t\t\t\t\t\t\t\t\t\t\t\t<a href=\"http:\/\/semead.com.br\/22\/minicursos\/minicurso-quantitativo\/\">\n\t\t\t\t\t\t\t<img decoding=\"async\" width=\"1024\" height=\"580\" src=\"https:\/\/semead.com.br\/22\/wp-content\/uploads\/sites\/9\/2019\/10\/Banner_Quanti-1024x580.png\" class=\"attachment-large size-large wp-image-15607\" alt=\"\" srcset=\"https:\/\/semead.com.br\/22\/wp-content\/uploads\/sites\/9\/2019\/10\/Banner_Quanti-1024x580.png 1024w, https:\/\/semead.com.br\/22\/wp-content\/uploads\/sites\/9\/2019\/10\/Banner_Quanti-300x170.png 300w, https:\/\/semead.com.br\/22\/wp-content\/uploads\/sites\/9\/2019\/10\/Banner_Quanti-768x435.png 768w, https:\/\/semead.com.br\/22\/wp-content\/uploads\/sites\/9\/2019\/10\/Banner_Quanti.png 1957w\" sizes=\"(max-width: 1024px) 100vw, 1024px\" \/>\t\t\t\t\t\t\t\t<\/a>\n\t\t\t\t\t\t\t\t\t\t\t\t\t\t\t<\/div>\n\t\t\t\t<\/div>\n\t\t\t\t\t<\/div>\n\t\t<\/div>\n\t\t\t\t\t<\/div>\n\t\t<\/section>\n\t\t\t\t<\/div>\n\t\t","protected":false},"excerpt":{"rendered":"<p>Os minicursos ser\u00e3o ministrados em quatro sess\u00f5es de 1 hora e meia cada ao longo dos tr\u00eas dias do XXII SemeAd. Eles s\u00e3o voltados a uma discuss\u00e3o mais aprofundada de temas espec\u00edficos de pesquisa com pesquisadores experientes nas tem\u00e1ticas propostas. A orienta\u00e7\u00e3o dos minicursos tamb\u00e9m \u00e9 focada na condu\u00e7\u00e3o pr\u00e1tica de pesquisas emp\u00edricas. Ao final&#8230;<\/p>\n","protected":false},"author":4,"featured_media":0,"parent":0,"menu_order":0,"comment_status":"closed","ping_status":"closed","template":"","meta":{"_acf_changed":false,"_monsterinsights_skip_tracking":false,"_monsterinsights_sitenote_active":false,"_monsterinsights_sitenote_note":"","_monsterinsights_sitenote_category":0,"footnotes":""},"class_list":["post-15605","page","type-page","status-publish","hentry"],"acf":[],"yoast_head":"<!-- This site is optimized with the Yoast SEO plugin v27.1.1 - https:\/\/yoast.com\/product\/yoast-seo-wordpress\/ -->\n<title>Minicursos - XXII SemeAd<\/title>\n<meta name=\"robots\" content=\"index, follow, max-snippet:-1, max-image-preview:large, max-video-preview:-1\" \/>\n<link rel=\"canonical\" href=\"https:\/\/semead.com.br\/22\/minicursos\/\" \/>\n<meta property=\"og:locale\" content=\"pt_BR\" \/>\n<meta property=\"og:type\" content=\"article\" \/>\n<meta property=\"og:title\" content=\"Minicursos - XXII SemeAd\" \/>\n<meta property=\"og:description\" content=\"Os minicursos ser\u00e3o ministrados em quatro sess\u00f5es de 1 hora e meia cada ao longo dos tr\u00eas dias do XXII SemeAd. Eles s\u00e3o voltados a uma discuss\u00e3o mais aprofundada de temas espec\u00edficos de pesquisa com pesquisadores experientes nas tem\u00e1ticas propostas. A orienta\u00e7\u00e3o dos minicursos tamb\u00e9m \u00e9 focada na condu\u00e7\u00e3o pr\u00e1tica de pesquisas emp\u00edricas. Ao final...\" \/>\n<meta property=\"og:url\" content=\"https:\/\/semead.com.br\/22\/minicursos\/\" \/>\n<meta property=\"og:site_name\" content=\"XXII SemeAd\" \/>\n<meta property=\"article:modified_time\" content=\"2019-10-28T15:13:32+00:00\" \/>\n<meta property=\"og:image\" content=\"https:\/\/semead.com.br\/22\/wp-content\/uploads\/sites\/9\/2019\/10\/Banner_Quali-1024x581.png\" \/>\n<meta name=\"twitter:card\" content=\"summary_large_image\" \/>\n<meta name=\"twitter:label1\" content=\"Est. tempo de leitura\" \/>\n\t<meta name=\"twitter:data1\" content=\"1 minuto\" \/>\n<script type=\"application\/ld+json\" class=\"yoast-schema-graph\">{\"@context\":\"https:\/\/schema.org\",\"@graph\":[{\"@type\":\"WebPage\",\"@id\":\"https:\/\/semead.com.br\/22\/minicursos\/\",\"url\":\"https:\/\/semead.com.br\/22\/minicursos\/\",\"name\":\"Minicursos - XXII SemeAd\",\"isPartOf\":{\"@id\":\"https:\/\/semead.com.br\/22\/#website\"},\"primaryImageOfPage\":{\"@id\":\"https:\/\/semead.com.br\/22\/minicursos\/#primaryimage\"},\"image\":{\"@id\":\"https:\/\/semead.com.br\/22\/minicursos\/#primaryimage\"},\"thumbnailUrl\":\"https:\/\/semead.com.br\/22\/wp-content\/uploads\/sites\/9\/2019\/10\/Banner_Quali-1024x581.png\",\"datePublished\":\"2019-10-19T19:42:48+00:00\",\"dateModified\":\"2019-10-28T15:13:32+00:00\",\"breadcrumb\":{\"@id\":\"https:\/\/semead.com.br\/22\/minicursos\/#breadcrumb\"},\"inLanguage\":\"pt-BR\",\"potentialAction\":[{\"@type\":\"ReadAction\",\"target\":[\"https:\/\/semead.com.br\/22\/minicursos\/\"]}]},{\"@type\":\"ImageObject\",\"inLanguage\":\"pt-BR\",\"@id\":\"https:\/\/semead.com.br\/22\/minicursos\/#primaryimage\",\"url\":\"https:\/\/semead.com.br\/22\/wp-content\/uploads\/sites\/9\/2019\/10\/Banner_Quali.png\",\"contentUrl\":\"https:\/\/semead.com.br\/22\/wp-content\/uploads\/sites\/9\/2019\/10\/Banner_Quali.png\",\"width\":1957,\"height\":1111},{\"@type\":\"BreadcrumbList\",\"@id\":\"https:\/\/semead.com.br\/22\/minicursos\/#breadcrumb\",\"itemListElement\":[{\"@type\":\"ListItem\",\"position\":1,\"name\":\"In\u00edcio\",\"item\":\"https:\/\/semead.com.br\/22\/\"},{\"@type\":\"ListItem\",\"position\":2,\"name\":\"Minicursos\"}]},{\"@type\":\"WebSite\",\"@id\":\"https:\/\/semead.com.br\/22\/#website\",\"url\":\"https:\/\/semead.com.br\/22\/\",\"name\":\"XXII SemeAd\",\"description\":\"Semin\u00e1rios em Administra\u00e7\u00e3o\",\"potentialAction\":[{\"@type\":\"SearchAction\",\"target\":{\"@type\":\"EntryPoint\",\"urlTemplate\":\"https:\/\/semead.com.br\/22\/?s={search_term_string}\"},\"query-input\":{\"@type\":\"PropertyValueSpecification\",\"valueRequired\":true,\"valueName\":\"search_term_string\"}}],\"inLanguage\":\"pt-BR\"}]}<\/script>\n<!-- \/ Yoast SEO plugin. -->","yoast_head_json":{"title":"Minicursos - XXII SemeAd","robots":{"index":"index","follow":"follow","max-snippet":"max-snippet:-1","max-image-preview":"max-image-preview:large","max-video-preview":"max-video-preview:-1"},"canonical":"https:\/\/semead.com.br\/22\/minicursos\/","og_locale":"pt_BR","og_type":"article","og_title":"Minicursos - XXII SemeAd","og_description":"Os minicursos ser\u00e3o ministrados em quatro sess\u00f5es de 1 hora e meia cada ao longo dos tr\u00eas dias do XXII SemeAd. Eles s\u00e3o voltados a uma discuss\u00e3o mais aprofundada de temas espec\u00edficos de pesquisa com pesquisadores experientes nas tem\u00e1ticas propostas. A orienta\u00e7\u00e3o dos minicursos tamb\u00e9m \u00e9 focada na condu\u00e7\u00e3o pr\u00e1tica de pesquisas emp\u00edricas. Ao final...","og_url":"https:\/\/semead.com.br\/22\/minicursos\/","og_site_name":"XXII SemeAd","article_modified_time":"2019-10-28T15:13:32+00:00","og_image":[{"url":"https:\/\/semead.com.br\/22\/wp-content\/uploads\/sites\/9\/2019\/10\/Banner_Quali-1024x581.png","type":"","width":"","height":""}],"twitter_card":"summary_large_image","twitter_misc":{"Est. tempo de leitura":"1 minuto"},"schema":{"@context":"https:\/\/schema.org","@graph":[{"@type":"WebPage","@id":"https:\/\/semead.com.br\/22\/minicursos\/","url":"https:\/\/semead.com.br\/22\/minicursos\/","name":"Minicursos - XXII SemeAd","isPartOf":{"@id":"https:\/\/semead.com.br\/22\/#website"},"primaryImageOfPage":{"@id":"https:\/\/semead.com.br\/22\/minicursos\/#primaryimage"},"image":{"@id":"https:\/\/semead.com.br\/22\/minicursos\/#primaryimage"},"thumbnailUrl":"https:\/\/semead.com.br\/22\/wp-content\/uploads\/sites\/9\/2019\/10\/Banner_Quali-1024x581.png","datePublished":"2019-10-19T19:42:48+00:00","dateModified":"2019-10-28T15:13:32+00:00","breadcrumb":{"@id":"https:\/\/semead.com.br\/22\/minicursos\/#breadcrumb"},"inLanguage":"pt-BR","potentialAction":[{"@type":"ReadAction","target":["https:\/\/semead.com.br\/22\/minicursos\/"]}]},{"@type":"ImageObject","inLanguage":"pt-BR","@id":"https:\/\/semead.com.br\/22\/minicursos\/#primaryimage","url":"https:\/\/semead.com.br\/22\/wp-content\/uploads\/sites\/9\/2019\/10\/Banner_Quali.png","contentUrl":"https:\/\/semead.com.br\/22\/wp-content\/uploads\/sites\/9\/2019\/10\/Banner_Quali.png","width":1957,"height":1111},{"@type":"BreadcrumbList","@id":"https:\/\/semead.com.br\/22\/minicursos\/#breadcrumb","itemListElement":[{"@type":"ListItem","position":1,"name":"In\u00edcio","item":"https:\/\/semead.com.br\/22\/"},{"@type":"ListItem","position":2,"name":"Minicursos"}]},{"@type":"WebSite","@id":"https:\/\/semead.com.br\/22\/#website","url":"https:\/\/semead.com.br\/22\/","name":"XXII SemeAd","description":"Semin\u00e1rios em Administra\u00e7\u00e3o","potentialAction":[{"@type":"SearchAction","target":{"@type":"EntryPoint","urlTemplate":"https:\/\/semead.com.br\/22\/?s={search_term_string}"},"query-input":{"@type":"PropertyValueSpecification","valueRequired":true,"valueName":"search_term_string"}}],"inLanguage":"pt-BR"}]}},"_links":{"self":[{"href":"https:\/\/semead.com.br\/22\/wp-json\/wp\/v2\/pages\/15605","targetHints":{"allow":["GET"]}}],"collection":[{"href":"https:\/\/semead.com.br\/22\/wp-json\/wp\/v2\/pages"}],"about":[{"href":"https:\/\/semead.com.br\/22\/wp-json\/wp\/v2\/types\/page"}],"author":[{"embeddable":true,"href":"https:\/\/semead.com.br\/22\/wp-json\/wp\/v2\/users\/4"}],"replies":[{"embeddable":true,"href":"https:\/\/semead.com.br\/22\/wp-json\/wp\/v2\/comments?post=15605"}],"version-history":[{"count":0,"href":"https:\/\/semead.com.br\/22\/wp-json\/wp\/v2\/pages\/15605\/revisions"}],"wp:attachment":[{"href":"https:\/\/semead.com.br\/22\/wp-json\/wp\/v2\/media?parent=15605"}],"curies":[{"name":"wp","href":"https:\/\/api.w.org\/{rel}","templated":true}]}}