{"id":15642,"date":"2019-10-23T17:56:45","date_gmt":"2019-10-23T20:56:45","guid":{"rendered":"https:\/\/semead.com.br\/22\/?page_id=15642"},"modified":"2019-11-02T14:56:17","modified_gmt":"2019-11-02T17:56:17","slug":"minicurso-quantitativo","status":"publish","type":"page","link":"https:\/\/semead.com.br\/22\/minicursos\/minicurso-quantitativo\/","title":{"rendered":"Minicurso &#8211; Quantitativo"},"content":{"rendered":"\t\t<div data-elementor-type=\"wp-post\" data-elementor-id=\"15642\" class=\"elementor elementor-15642\">\n\t\t\t\t\t\t<section class=\"elementor-section elementor-top-section elementor-element elementor-element-37cd73f elementor-section-boxed elementor-section-height-default elementor-section-height-default\" data-id=\"37cd73f\" data-element_type=\"section\" data-e-type=\"section\">\n\t\t\t\t\t\t<div class=\"elementor-container elementor-column-gap-default\">\n\t\t\t\t\t<div class=\"elementor-column elementor-col-100 elementor-top-column elementor-element elementor-element-595490b\" data-id=\"595490b\" data-element_type=\"column\" data-e-type=\"column\">\n\t\t\t<div class=\"elementor-widget-wrap elementor-element-populated\">\n\t\t\t\t\t\t<div class=\"elementor-element elementor-element-b7e8f1b elementor-widget-divider--view-line elementor-widget elementor-widget-divider\" data-id=\"b7e8f1b\" data-element_type=\"widget\" data-e-type=\"widget\" data-widget_type=\"divider.default\">\n\t\t\t\t<div class=\"elementor-widget-container\">\n\t\t\t\t\t\t\t<div class=\"elementor-divider\">\n\t\t\t<span class=\"elementor-divider-separator\">\n\t\t\t\t\t\t<\/span>\n\t\t<\/div>\n\t\t\t\t\t\t<\/div>\n\t\t\t\t<\/div>\n\t\t\t\t<div class=\"elementor-element elementor-element-0835e1c elementor-widget elementor-widget-rt-title\" data-id=\"0835e1c\" data-element_type=\"widget\" data-e-type=\"widget\" data-widget_type=\"rt-title.default\">\n\t\t\t\t<div class=\"elementor-widget-container\">\n\t\t\t\t\t<div class=\"rt-el-title section-heading title-black color-light text-center style3\">\n\t<h2 class=\"rtin-title\"><\/h2>\n\t<div class=\"rtin-subtitle\"><p>O Uso de Machine Learning em Estudos de Modelos Preditivos<\/p><\/div>\n<\/div>\n\t\t\t\t<\/div>\n\t\t\t\t<\/div>\n\t\t\t\t<section class=\"elementor-section elementor-inner-section elementor-element elementor-element-096c456 elementor-section-boxed elementor-section-height-default elementor-section-height-default\" data-id=\"096c456\" data-element_type=\"section\" data-e-type=\"section\">\n\t\t\t\t\t\t<div class=\"elementor-container elementor-column-gap-default\">\n\t\t\t\t\t<div class=\"elementor-column elementor-col-33 elementor-inner-column elementor-element elementor-element-2fc3925\" data-id=\"2fc3925\" data-element_type=\"column\" data-e-type=\"column\">\n\t\t\t<div class=\"elementor-widget-wrap elementor-element-populated\">\n\t\t\t\t\t\t<div class=\"elementor-element elementor-element-eb31519 elementor-widget elementor-widget-image\" data-id=\"eb31519\" data-element_type=\"widget\" data-e-type=\"widget\" data-widget_type=\"image.default\">\n\t\t\t\t<div class=\"elementor-widget-container\">\n\t\t\t\t\t\t\t\t\t\t\t\t\t\t\t<img decoding=\"async\" src=\"https:\/\/semead.com.br\/22\/wp-content\/uploads\/sites\/9\/elementor\/thumbs\/vidal-rf42fco1k58c7nusaxz4ts8iaddpxjj1rz8aw6ur7m.jpeg\" title=\"vidal\" alt=\"vidal\" loading=\"lazy\" \/>\t\t\t\t\t\t\t\t\t\t\t\t\t\t\t<\/div>\n\t\t\t\t<\/div>\n\t\t\t\t\t<\/div>\n\t\t<\/div>\n\t\t\t\t<div class=\"elementor-column elementor-col-33 elementor-inner-column elementor-element elementor-element-7f6b097\" data-id=\"7f6b097\" data-element_type=\"column\" data-e-type=\"column\">\n\t\t\t<div class=\"elementor-widget-wrap elementor-element-populated\">\n\t\t\t\t\t\t<div class=\"elementor-element elementor-element-3512b94 elementor-widget elementor-widget-image\" data-id=\"3512b94\" data-element_type=\"widget\" data-e-type=\"widget\" data-widget_type=\"image.default\">\n\t\t\t\t<div class=\"elementor-widget-container\">\n\t\t\t\t\t\t\t\t\t\t\t\t\t\t\t<img decoding=\"async\" src=\"https:\/\/semead.com.br\/22\/wp-content\/uploads\/sites\/9\/elementor\/thumbs\/mantovani-rf42fco1k58c7nusaxz4ts8iaddpxjj1rz8aw6ura4.png\" title=\"mantovani\" alt=\"mantovani\" loading=\"lazy\" \/>\t\t\t\t\t\t\t\t\t\t\t\t\t\t\t<\/div>\n\t\t\t\t<\/div>\n\t\t\t\t\t<\/div>\n\t\t<\/div>\n\t\t\t\t<div class=\"elementor-column elementor-col-33 elementor-inner-column elementor-element elementor-element-6eb6c04\" data-id=\"6eb6c04\" data-element_type=\"column\" data-e-type=\"column\">\n\t\t\t<div class=\"elementor-widget-wrap elementor-element-populated\">\n\t\t\t\t\t\t<div class=\"elementor-element elementor-element-078302b elementor-widget elementor-widget-image\" data-id=\"078302b\" data-element_type=\"widget\" data-e-type=\"widget\" data-widget_type=\"image.default\">\n\t\t\t\t<div class=\"elementor-widget-container\">\n\t\t\t\t\t\t\t\t\t\t\t\t\t\t\t<img decoding=\"async\" src=\"https:\/\/semead.com.br\/22\/wp-content\/uploads\/sites\/9\/elementor\/thumbs\/adriana-rf42fbq7db71w1w5gfki9ah1ozicpufbfukteww5g2.png\" title=\"adriana\" alt=\"adriana\" loading=\"lazy\" \/>\t\t\t\t\t\t\t\t\t\t\t\t\t\t\t<\/div>\n\t\t\t\t<\/div>\n\t\t\t\t\t<\/div>\n\t\t<\/div>\n\t\t\t\t\t<\/div>\n\t\t<\/section>\n\t\t\t\t<section class=\"elementor-section elementor-inner-section elementor-element elementor-element-b5108fb elementor-section-boxed elementor-section-height-default elementor-section-height-default\" data-id=\"b5108fb\" data-element_type=\"section\" data-e-type=\"section\">\n\t\t\t\t\t\t<div class=\"elementor-container elementor-column-gap-default\">\n\t\t\t\t\t<div class=\"elementor-column elementor-col-50 elementor-inner-column elementor-element elementor-element-3a28731\" data-id=\"3a28731\" data-element_type=\"column\" data-e-type=\"column\">\n\t\t\t<div class=\"elementor-widget-wrap elementor-element-populated\">\n\t\t\t\t\t\t<div class=\"elementor-element elementor-element-0d33650 elementor-widget elementor-widget-image\" data-id=\"0d33650\" data-element_type=\"widget\" data-e-type=\"widget\" data-widget_type=\"image.default\">\n\t\t\t\t<div class=\"elementor-widget-container\">\n\t\t\t\t\t\t\t\t\t\t\t\t\t\t\t<img decoding=\"async\" src=\"https:\/\/semead.com.br\/22\/wp-content\/uploads\/sites\/9\/elementor\/thumbs\/bergmann-rf42fbq7db71w1w5gfki9ah1ozicpufbfukteww5c6.jpeg\" title=\"bergmann\" alt=\"bergmann\" loading=\"lazy\" \/>\t\t\t\t\t\t\t\t\t\t\t\t\t\t\t<\/div>\n\t\t\t\t<\/div>\n\t\t\t\t\t<\/div>\n\t\t<\/div>\n\t\t\t\t<div class=\"elementor-column elementor-col-50 elementor-inner-column elementor-element elementor-element-7ac3be9\" data-id=\"7ac3be9\" data-element_type=\"column\" data-e-type=\"column\">\n\t\t\t<div class=\"elementor-widget-wrap elementor-element-populated\">\n\t\t\t\t\t\t<div class=\"elementor-element elementor-element-11cae4c elementor-widget elementor-widget-image\" data-id=\"11cae4c\" data-element_type=\"widget\" data-e-type=\"widget\" data-widget_type=\"image.default\">\n\t\t\t\t<div class=\"elementor-widget-container\">\n\t\t\t\t\t\t\t\t\t\t\t\t\t\t\t<img decoding=\"async\" src=\"https:\/\/semead.com.br\/22\/wp-content\/uploads\/sites\/9\/elementor\/thumbs\/roberto-rf42fco1k58c7nusaxz4ts8iaddpxjj1rz8aw6ur9k.png\" title=\"roberto\" alt=\"roberto\" loading=\"lazy\" \/>\t\t\t\t\t\t\t\t\t\t\t\t\t\t\t<\/div>\n\t\t\t\t<\/div>\n\t\t\t\t\t<\/div>\n\t\t<\/div>\n\t\t\t\t\t<\/div>\n\t\t<\/section>\n\t\t\t\t<div class=\"elementor-element elementor-element-cb25c05 elementor-widget elementor-widget-text-editor\" data-id=\"cb25c05\" data-element_type=\"widget\" data-e-type=\"widget\" data-widget_type=\"text-editor.default\">\n\t\t\t\t<div class=\"elementor-widget-container\">\n\t\t\t\t\t\t\t\t\t<table border=\"2\" width=\"100%\"><tbody><tr><td width=\"16%\">Data<\/td><td width=\"12%\">Hor\u00e1rio<\/td><td width=\"9%\">Sala<\/td><td width=\"42%\">Conte\u00fado<\/td><td width=\"19%\">Professores<\/td><\/tr><tr><td width=\"16%\">06\/11\/2019<br \/>(quarta-feira)<\/td><td width=\"12%\">\u00a014:35 \u00e0s 16:05<\/td><td width=\"9%\">Audit\u00f3rio SAFRA<\/td><td width=\"42%\"><p>&#8211; Introdu\u00e7\u00e3o ao minicurso e \u00e0 emerg\u00eancia de m\u00e9todos de <em>Machine Learning<\/em> nas pesquisas em Administra\u00e7\u00e3o \/ Inova\u00e7\u00e3o &#8211; Roberto Bernardes (20 a 30 minutos);<\/p><p>&#8211; Introdu\u00e7\u00e3o aos conceitos b\u00e1sicos: <em>big data<\/em>, <em>machine learning<\/em> e intelig\u00eancia artificial e sua aplica\u00e7\u00e3o em pesquisas acad\u00eamicas &#8211; Ant\u00f4nio Vidal;<\/p><p>&#8211; O Cientista de Dados: perfil, compet\u00eancias e perspectivas.<\/p><\/td><td width=\"19%\">Dr. Ant\u00f4nio Vidal e Dr. Roberto Bernardes<\/td><\/tr><tr><td width=\"16%\">07\/11\/2019<br \/>(quinta-feira)<\/td><td width=\"12%\">\u00a010:00 \u00e0s 11:30<\/td><td width=\"9%\">Audit\u00f3rio SAFRA<\/td><td width=\"42%\"><p>&#8211; O que s\u00e3o Redes Neurais Artificiais (RNA) e <em>Deep Learning<\/em>;<\/p><p>&#8211; A aplica\u00e7\u00e3o de RNA em pesquisas acad\u00eamicas;<\/p><p>&#8211; Como desenvolver uma pesquisa utilizando RNA.<\/p><\/td><td width=\"19%\">Dr. Ant\u00f4nio Vidal<\/td><\/tr><tr><td width=\"16%\">\u00a007\/11\/2019<br \/>(quinta-feira)<\/td><td width=\"12%\">\u00a015:05 \u00e0s 16:35<\/td><td width=\"9%\">Audit\u00f3rio SAFRA<\/td><td width=\"42%\"><p>&#8211; O que \u00e9 Aprendizado Supervisionado em <i>Machine Learning<\/i>;<\/p><p>&#8211; Exemplo de como conduzir uma pesquisa aplicando <i>Machine Learning<\/i> com Aprendizado Supervisionado (algoritmos de classifica\u00e7\u00e3o).<\/p><\/td><td width=\"19%\">Dra. Daielly Mantovani e Dra. Adriana Backx<\/td><\/tr><tr><td width=\"16%\">08\/11\/2019<br \/>(sexta-feira)<\/td><td width=\"12%\">10:00 \u00e0s 11:30<\/td><td width=\"9%\">Audit\u00f3rio SAFRA<\/td><td width=\"42%\"><p>&#8211; O que \u00e9 Aprendizado N\u00e3o Supervisionado em <em>Machine Learning<\/em>;<\/p><p>&#8211; Exemplo de como conduzir uma pesquisa aplicando Machine Learning com Aprendizado N\u00e3o Supervisionado (algoritmos de agrupamento ou <em>cluster<\/em>);<\/p><p><strong>&#8211; Encerramento: <\/strong>a import\u00e2ncia da condu\u00e7\u00e3o de pesquisas preditivas utilizando metodologias baseadas em <em>Machine Learning<\/em>.<\/p><\/td><td width=\"19%\">Dra. Daielly Mantovani e Dr. Daniel Bergmann<\/td><\/tr><\/tbody><\/table>\t\t\t\t\t\t\t\t<\/div>\n\t\t\t\t<\/div>\n\t\t\t\t\t<\/div>\n\t\t<\/div>\n\t\t\t\t\t<\/div>\n\t\t<\/section>\n\t\t\t\t<\/div>\n\t\t","protected":false},"excerpt":{"rendered":"<p>O Uso de Machine Learning em Estudos de Modelos Preditivos Data Hor\u00e1rio Sala Conte\u00fado Professores 06\/11\/2019(quarta-feira) \u00a014:35 \u00e0s 16:05 Audit\u00f3rio SAFRA &#8211; Introdu\u00e7\u00e3o ao minicurso e \u00e0 emerg\u00eancia de m\u00e9todos de Machine Learning nas pesquisas em Administra\u00e7\u00e3o \/ Inova\u00e7\u00e3o &#8211; Roberto Bernardes (20 a 30 minutos); &#8211; Introdu\u00e7\u00e3o aos conceitos b\u00e1sicos: big data, machine learning&#8230;<\/p>\n","protected":false},"author":4,"featured_media":0,"parent":15605,"menu_order":0,"comment_status":"closed","ping_status":"closed","template":"","meta":{"_acf_changed":false,"_monsterinsights_skip_tracking":false,"_monsterinsights_sitenote_active":false,"_monsterinsights_sitenote_note":"","_monsterinsights_sitenote_category":0,"footnotes":""},"class_list":["post-15642","page","type-page","status-publish","hentry"],"acf":[],"yoast_head":"<!-- This site is optimized with the Yoast SEO plugin v27.1.1 - https:\/\/yoast.com\/product\/yoast-seo-wordpress\/ -->\n<title>Minicurso - Quantitativo - XXII SemeAd<\/title>\n<meta name=\"robots\" content=\"index, follow, max-snippet:-1, max-image-preview:large, max-video-preview:-1\" \/>\n<link rel=\"canonical\" href=\"https:\/\/semead.com.br\/22\/minicursos\/minicurso-quantitativo\/\" \/>\n<meta property=\"og:locale\" content=\"pt_BR\" \/>\n<meta property=\"og:type\" content=\"article\" \/>\n<meta property=\"og:title\" content=\"Minicurso - Quantitativo - XXII SemeAd\" \/>\n<meta property=\"og:description\" content=\"O Uso de Machine Learning em Estudos de Modelos Preditivos Data Hor\u00e1rio Sala Conte\u00fado Professores 06\/11\/2019(quarta-feira) \u00a014:35 \u00e0s 16:05 Audit\u00f3rio SAFRA &#8211; Introdu\u00e7\u00e3o ao minicurso e \u00e0 emerg\u00eancia de m\u00e9todos de Machine Learning nas pesquisas em Administra\u00e7\u00e3o \/ Inova\u00e7\u00e3o &#8211; Roberto Bernardes (20 a 30 minutos); &#8211; Introdu\u00e7\u00e3o aos conceitos b\u00e1sicos: big data, machine learning...\" \/>\n<meta property=\"og:url\" content=\"https:\/\/semead.com.br\/22\/minicursos\/minicurso-quantitativo\/\" \/>\n<meta property=\"og:site_name\" content=\"XXII SemeAd\" \/>\n<meta property=\"article:modified_time\" content=\"2019-11-02T17:56:17+00:00\" \/>\n<meta property=\"og:image\" content=\"https:\/\/semead.com.br\/22\/wp-content\/uploads\/sites\/9\/elementor\/thumbs\/vidal-ofgtz38wrrbfvj0cqsn9n9r5qptok4qqpunlj5g18i.jpeg\" \/>\n<meta name=\"twitter:card\" content=\"summary_large_image\" \/>\n<meta name=\"twitter:label1\" content=\"Est. tempo de leitura\" \/>\n\t<meta name=\"twitter:data1\" content=\"1 minuto\" \/>\n<script type=\"application\/ld+json\" class=\"yoast-schema-graph\">{\"@context\":\"https:\/\/schema.org\",\"@graph\":[{\"@type\":\"WebPage\",\"@id\":\"https:\/\/semead.com.br\/22\/minicursos\/minicurso-quantitativo\/\",\"url\":\"https:\/\/semead.com.br\/22\/minicursos\/minicurso-quantitativo\/\",\"name\":\"Minicurso - Quantitativo - XXII SemeAd\",\"isPartOf\":{\"@id\":\"https:\/\/semead.com.br\/22\/#website\"},\"primaryImageOfPage\":{\"@id\":\"https:\/\/semead.com.br\/22\/minicursos\/minicurso-quantitativo\/#primaryimage\"},\"image\":{\"@id\":\"https:\/\/semead.com.br\/22\/minicursos\/minicurso-quantitativo\/#primaryimage\"},\"thumbnailUrl\":\"https:\/\/semead.com.br\/22\/wp-content\/uploads\/sites\/9\/elementor\/thumbs\/vidal-ofgtz38wrrbfvj0cqsn9n9r5qptok4qqpunlj5g18i.jpeg\",\"datePublished\":\"2019-10-23T20:56:45+00:00\",\"dateModified\":\"2019-11-02T17:56:17+00:00\",\"breadcrumb\":{\"@id\":\"https:\/\/semead.com.br\/22\/minicursos\/minicurso-quantitativo\/#breadcrumb\"},\"inLanguage\":\"pt-BR\",\"potentialAction\":[{\"@type\":\"ReadAction\",\"target\":[\"https:\/\/semead.com.br\/22\/minicursos\/minicurso-quantitativo\/\"]}]},{\"@type\":\"ImageObject\",\"inLanguage\":\"pt-BR\",\"@id\":\"https:\/\/semead.com.br\/22\/minicursos\/minicurso-quantitativo\/#primaryimage\",\"url\":\"https:\/\/semead.com.br\/22\/wp-content\/uploads\/sites\/9\/elementor\/thumbs\/vidal-ofgtz38wrrbfvj0cqsn9n9r5qptok4qqpunlj5g18i.jpeg\",\"contentUrl\":\"https:\/\/semead.com.br\/22\/wp-content\/uploads\/sites\/9\/elementor\/thumbs\/vidal-ofgtz38wrrbfvj0cqsn9n9r5qptok4qqpunlj5g18i.jpeg\"},{\"@type\":\"BreadcrumbList\",\"@id\":\"https:\/\/semead.com.br\/22\/minicursos\/minicurso-quantitativo\/#breadcrumb\",\"itemListElement\":[{\"@type\":\"ListItem\",\"position\":1,\"name\":\"In\u00edcio\",\"item\":\"https:\/\/semead.com.br\/22\/\"},{\"@type\":\"ListItem\",\"position\":2,\"name\":\"Minicursos\",\"item\":\"https:\/\/semead.com.br\/22\/minicursos\/\"},{\"@type\":\"ListItem\",\"position\":3,\"name\":\"Minicurso &#8211; Quantitativo\"}]},{\"@type\":\"WebSite\",\"@id\":\"https:\/\/semead.com.br\/22\/#website\",\"url\":\"https:\/\/semead.com.br\/22\/\",\"name\":\"XXII SemeAd\",\"description\":\"Semin\u00e1rios em Administra\u00e7\u00e3o\",\"potentialAction\":[{\"@type\":\"SearchAction\",\"target\":{\"@type\":\"EntryPoint\",\"urlTemplate\":\"https:\/\/semead.com.br\/22\/?s={search_term_string}\"},\"query-input\":{\"@type\":\"PropertyValueSpecification\",\"valueRequired\":true,\"valueName\":\"search_term_string\"}}],\"inLanguage\":\"pt-BR\"}]}<\/script>\n<!-- \/ Yoast SEO plugin. -->","yoast_head_json":{"title":"Minicurso - Quantitativo - XXII SemeAd","robots":{"index":"index","follow":"follow","max-snippet":"max-snippet:-1","max-image-preview":"max-image-preview:large","max-video-preview":"max-video-preview:-1"},"canonical":"https:\/\/semead.com.br\/22\/minicursos\/minicurso-quantitativo\/","og_locale":"pt_BR","og_type":"article","og_title":"Minicurso - Quantitativo - XXII SemeAd","og_description":"O Uso de Machine Learning em Estudos de Modelos Preditivos Data Hor\u00e1rio Sala Conte\u00fado Professores 06\/11\/2019(quarta-feira) \u00a014:35 \u00e0s 16:05 Audit\u00f3rio SAFRA &#8211; Introdu\u00e7\u00e3o ao minicurso e \u00e0 emerg\u00eancia de m\u00e9todos de Machine Learning nas pesquisas em Administra\u00e7\u00e3o \/ Inova\u00e7\u00e3o &#8211; Roberto Bernardes (20 a 30 minutos); &#8211; Introdu\u00e7\u00e3o aos conceitos b\u00e1sicos: big data, machine learning...","og_url":"https:\/\/semead.com.br\/22\/minicursos\/minicurso-quantitativo\/","og_site_name":"XXII SemeAd","article_modified_time":"2019-11-02T17:56:17+00:00","og_image":[{"url":"https:\/\/semead.com.br\/22\/wp-content\/uploads\/sites\/9\/elementor\/thumbs\/vidal-ofgtz38wrrbfvj0cqsn9n9r5qptok4qqpunlj5g18i.jpeg","type":"","width":"","height":""}],"twitter_card":"summary_large_image","twitter_misc":{"Est. tempo de leitura":"1 minuto"},"schema":{"@context":"https:\/\/schema.org","@graph":[{"@type":"WebPage","@id":"https:\/\/semead.com.br\/22\/minicursos\/minicurso-quantitativo\/","url":"https:\/\/semead.com.br\/22\/minicursos\/minicurso-quantitativo\/","name":"Minicurso - Quantitativo - XXII SemeAd","isPartOf":{"@id":"https:\/\/semead.com.br\/22\/#website"},"primaryImageOfPage":{"@id":"https:\/\/semead.com.br\/22\/minicursos\/minicurso-quantitativo\/#primaryimage"},"image":{"@id":"https:\/\/semead.com.br\/22\/minicursos\/minicurso-quantitativo\/#primaryimage"},"thumbnailUrl":"https:\/\/semead.com.br\/22\/wp-content\/uploads\/sites\/9\/elementor\/thumbs\/vidal-ofgtz38wrrbfvj0cqsn9n9r5qptok4qqpunlj5g18i.jpeg","datePublished":"2019-10-23T20:56:45+00:00","dateModified":"2019-11-02T17:56:17+00:00","breadcrumb":{"@id":"https:\/\/semead.com.br\/22\/minicursos\/minicurso-quantitativo\/#breadcrumb"},"inLanguage":"pt-BR","potentialAction":[{"@type":"ReadAction","target":["https:\/\/semead.com.br\/22\/minicursos\/minicurso-quantitativo\/"]}]},{"@type":"ImageObject","inLanguage":"pt-BR","@id":"https:\/\/semead.com.br\/22\/minicursos\/minicurso-quantitativo\/#primaryimage","url":"https:\/\/semead.com.br\/22\/wp-content\/uploads\/sites\/9\/elementor\/thumbs\/vidal-ofgtz38wrrbfvj0cqsn9n9r5qptok4qqpunlj5g18i.jpeg","contentUrl":"https:\/\/semead.com.br\/22\/wp-content\/uploads\/sites\/9\/elementor\/thumbs\/vidal-ofgtz38wrrbfvj0cqsn9n9r5qptok4qqpunlj5g18i.jpeg"},{"@type":"BreadcrumbList","@id":"https:\/\/semead.com.br\/22\/minicursos\/minicurso-quantitativo\/#breadcrumb","itemListElement":[{"@type":"ListItem","position":1,"name":"In\u00edcio","item":"https:\/\/semead.com.br\/22\/"},{"@type":"ListItem","position":2,"name":"Minicursos","item":"https:\/\/semead.com.br\/22\/minicursos\/"},{"@type":"ListItem","position":3,"name":"Minicurso &#8211; Quantitativo"}]},{"@type":"WebSite","@id":"https:\/\/semead.com.br\/22\/#website","url":"https:\/\/semead.com.br\/22\/","name":"XXII SemeAd","description":"Semin\u00e1rios em Administra\u00e7\u00e3o","potentialAction":[{"@type":"SearchAction","target":{"@type":"EntryPoint","urlTemplate":"https:\/\/semead.com.br\/22\/?s={search_term_string}"},"query-input":{"@type":"PropertyValueSpecification","valueRequired":true,"valueName":"search_term_string"}}],"inLanguage":"pt-BR"}]}},"_links":{"self":[{"href":"https:\/\/semead.com.br\/22\/wp-json\/wp\/v2\/pages\/15642","targetHints":{"allow":["GET"]}}],"collection":[{"href":"https:\/\/semead.com.br\/22\/wp-json\/wp\/v2\/pages"}],"about":[{"href":"https:\/\/semead.com.br\/22\/wp-json\/wp\/v2\/types\/page"}],"author":[{"embeddable":true,"href":"https:\/\/semead.com.br\/22\/wp-json\/wp\/v2\/users\/4"}],"replies":[{"embeddable":true,"href":"https:\/\/semead.com.br\/22\/wp-json\/wp\/v2\/comments?post=15642"}],"version-history":[{"count":0,"href":"https:\/\/semead.com.br\/22\/wp-json\/wp\/v2\/pages\/15642\/revisions"}],"up":[{"embeddable":true,"href":"https:\/\/semead.com.br\/22\/wp-json\/wp\/v2\/pages\/15605"}],"wp:attachment":[{"href":"https:\/\/semead.com.br\/22\/wp-json\/wp\/v2\/media?parent=15642"}],"curies":[{"name":"wp","href":"https:\/\/api.w.org\/{rel}","templated":true}]}}