{"id":15661,"date":"2019-10-23T18:05:38","date_gmt":"2019-10-23T21:05:38","guid":{"rendered":"https:\/\/semead.com.br\/22\/?page_id=15661"},"modified":"2019-11-02T13:00:28","modified_gmt":"2019-11-02T16:00:28","slug":"impacto-na-producao-cientifica","status":"publish","type":"page","link":"https:\/\/semead.com.br\/22\/impacto-3\/impacto-na-producao-cientifica\/","title":{"rendered":"Impacto nos <i>Journals<\/i> acad\u00eamicos"},"content":{"rendered":"\n<div class=\"wp-block-image\"><figure class=\"aligncenter\"><img fetchpriority=\"high\" decoding=\"async\" width=\"1024\" height=\"276\" src=\"https:\/\/semead.com.br\/22\/wp-content\/uploads\/sites\/9\/2019\/10\/impacto-journals-1024x276.png\" alt=\"\" class=\"wp-image-15729\" srcset=\"https:\/\/semead.com.br\/22\/wp-content\/uploads\/sites\/9\/2019\/10\/impacto-journals-1024x276.png 1024w, https:\/\/semead.com.br\/22\/wp-content\/uploads\/sites\/9\/2019\/10\/impacto-journals-300x81.png 300w, https:\/\/semead.com.br\/22\/wp-content\/uploads\/sites\/9\/2019\/10\/impacto-journals-768x207.png 768w\" sizes=\"(max-width: 1024px) 100vw, 1024px\" \/><\/figure><\/div>\n\n\n\n<p>A discuss\u00e3o tamb\u00e9m alcan\u00e7ar\u00e1 o \u00e2mbito da gest\u00e3o editorial. Os editores Maria Jos\u00e9 Tonelli (RAE), Wesley Mendes-da-Silva (RAC), Fl\u00e1vio Hourneaux (RAUS) e Jo\u00e3o Maur\u00edcio Boaventura (RBGN) participar\u00e3o do F\u00f3rum \u201cImpacto nos <em>Journals\u201d<\/em>, compartilhando a\u00e7\u00f5es direcionadas a aumentar o impacto de suas revistas nos cen\u00e1rios nacional e internacional.<\/p>\n\n\n\n<p><strong>Esse f\u00f3rum acontece no dia 06\/11, no Audit\u00f3rio- Congrega\u00e7\u00e3o, das 14:35 \u00e0s 16:05<\/strong><\/p>\n","protected":false},"excerpt":{"rendered":"<p>A discuss\u00e3o tamb\u00e9m alcan\u00e7ar\u00e1 o \u00e2mbito da gest\u00e3o editorial. Os editores Maria Jos\u00e9 Tonelli (RAE), Wesley Mendes-da-Silva (RAC), Fl\u00e1vio Hourneaux (RAUS) e Jo\u00e3o Maur\u00edcio Boaventura (RBGN) participar\u00e3o do F\u00f3rum \u201cImpacto nos Journals\u201d, compartilhando a\u00e7\u00f5es direcionadas a aumentar o impacto de suas revistas nos cen\u00e1rios nacional e internacional. Esse f\u00f3rum acontece no dia 06\/11, no Audit\u00f3rio-&#8230;<\/p>\n","protected":false},"author":4,"featured_media":0,"parent":15647,"menu_order":0,"comment_status":"closed","ping_status":"closed","template":"","meta":{"_acf_changed":false,"_monsterinsights_skip_tracking":false,"_monsterinsights_sitenote_active":false,"_monsterinsights_sitenote_note":"","_monsterinsights_sitenote_category":0,"footnotes":""},"class_list":["post-15661","page","type-page","status-publish","hentry"],"acf":[],"yoast_head":"<!-- This site is optimized with the Yoast SEO plugin v27.1.1 - https:\/\/yoast.com\/product\/yoast-seo-wordpress\/ -->\n<title>Impacto nos Journals acad\u00eamicos - XXII SemeAd<\/title>\n<meta name=\"robots\" content=\"index, follow, max-snippet:-1, max-image-preview:large, max-video-preview:-1\" \/>\n<link rel=\"canonical\" href=\"https:\/\/semead.com.br\/22\/impacto-3\/impacto-na-producao-cientifica\/\" \/>\n<meta property=\"og:locale\" content=\"pt_BR\" \/>\n<meta property=\"og:type\" content=\"article\" \/>\n<meta property=\"og:title\" content=\"Impacto nos Journals acad\u00eamicos - XXII SemeAd\" \/>\n<meta property=\"og:description\" content=\"A discuss\u00e3o tamb\u00e9m alcan\u00e7ar\u00e1 o \u00e2mbito da gest\u00e3o editorial. Os editores Maria Jos\u00e9 Tonelli (RAE), Wesley Mendes-da-Silva (RAC), Fl\u00e1vio Hourneaux (RAUS) e Jo\u00e3o Maur\u00edcio Boaventura (RBGN) participar\u00e3o do F\u00f3rum \u201cImpacto nos Journals\u201d, compartilhando a\u00e7\u00f5es direcionadas a aumentar o impacto de suas revistas nos cen\u00e1rios nacional e internacional. Esse f\u00f3rum acontece no dia 06\/11, no Audit\u00f3rio-...\" \/>\n<meta property=\"og:url\" content=\"https:\/\/semead.com.br\/22\/impacto-3\/impacto-na-producao-cientifica\/\" \/>\n<meta property=\"og:site_name\" content=\"XXII SemeAd\" \/>\n<meta property=\"article:modified_time\" content=\"2019-11-02T16:00:28+00:00\" \/>\n<meta property=\"og:image\" content=\"https:\/\/semead.com.br\/22\/wp-content\/uploads\/sites\/9\/2019\/10\/impacto-journals-1024x276.png\" \/>\n<meta name=\"twitter:card\" content=\"summary_large_image\" \/>\n<script type=\"application\/ld+json\" class=\"yoast-schema-graph\">{\"@context\":\"https:\/\/schema.org\",\"@graph\":[{\"@type\":\"WebPage\",\"@id\":\"https:\/\/semead.com.br\/22\/impacto-3\/impacto-na-producao-cientifica\/\",\"url\":\"https:\/\/semead.com.br\/22\/impacto-3\/impacto-na-producao-cientifica\/\",\"name\":\"Impacto nos Journals acad\u00eamicos - XXII SemeAd\",\"isPartOf\":{\"@id\":\"https:\/\/semead.com.br\/22\/#website\"},\"primaryImageOfPage\":{\"@id\":\"https:\/\/semead.com.br\/22\/impacto-3\/impacto-na-producao-cientifica\/#primaryimage\"},\"image\":{\"@id\":\"https:\/\/semead.com.br\/22\/impacto-3\/impacto-na-producao-cientifica\/#primaryimage\"},\"thumbnailUrl\":\"https:\/\/semead.com.br\/22\/wp-content\/uploads\/sites\/9\/2019\/10\/impacto-journals-1024x276.png\",\"datePublished\":\"2019-10-23T21:05:38+00:00\",\"dateModified\":\"2019-11-02T16:00:28+00:00\",\"breadcrumb\":{\"@id\":\"https:\/\/semead.com.br\/22\/impacto-3\/impacto-na-producao-cientifica\/#breadcrumb\"},\"inLanguage\":\"pt-BR\",\"potentialAction\":[{\"@type\":\"ReadAction\",\"target\":[\"https:\/\/semead.com.br\/22\/impacto-3\/impacto-na-producao-cientifica\/\"]}]},{\"@type\":\"ImageObject\",\"inLanguage\":\"pt-BR\",\"@id\":\"https:\/\/semead.com.br\/22\/impacto-3\/impacto-na-producao-cientifica\/#primaryimage\",\"url\":\"https:\/\/semead.com.br\/22\/wp-content\/uploads\/sites\/9\/2019\/10\/impacto-journals.png\",\"contentUrl\":\"https:\/\/semead.com.br\/22\/wp-content\/uploads\/sites\/9\/2019\/10\/impacto-journals.png\",\"width\":2649,\"height\":715},{\"@type\":\"BreadcrumbList\",\"@id\":\"https:\/\/semead.com.br\/22\/impacto-3\/impacto-na-producao-cientifica\/#breadcrumb\",\"itemListElement\":[{\"@type\":\"ListItem\",\"position\":1,\"name\":\"In\u00edcio\",\"item\":\"https:\/\/semead.com.br\/22\/\"},{\"@type\":\"ListItem\",\"position\":2,\"name\":\"IMPACTO\",\"item\":\"https:\/\/semead.com.br\/22\/impacto-3\/\"},{\"@type\":\"ListItem\",\"position\":3,\"name\":\"Impacto nos Journals acad\u00eamicos\"}]},{\"@type\":\"WebSite\",\"@id\":\"https:\/\/semead.com.br\/22\/#website\",\"url\":\"https:\/\/semead.com.br\/22\/\",\"name\":\"XXII SemeAd\",\"description\":\"Semin\u00e1rios em Administra\u00e7\u00e3o\",\"potentialAction\":[{\"@type\":\"SearchAction\",\"target\":{\"@type\":\"EntryPoint\",\"urlTemplate\":\"https:\/\/semead.com.br\/22\/?s={search_term_string}\"},\"query-input\":{\"@type\":\"PropertyValueSpecification\",\"valueRequired\":true,\"valueName\":\"search_term_string\"}}],\"inLanguage\":\"pt-BR\"}]}<\/script>\n<!-- \/ Yoast SEO plugin. -->","yoast_head_json":{"title":"Impacto nos Journals acad\u00eamicos - XXII SemeAd","robots":{"index":"index","follow":"follow","max-snippet":"max-snippet:-1","max-image-preview":"max-image-preview:large","max-video-preview":"max-video-preview:-1"},"canonical":"https:\/\/semead.com.br\/22\/impacto-3\/impacto-na-producao-cientifica\/","og_locale":"pt_BR","og_type":"article","og_title":"Impacto nos Journals acad\u00eamicos - XXII SemeAd","og_description":"A discuss\u00e3o tamb\u00e9m alcan\u00e7ar\u00e1 o \u00e2mbito da gest\u00e3o editorial. Os editores Maria Jos\u00e9 Tonelli (RAE), Wesley Mendes-da-Silva (RAC), Fl\u00e1vio Hourneaux (RAUS) e Jo\u00e3o Maur\u00edcio Boaventura (RBGN) participar\u00e3o do F\u00f3rum \u201cImpacto nos Journals\u201d, compartilhando a\u00e7\u00f5es direcionadas a aumentar o impacto de suas revistas nos cen\u00e1rios nacional e internacional. Esse f\u00f3rum acontece no dia 06\/11, no Audit\u00f3rio-...","og_url":"https:\/\/semead.com.br\/22\/impacto-3\/impacto-na-producao-cientifica\/","og_site_name":"XXII SemeAd","article_modified_time":"2019-11-02T16:00:28+00:00","og_image":[{"url":"https:\/\/semead.com.br\/22\/wp-content\/uploads\/sites\/9\/2019\/10\/impacto-journals-1024x276.png","type":"","width":"","height":""}],"twitter_card":"summary_large_image","schema":{"@context":"https:\/\/schema.org","@graph":[{"@type":"WebPage","@id":"https:\/\/semead.com.br\/22\/impacto-3\/impacto-na-producao-cientifica\/","url":"https:\/\/semead.com.br\/22\/impacto-3\/impacto-na-producao-cientifica\/","name":"Impacto nos Journals acad\u00eamicos - XXII SemeAd","isPartOf":{"@id":"https:\/\/semead.com.br\/22\/#website"},"primaryImageOfPage":{"@id":"https:\/\/semead.com.br\/22\/impacto-3\/impacto-na-producao-cientifica\/#primaryimage"},"image":{"@id":"https:\/\/semead.com.br\/22\/impacto-3\/impacto-na-producao-cientifica\/#primaryimage"},"thumbnailUrl":"https:\/\/semead.com.br\/22\/wp-content\/uploads\/sites\/9\/2019\/10\/impacto-journals-1024x276.png","datePublished":"2019-10-23T21:05:38+00:00","dateModified":"2019-11-02T16:00:28+00:00","breadcrumb":{"@id":"https:\/\/semead.com.br\/22\/impacto-3\/impacto-na-producao-cientifica\/#breadcrumb"},"inLanguage":"pt-BR","potentialAction":[{"@type":"ReadAction","target":["https:\/\/semead.com.br\/22\/impacto-3\/impacto-na-producao-cientifica\/"]}]},{"@type":"ImageObject","inLanguage":"pt-BR","@id":"https:\/\/semead.com.br\/22\/impacto-3\/impacto-na-producao-cientifica\/#primaryimage","url":"https:\/\/semead.com.br\/22\/wp-content\/uploads\/sites\/9\/2019\/10\/impacto-journals.png","contentUrl":"https:\/\/semead.com.br\/22\/wp-content\/uploads\/sites\/9\/2019\/10\/impacto-journals.png","width":2649,"height":715},{"@type":"BreadcrumbList","@id":"https:\/\/semead.com.br\/22\/impacto-3\/impacto-na-producao-cientifica\/#breadcrumb","itemListElement":[{"@type":"ListItem","position":1,"name":"In\u00edcio","item":"https:\/\/semead.com.br\/22\/"},{"@type":"ListItem","position":2,"name":"IMPACTO","item":"https:\/\/semead.com.br\/22\/impacto-3\/"},{"@type":"ListItem","position":3,"name":"Impacto nos Journals acad\u00eamicos"}]},{"@type":"WebSite","@id":"https:\/\/semead.com.br\/22\/#website","url":"https:\/\/semead.com.br\/22\/","name":"XXII SemeAd","description":"Semin\u00e1rios em Administra\u00e7\u00e3o","potentialAction":[{"@type":"SearchAction","target":{"@type":"EntryPoint","urlTemplate":"https:\/\/semead.com.br\/22\/?s={search_term_string}"},"query-input":{"@type":"PropertyValueSpecification","valueRequired":true,"valueName":"search_term_string"}}],"inLanguage":"pt-BR"}]}},"_links":{"self":[{"href":"https:\/\/semead.com.br\/22\/wp-json\/wp\/v2\/pages\/15661","targetHints":{"allow":["GET"]}}],"collection":[{"href":"https:\/\/semead.com.br\/22\/wp-json\/wp\/v2\/pages"}],"about":[{"href":"https:\/\/semead.com.br\/22\/wp-json\/wp\/v2\/types\/page"}],"author":[{"embeddable":true,"href":"https:\/\/semead.com.br\/22\/wp-json\/wp\/v2\/users\/4"}],"replies":[{"embeddable":true,"href":"https:\/\/semead.com.br\/22\/wp-json\/wp\/v2\/comments?post=15661"}],"version-history":[{"count":0,"href":"https:\/\/semead.com.br\/22\/wp-json\/wp\/v2\/pages\/15661\/revisions"}],"up":[{"embeddable":true,"href":"https:\/\/semead.com.br\/22\/wp-json\/wp\/v2\/pages\/15647"}],"wp:attachment":[{"href":"https:\/\/semead.com.br\/22\/wp-json\/wp\/v2\/media?parent=15661"}],"curies":[{"name":"wp","href":"https:\/\/api.w.org\/{rel}","templated":true}]}}