{"id":15671,"date":"2019-10-23T18:11:30","date_gmt":"2019-10-23T21:11:30","guid":{"rendered":"https:\/\/semead.com.br\/22\/?page_id=15671"},"modified":"2019-11-02T12:57:44","modified_gmt":"2019-11-02T15:57:44","slug":"impacto-nas-universidades","status":"publish","type":"page","link":"https:\/\/semead.com.br\/22\/impacto-3\/impacto-nas-universidades\/","title":{"rendered":"Impacto nas Universidades"},"content":{"rendered":"\n<div class=\"wp-block-image\"><figure class=\"aligncenter is-resized\"><img fetchpriority=\"high\" decoding=\"async\" src=\"https:\/\/semead.com.br\/22\/wp-content\/uploads\/sites\/9\/2019\/10\/impacto-nas-universidades.png\" alt=\"\" class=\"wp-image-15722\" width=\"498\" height=\"225\" srcset=\"https:\/\/semead.com.br\/22\/wp-content\/uploads\/sites\/9\/2019\/10\/impacto-nas-universidades.png 996w, https:\/\/semead.com.br\/22\/wp-content\/uploads\/sites\/9\/2019\/10\/impacto-nas-universidades-300x136.png 300w, https:\/\/semead.com.br\/22\/wp-content\/uploads\/sites\/9\/2019\/10\/impacto-nas-universidades-768x347.png 768w\" sizes=\"(max-width: 498px) 100vw, 498px\" \/><\/figure><\/div>\n\n\n\n<p>Essa sess\u00e3o contar\u00e1 com a presen\u00e7a dos professores <strong>Cle\u00f3patra da Silva Planeta<\/strong> &#8211;\nPr\u00f3-Reitora de Extens\u00e3o Universit\u00e1ria da Universidade Estadual Paulista (Unesp);\n<strong>Alu\u00edsio Cotrim Segurado<\/strong> &#8211;\nCoordenador do Escrit\u00f3rio de Gest\u00e3o de Indicadores de Desempenho Acad\u00eamico\n(EGIDA) da Universidade de S\u00e3o Paulo (USP); e <strong>Jacques Marcovitch <\/strong>&#8211; Professor S\u00eanior da FEA e do IRI\/USP.<\/p>\n\n\n\n<p>Este encontro oferecer\u00e1 um espa\u00e7o de di\u00e1logo e\ncolabora\u00e7\u00e3o sobre m\u00e9tricas de desempenho no ensino superior relativos ao\nimpacto econ\u00f4mico, social e ambiental. Recomenda-se a leitura da obra que\nservir\u00e1 de apoio para acompanhar as apresenta\u00e7\u00f5es dos autores com \u00eanfase nos\nartigos dos expositores e que est\u00e1 dispon\u00edvel no link: <\/p>\n\n\n\n<p><a href=\"http:\/\/www.livrosabertos.sibi.usp.br\/portaldelivrosUSP\/catalog\/book\/411\">http:\/\/www.livrosabertos.sibi.usp.br\/portaldelivrosUSP\/catalog\/book\/411<\/a><\/p>\n\n\n\n<p><strong>Esse f\u00f3rum acontece no dia 07\/11, no Audit\u00f3rio &#8211; Congrega\u00e7\u00e3o, das 15:05 \u00e0s 16:35<\/strong><\/p>\n","protected":false},"excerpt":{"rendered":"<p>Essa sess\u00e3o contar\u00e1 com a presen\u00e7a dos professores Cle\u00f3patra da Silva Planeta &#8211; Pr\u00f3-Reitora de Extens\u00e3o Universit\u00e1ria da Universidade Estadual Paulista (Unesp); Alu\u00edsio Cotrim Segurado &#8211; Coordenador do Escrit\u00f3rio de Gest\u00e3o de Indicadores de Desempenho Acad\u00eamico (EGIDA) da Universidade de S\u00e3o Paulo (USP); e Jacques Marcovitch &#8211; Professor S\u00eanior da FEA e do IRI\/USP. Este&#8230;<\/p>\n","protected":false},"author":4,"featured_media":0,"parent":15647,"menu_order":0,"comment_status":"closed","ping_status":"closed","template":"","meta":{"_acf_changed":false,"_monsterinsights_skip_tracking":false,"_monsterinsights_sitenote_active":false,"_monsterinsights_sitenote_note":"","_monsterinsights_sitenote_category":0,"footnotes":""},"class_list":["post-15671","page","type-page","status-publish","hentry"],"acf":[],"yoast_head":"<!-- This site is optimized with the Yoast SEO plugin v27.1.1 - https:\/\/yoast.com\/product\/yoast-seo-wordpress\/ -->\n<title>Impacto nas Universidades - XXII SemeAd<\/title>\n<meta name=\"robots\" content=\"index, follow, max-snippet:-1, max-image-preview:large, max-video-preview:-1\" \/>\n<link rel=\"canonical\" href=\"https:\/\/semead.com.br\/22\/impacto-3\/impacto-nas-universidades\/\" \/>\n<meta property=\"og:locale\" content=\"pt_BR\" \/>\n<meta property=\"og:type\" content=\"article\" \/>\n<meta property=\"og:title\" content=\"Impacto nas Universidades - XXII SemeAd\" \/>\n<meta property=\"og:description\" content=\"Essa sess\u00e3o contar\u00e1 com a presen\u00e7a dos professores Cle\u00f3patra da Silva Planeta &#8211; Pr\u00f3-Reitora de Extens\u00e3o Universit\u00e1ria da Universidade Estadual Paulista (Unesp); Alu\u00edsio Cotrim Segurado &#8211; Coordenador do Escrit\u00f3rio de Gest\u00e3o de Indicadores de Desempenho Acad\u00eamico (EGIDA) da Universidade de S\u00e3o Paulo (USP); e Jacques Marcovitch &#8211; Professor S\u00eanior da FEA e do IRI\/USP. Este...\" \/>\n<meta property=\"og:url\" content=\"https:\/\/semead.com.br\/22\/impacto-3\/impacto-nas-universidades\/\" \/>\n<meta property=\"og:site_name\" content=\"XXII SemeAd\" \/>\n<meta property=\"article:modified_time\" content=\"2019-11-02T15:57:44+00:00\" \/>\n<meta property=\"og:image\" content=\"https:\/\/semead.com.br\/22\/wp-content\/uploads\/sites\/9\/2019\/10\/impacto-nas-universidades.png\" \/>\n<meta name=\"twitter:card\" content=\"summary_large_image\" \/>\n<meta name=\"twitter:label1\" content=\"Est. tempo de leitura\" \/>\n\t<meta name=\"twitter:data1\" content=\"1 minuto\" \/>\n<script type=\"application\/ld+json\" class=\"yoast-schema-graph\">{\"@context\":\"https:\/\/schema.org\",\"@graph\":[{\"@type\":\"WebPage\",\"@id\":\"https:\/\/semead.com.br\/22\/impacto-3\/impacto-nas-universidades\/\",\"url\":\"https:\/\/semead.com.br\/22\/impacto-3\/impacto-nas-universidades\/\",\"name\":\"Impacto nas Universidades - XXII SemeAd\",\"isPartOf\":{\"@id\":\"https:\/\/semead.com.br\/22\/#website\"},\"primaryImageOfPage\":{\"@id\":\"https:\/\/semead.com.br\/22\/impacto-3\/impacto-nas-universidades\/#primaryimage\"},\"image\":{\"@id\":\"https:\/\/semead.com.br\/22\/impacto-3\/impacto-nas-universidades\/#primaryimage\"},\"thumbnailUrl\":\"https:\/\/semead.com.br\/22\/wp-content\/uploads\/sites\/9\/2019\/10\/impacto-nas-universidades.png\",\"datePublished\":\"2019-10-23T21:11:30+00:00\",\"dateModified\":\"2019-11-02T15:57:44+00:00\",\"breadcrumb\":{\"@id\":\"https:\/\/semead.com.br\/22\/impacto-3\/impacto-nas-universidades\/#breadcrumb\"},\"inLanguage\":\"pt-BR\",\"potentialAction\":[{\"@type\":\"ReadAction\",\"target\":[\"https:\/\/semead.com.br\/22\/impacto-3\/impacto-nas-universidades\/\"]}]},{\"@type\":\"ImageObject\",\"inLanguage\":\"pt-BR\",\"@id\":\"https:\/\/semead.com.br\/22\/impacto-3\/impacto-nas-universidades\/#primaryimage\",\"url\":\"https:\/\/semead.com.br\/22\/wp-content\/uploads\/sites\/9\/2019\/10\/impacto-nas-universidades.png\",\"contentUrl\":\"https:\/\/semead.com.br\/22\/wp-content\/uploads\/sites\/9\/2019\/10\/impacto-nas-universidades.png\",\"width\":996,\"height\":450},{\"@type\":\"BreadcrumbList\",\"@id\":\"https:\/\/semead.com.br\/22\/impacto-3\/impacto-nas-universidades\/#breadcrumb\",\"itemListElement\":[{\"@type\":\"ListItem\",\"position\":1,\"name\":\"In\u00edcio\",\"item\":\"https:\/\/semead.com.br\/22\/\"},{\"@type\":\"ListItem\",\"position\":2,\"name\":\"IMPACTO\",\"item\":\"https:\/\/semead.com.br\/22\/impacto-3\/\"},{\"@type\":\"ListItem\",\"position\":3,\"name\":\"Impacto nas Universidades\"}]},{\"@type\":\"WebSite\",\"@id\":\"https:\/\/semead.com.br\/22\/#website\",\"url\":\"https:\/\/semead.com.br\/22\/\",\"name\":\"XXII SemeAd\",\"description\":\"Semin\u00e1rios em Administra\u00e7\u00e3o\",\"potentialAction\":[{\"@type\":\"SearchAction\",\"target\":{\"@type\":\"EntryPoint\",\"urlTemplate\":\"https:\/\/semead.com.br\/22\/?s={search_term_string}\"},\"query-input\":{\"@type\":\"PropertyValueSpecification\",\"valueRequired\":true,\"valueName\":\"search_term_string\"}}],\"inLanguage\":\"pt-BR\"}]}<\/script>\n<!-- \/ Yoast SEO plugin. -->","yoast_head_json":{"title":"Impacto nas Universidades - XXII SemeAd","robots":{"index":"index","follow":"follow","max-snippet":"max-snippet:-1","max-image-preview":"max-image-preview:large","max-video-preview":"max-video-preview:-1"},"canonical":"https:\/\/semead.com.br\/22\/impacto-3\/impacto-nas-universidades\/","og_locale":"pt_BR","og_type":"article","og_title":"Impacto nas Universidades - XXII SemeAd","og_description":"Essa sess\u00e3o contar\u00e1 com a presen\u00e7a dos professores Cle\u00f3patra da Silva Planeta &#8211; Pr\u00f3-Reitora de Extens\u00e3o Universit\u00e1ria da Universidade Estadual Paulista (Unesp); Alu\u00edsio Cotrim Segurado &#8211; Coordenador do Escrit\u00f3rio de Gest\u00e3o de Indicadores de Desempenho Acad\u00eamico (EGIDA) da Universidade de S\u00e3o Paulo (USP); e Jacques Marcovitch &#8211; Professor S\u00eanior da FEA e do IRI\/USP. Este...","og_url":"https:\/\/semead.com.br\/22\/impacto-3\/impacto-nas-universidades\/","og_site_name":"XXII SemeAd","article_modified_time":"2019-11-02T15:57:44+00:00","og_image":[{"url":"https:\/\/semead.com.br\/22\/wp-content\/uploads\/sites\/9\/2019\/10\/impacto-nas-universidades.png","type":"","width":"","height":""}],"twitter_card":"summary_large_image","twitter_misc":{"Est. tempo de leitura":"1 minuto"},"schema":{"@context":"https:\/\/schema.org","@graph":[{"@type":"WebPage","@id":"https:\/\/semead.com.br\/22\/impacto-3\/impacto-nas-universidades\/","url":"https:\/\/semead.com.br\/22\/impacto-3\/impacto-nas-universidades\/","name":"Impacto nas Universidades - XXII SemeAd","isPartOf":{"@id":"https:\/\/semead.com.br\/22\/#website"},"primaryImageOfPage":{"@id":"https:\/\/semead.com.br\/22\/impacto-3\/impacto-nas-universidades\/#primaryimage"},"image":{"@id":"https:\/\/semead.com.br\/22\/impacto-3\/impacto-nas-universidades\/#primaryimage"},"thumbnailUrl":"https:\/\/semead.com.br\/22\/wp-content\/uploads\/sites\/9\/2019\/10\/impacto-nas-universidades.png","datePublished":"2019-10-23T21:11:30+00:00","dateModified":"2019-11-02T15:57:44+00:00","breadcrumb":{"@id":"https:\/\/semead.com.br\/22\/impacto-3\/impacto-nas-universidades\/#breadcrumb"},"inLanguage":"pt-BR","potentialAction":[{"@type":"ReadAction","target":["https:\/\/semead.com.br\/22\/impacto-3\/impacto-nas-universidades\/"]}]},{"@type":"ImageObject","inLanguage":"pt-BR","@id":"https:\/\/semead.com.br\/22\/impacto-3\/impacto-nas-universidades\/#primaryimage","url":"https:\/\/semead.com.br\/22\/wp-content\/uploads\/sites\/9\/2019\/10\/impacto-nas-universidades.png","contentUrl":"https:\/\/semead.com.br\/22\/wp-content\/uploads\/sites\/9\/2019\/10\/impacto-nas-universidades.png","width":996,"height":450},{"@type":"BreadcrumbList","@id":"https:\/\/semead.com.br\/22\/impacto-3\/impacto-nas-universidades\/#breadcrumb","itemListElement":[{"@type":"ListItem","position":1,"name":"In\u00edcio","item":"https:\/\/semead.com.br\/22\/"},{"@type":"ListItem","position":2,"name":"IMPACTO","item":"https:\/\/semead.com.br\/22\/impacto-3\/"},{"@type":"ListItem","position":3,"name":"Impacto nas Universidades"}]},{"@type":"WebSite","@id":"https:\/\/semead.com.br\/22\/#website","url":"https:\/\/semead.com.br\/22\/","name":"XXII SemeAd","description":"Semin\u00e1rios em Administra\u00e7\u00e3o","potentialAction":[{"@type":"SearchAction","target":{"@type":"EntryPoint","urlTemplate":"https:\/\/semead.com.br\/22\/?s={search_term_string}"},"query-input":{"@type":"PropertyValueSpecification","valueRequired":true,"valueName":"search_term_string"}}],"inLanguage":"pt-BR"}]}},"_links":{"self":[{"href":"https:\/\/semead.com.br\/22\/wp-json\/wp\/v2\/pages\/15671","targetHints":{"allow":["GET"]}}],"collection":[{"href":"https:\/\/semead.com.br\/22\/wp-json\/wp\/v2\/pages"}],"about":[{"href":"https:\/\/semead.com.br\/22\/wp-json\/wp\/v2\/types\/page"}],"author":[{"embeddable":true,"href":"https:\/\/semead.com.br\/22\/wp-json\/wp\/v2\/users\/4"}],"replies":[{"embeddable":true,"href":"https:\/\/semead.com.br\/22\/wp-json\/wp\/v2\/comments?post=15671"}],"version-history":[{"count":0,"href":"https:\/\/semead.com.br\/22\/wp-json\/wp\/v2\/pages\/15671\/revisions"}],"up":[{"embeddable":true,"href":"https:\/\/semead.com.br\/22\/wp-json\/wp\/v2\/pages\/15647"}],"wp:attachment":[{"href":"https:\/\/semead.com.br\/22\/wp-json\/wp\/v2\/media?parent=15671"}],"curies":[{"name":"wp","href":"https:\/\/api.w.org\/{rel}","templated":true}]}}