{"id":15815,"date":"2019-12-26T18:48:18","date_gmt":"2019-12-26T20:48:18","guid":{"rendered":"https:\/\/semead.com.br\/22\/?page_id=15815"},"modified":"2019-12-26T18:58:53","modified_gmt":"2019-12-26T20:58:53","slug":"materiais-apresentados-no-semead","status":"publish","type":"page","link":"https:\/\/semead.com.br\/22\/materiais-apresentados-no-semead\/","title":{"rendered":"Materiais Apresentados no SemeAd"},"content":{"rendered":"\n<h3 class=\"wp-block-heading\">Keynote Speakers<\/h3>\n\n\n\n<p><a rel=\"noreferrer noopener\" aria-label=\"Miguel Mira da Silva (abre numa nova aba)\" href=\"https:\/\/semead.com.br\/22\/wp-content\/uploads\/sites\/9\/2019\/12\/Keynote-MiguelMirasaSilva-Semead.pdf\" target=\"_blank\">Miguel Mira da Silva<\/a><\/p>\n\n\n\n<h3 class=\"wp-block-heading\">F\u00f3runs de Impacto<\/h3>\n\n\n\n<p><a rel=\"noreferrer noopener\" aria-label=\"Impacto no fomento \u00e0s pesquisas (abre numa nova aba)\" href=\"https:\/\/semead.com.br\/22\/wp-content\/uploads\/sites\/9\/2019\/12\/Apresentac\u0327a\u0303o-SEMEAD_2019.pdf\" target=\"_blank\">Impacto no fomento \u00e0s pesquisas<\/a><\/p>\n\n\n\n<h3 class=\"wp-block-heading\">Minicurso<\/h3>\n\n\n\n<p><a href=\"https:\/\/semead.com.br\/22\/wp-content\/uploads\/sites\/9\/2019\/12\/Minicurso-Quanti.zip\" target=\"_blank\" rel=\"noreferrer noopener\" aria-label=\"Quantitativo (abre numa nova aba)\">Quantitativo<\/a><\/p>\n","protected":false},"excerpt":{"rendered":"<p>Keynote Speakers Miguel Mira da Silva F\u00f3runs de Impacto Impacto no fomento \u00e0s pesquisas Minicurso Quantitativo<\/p>\n","protected":false},"author":4,"featured_media":0,"parent":0,"menu_order":0,"comment_status":"closed","ping_status":"closed","template":"","meta":{"_acf_changed":false,"_monsterinsights_skip_tracking":false,"_monsterinsights_sitenote_active":false,"_monsterinsights_sitenote_note":"","_monsterinsights_sitenote_category":0,"footnotes":""},"class_list":["post-15815","page","type-page","status-publish","hentry"],"acf":[],"yoast_head":"<!-- This site is optimized with the Yoast SEO plugin v27.5 - https:\/\/yoast.com\/product\/yoast-seo-wordpress\/ -->\n<title>Materiais Apresentados no SemeAd - XXII SemeAd<\/title>\n<meta name=\"robots\" content=\"index, follow, max-snippet:-1, max-image-preview:large, max-video-preview:-1\" \/>\n<link rel=\"canonical\" href=\"https:\/\/semead.com.br\/22\/materiais-apresentados-no-semead\/\" \/>\n<meta property=\"og:locale\" content=\"pt_BR\" \/>\n<meta property=\"og:type\" content=\"article\" \/>\n<meta property=\"og:title\" content=\"Materiais Apresentados no SemeAd - XXII SemeAd\" \/>\n<meta property=\"og:description\" content=\"Keynote Speakers Miguel Mira da Silva F\u00f3runs de Impacto Impacto no fomento \u00e0s pesquisas Minicurso Quantitativo\" \/>\n<meta property=\"og:url\" content=\"https:\/\/semead.com.br\/22\/materiais-apresentados-no-semead\/\" \/>\n<meta property=\"og:site_name\" content=\"XXII SemeAd\" \/>\n<meta property=\"article:modified_time\" content=\"2019-12-26T20:58:53+00:00\" \/>\n<meta name=\"twitter:card\" content=\"summary_large_image\" \/>\n<script type=\"application\/ld+json\" class=\"yoast-schema-graph\">{\"@context\":\"https:\\\/\\\/schema.org\",\"@graph\":[{\"@type\":\"WebPage\",\"@id\":\"https:\\\/\\\/semead.com.br\\\/22\\\/materiais-apresentados-no-semead\\\/\",\"url\":\"https:\\\/\\\/semead.com.br\\\/22\\\/materiais-apresentados-no-semead\\\/\",\"name\":\"Materiais Apresentados no SemeAd - XXII SemeAd\",\"isPartOf\":{\"@id\":\"https:\\\/\\\/semead.com.br\\\/22\\\/#website\"},\"datePublished\":\"2019-12-26T20:48:18+00:00\",\"dateModified\":\"2019-12-26T20:58:53+00:00\",\"breadcrumb\":{\"@id\":\"https:\\\/\\\/semead.com.br\\\/22\\\/materiais-apresentados-no-semead\\\/#breadcrumb\"},\"inLanguage\":\"pt-BR\",\"potentialAction\":[{\"@type\":\"ReadAction\",\"target\":[\"https:\\\/\\\/semead.com.br\\\/22\\\/materiais-apresentados-no-semead\\\/\"]}]},{\"@type\":\"BreadcrumbList\",\"@id\":\"https:\\\/\\\/semead.com.br\\\/22\\\/materiais-apresentados-no-semead\\\/#breadcrumb\",\"itemListElement\":[{\"@type\":\"ListItem\",\"position\":1,\"name\":\"In\u00edcio\",\"item\":\"https:\\\/\\\/semead.com.br\\\/22\\\/\"},{\"@type\":\"ListItem\",\"position\":2,\"name\":\"Materiais Apresentados no SemeAd\"}]},{\"@type\":\"WebSite\",\"@id\":\"https:\\\/\\\/semead.com.br\\\/22\\\/#website\",\"url\":\"https:\\\/\\\/semead.com.br\\\/22\\\/\",\"name\":\"XXII SemeAd\",\"description\":\"Semin\u00e1rios em Administra\u00e7\u00e3o\",\"potentialAction\":[{\"@type\":\"SearchAction\",\"target\":{\"@type\":\"EntryPoint\",\"urlTemplate\":\"https:\\\/\\\/semead.com.br\\\/22\\\/?s={search_term_string}\"},\"query-input\":{\"@type\":\"PropertyValueSpecification\",\"valueRequired\":true,\"valueName\":\"search_term_string\"}}],\"inLanguage\":\"pt-BR\"}]}<\/script>\n<!-- \/ Yoast SEO plugin. -->","yoast_head_json":{"title":"Materiais Apresentados no SemeAd - XXII SemeAd","robots":{"index":"index","follow":"follow","max-snippet":"max-snippet:-1","max-image-preview":"max-image-preview:large","max-video-preview":"max-video-preview:-1"},"canonical":"https:\/\/semead.com.br\/22\/materiais-apresentados-no-semead\/","og_locale":"pt_BR","og_type":"article","og_title":"Materiais Apresentados no SemeAd - XXII SemeAd","og_description":"Keynote Speakers Miguel Mira da Silva F\u00f3runs de Impacto Impacto no fomento \u00e0s pesquisas Minicurso Quantitativo","og_url":"https:\/\/semead.com.br\/22\/materiais-apresentados-no-semead\/","og_site_name":"XXII SemeAd","article_modified_time":"2019-12-26T20:58:53+00:00","twitter_card":"summary_large_image","schema":{"@context":"https:\/\/schema.org","@graph":[{"@type":"WebPage","@id":"https:\/\/semead.com.br\/22\/materiais-apresentados-no-semead\/","url":"https:\/\/semead.com.br\/22\/materiais-apresentados-no-semead\/","name":"Materiais Apresentados no SemeAd - XXII SemeAd","isPartOf":{"@id":"https:\/\/semead.com.br\/22\/#website"},"datePublished":"2019-12-26T20:48:18+00:00","dateModified":"2019-12-26T20:58:53+00:00","breadcrumb":{"@id":"https:\/\/semead.com.br\/22\/materiais-apresentados-no-semead\/#breadcrumb"},"inLanguage":"pt-BR","potentialAction":[{"@type":"ReadAction","target":["https:\/\/semead.com.br\/22\/materiais-apresentados-no-semead\/"]}]},{"@type":"BreadcrumbList","@id":"https:\/\/semead.com.br\/22\/materiais-apresentados-no-semead\/#breadcrumb","itemListElement":[{"@type":"ListItem","position":1,"name":"In\u00edcio","item":"https:\/\/semead.com.br\/22\/"},{"@type":"ListItem","position":2,"name":"Materiais Apresentados no SemeAd"}]},{"@type":"WebSite","@id":"https:\/\/semead.com.br\/22\/#website","url":"https:\/\/semead.com.br\/22\/","name":"XXII SemeAd","description":"Semin\u00e1rios em Administra\u00e7\u00e3o","potentialAction":[{"@type":"SearchAction","target":{"@type":"EntryPoint","urlTemplate":"https:\/\/semead.com.br\/22\/?s={search_term_string}"},"query-input":{"@type":"PropertyValueSpecification","valueRequired":true,"valueName":"search_term_string"}}],"inLanguage":"pt-BR"}]}},"_links":{"self":[{"href":"https:\/\/semead.com.br\/22\/wp-json\/wp\/v2\/pages\/15815","targetHints":{"allow":["GET"]}}],"collection":[{"href":"https:\/\/semead.com.br\/22\/wp-json\/wp\/v2\/pages"}],"about":[{"href":"https:\/\/semead.com.br\/22\/wp-json\/wp\/v2\/types\/page"}],"author":[{"embeddable":true,"href":"https:\/\/semead.com.br\/22\/wp-json\/wp\/v2\/users\/4"}],"replies":[{"embeddable":true,"href":"https:\/\/semead.com.br\/22\/wp-json\/wp\/v2\/comments?post=15815"}],"version-history":[{"count":0,"href":"https:\/\/semead.com.br\/22\/wp-json\/wp\/v2\/pages\/15815\/revisions"}],"wp:attachment":[{"href":"https:\/\/semead.com.br\/22\/wp-json\/wp\/v2\/media?parent=15815"}],"curies":[{"name":"wp","href":"https:\/\/api.w.org\/{rel}","templated":true}]}}