{"id":17230,"date":"2020-11-18T08:16:23","date_gmt":"2020-11-18T11:16:23","guid":{"rendered":"https:\/\/semead.com.br\/23\/?page_id=17230"},"modified":"2020-12-04T17:12:42","modified_gmt":"2020-12-04T20:12:42","slug":"indicados-aos-premios","status":"publish","type":"page","link":"https:\/\/semead.com.br\/23\/indicados-aos-premios\/","title":{"rendered":"Indicados aos Pr\u00eamios"},"content":{"rendered":"<h2><span style=\"color: #282828;\">Trabalhos Premiados<\/span><\/h2>\n<p>Trabalhos premiados do XXIII SemeAD<\/p>\n\n<div class=\"ead-preview\"><div class=\"ead-document\" style=\"position: relative\"><iframe src=\"\/\/view.officeapps.live.com\/op\/embed.aspx?src=https%3A%2F%2Fsemead.com.br%2F23%2Fwp-content%2Fuploads%2Fsites%2F12%2F2020%2F12%2FTrabalhos-indicados-e-o-premiado-do-Consorcio-Doutoral-SemeAd-2020-1-1.pptx\" title=\"Embedded Document\" class=\"ead-iframe\" style=\"width: 100%;height: 700px;border: none;\"><\/iframe><\/div><\/div>","protected":false},"excerpt":{"rendered":"<p>Trabalhos Premiados Trabalhos premiados do XXIII SemeAD<\/p>\n","protected":false},"author":4,"featured_media":0,"parent":0,"menu_order":0,"comment_status":"closed","ping_status":"closed","template":"","meta":{"_acf_changed":false,"_monsterinsights_skip_tracking":false,"_monsterinsights_sitenote_active":false,"_monsterinsights_sitenote_note":"","_monsterinsights_sitenote_category":0,"footnotes":""},"class_list":["post-17230","page","type-page","status-publish","hentry"],"acf":[],"yoast_head":"<!-- This site is optimized with the Yoast SEO plugin v27.1.1 - https:\/\/yoast.com\/product\/yoast-seo-wordpress\/ -->\n<title>Indicados aos Pr\u00eamios - XXIII SemeAd<\/title>\n<meta name=\"robots\" content=\"index, follow, max-snippet:-1, max-image-preview:large, max-video-preview:-1\" \/>\n<link rel=\"canonical\" href=\"https:\/\/semead.com.br\/23\/indicados-aos-premios\/\" \/>\n<meta property=\"og:locale\" content=\"pt_BR\" \/>\n<meta property=\"og:type\" content=\"article\" \/>\n<meta property=\"og:title\" content=\"Indicados aos Pr\u00eamios - XXIII SemeAd\" \/>\n<meta property=\"og:description\" content=\"Trabalhos Premiados Trabalhos premiados do XXIII SemeAD\" \/>\n<meta property=\"og:url\" content=\"https:\/\/semead.com.br\/23\/indicados-aos-premios\/\" \/>\n<meta property=\"og:site_name\" content=\"XXIII SemeAd\" \/>\n<meta property=\"article:modified_time\" content=\"2020-12-04T20:12:42+00:00\" \/>\n<meta name=\"twitter:card\" content=\"summary_large_image\" \/>\n<script type=\"application\/ld+json\" class=\"yoast-schema-graph\">{\"@context\":\"https:\/\/schema.org\",\"@graph\":[{\"@type\":\"WebPage\",\"@id\":\"https:\/\/semead.com.br\/23\/indicados-aos-premios\/\",\"url\":\"https:\/\/semead.com.br\/23\/indicados-aos-premios\/\",\"name\":\"Indicados aos Pr\u00eamios - XXIII SemeAd\",\"isPartOf\":{\"@id\":\"https:\/\/semead.com.br\/23\/#website\"},\"datePublished\":\"2020-11-18T11:16:23+00:00\",\"dateModified\":\"2020-12-04T20:12:42+00:00\",\"breadcrumb\":{\"@id\":\"https:\/\/semead.com.br\/23\/indicados-aos-premios\/#breadcrumb\"},\"inLanguage\":\"pt-BR\",\"potentialAction\":[{\"@type\":\"ReadAction\",\"target\":[\"https:\/\/semead.com.br\/23\/indicados-aos-premios\/\"]}]},{\"@type\":\"BreadcrumbList\",\"@id\":\"https:\/\/semead.com.br\/23\/indicados-aos-premios\/#breadcrumb\",\"itemListElement\":[{\"@type\":\"ListItem\",\"position\":1,\"name\":\"In\u00edcio\",\"item\":\"https:\/\/semead.com.br\/23\/\"},{\"@type\":\"ListItem\",\"position\":2,\"name\":\"Indicados aos Pr\u00eamios\"}]},{\"@type\":\"WebSite\",\"@id\":\"https:\/\/semead.com.br\/23\/#website\",\"url\":\"https:\/\/semead.com.br\/23\/\",\"name\":\"XXIII SemeAd\",\"description\":\"Semin\u00e1rios em Administra\u00e7\u00e3o\",\"potentialAction\":[{\"@type\":\"SearchAction\",\"target\":{\"@type\":\"EntryPoint\",\"urlTemplate\":\"https:\/\/semead.com.br\/23\/?s={search_term_string}\"},\"query-input\":{\"@type\":\"PropertyValueSpecification\",\"valueRequired\":true,\"valueName\":\"search_term_string\"}}],\"inLanguage\":\"pt-BR\"}]}<\/script>\n<!-- \/ Yoast SEO plugin. -->","yoast_head_json":{"title":"Indicados aos Pr\u00eamios - XXIII SemeAd","robots":{"index":"index","follow":"follow","max-snippet":"max-snippet:-1","max-image-preview":"max-image-preview:large","max-video-preview":"max-video-preview:-1"},"canonical":"https:\/\/semead.com.br\/23\/indicados-aos-premios\/","og_locale":"pt_BR","og_type":"article","og_title":"Indicados aos Pr\u00eamios - XXIII SemeAd","og_description":"Trabalhos Premiados Trabalhos premiados do XXIII SemeAD","og_url":"https:\/\/semead.com.br\/23\/indicados-aos-premios\/","og_site_name":"XXIII SemeAd","article_modified_time":"2020-12-04T20:12:42+00:00","twitter_card":"summary_large_image","schema":{"@context":"https:\/\/schema.org","@graph":[{"@type":"WebPage","@id":"https:\/\/semead.com.br\/23\/indicados-aos-premios\/","url":"https:\/\/semead.com.br\/23\/indicados-aos-premios\/","name":"Indicados aos Pr\u00eamios - XXIII SemeAd","isPartOf":{"@id":"https:\/\/semead.com.br\/23\/#website"},"datePublished":"2020-11-18T11:16:23+00:00","dateModified":"2020-12-04T20:12:42+00:00","breadcrumb":{"@id":"https:\/\/semead.com.br\/23\/indicados-aos-premios\/#breadcrumb"},"inLanguage":"pt-BR","potentialAction":[{"@type":"ReadAction","target":["https:\/\/semead.com.br\/23\/indicados-aos-premios\/"]}]},{"@type":"BreadcrumbList","@id":"https:\/\/semead.com.br\/23\/indicados-aos-premios\/#breadcrumb","itemListElement":[{"@type":"ListItem","position":1,"name":"In\u00edcio","item":"https:\/\/semead.com.br\/23\/"},{"@type":"ListItem","position":2,"name":"Indicados aos Pr\u00eamios"}]},{"@type":"WebSite","@id":"https:\/\/semead.com.br\/23\/#website","url":"https:\/\/semead.com.br\/23\/","name":"XXIII SemeAd","description":"Semin\u00e1rios em Administra\u00e7\u00e3o","potentialAction":[{"@type":"SearchAction","target":{"@type":"EntryPoint","urlTemplate":"https:\/\/semead.com.br\/23\/?s={search_term_string}"},"query-input":{"@type":"PropertyValueSpecification","valueRequired":true,"valueName":"search_term_string"}}],"inLanguage":"pt-BR"}]}},"_links":{"self":[{"href":"https:\/\/semead.com.br\/23\/wp-json\/wp\/v2\/pages\/17230","targetHints":{"allow":["GET"]}}],"collection":[{"href":"https:\/\/semead.com.br\/23\/wp-json\/wp\/v2\/pages"}],"about":[{"href":"https:\/\/semead.com.br\/23\/wp-json\/wp\/v2\/types\/page"}],"author":[{"embeddable":true,"href":"https:\/\/semead.com.br\/23\/wp-json\/wp\/v2\/users\/4"}],"replies":[{"embeddable":true,"href":"https:\/\/semead.com.br\/23\/wp-json\/wp\/v2\/comments?post=17230"}],"version-history":[{"count":0,"href":"https:\/\/semead.com.br\/23\/wp-json\/wp\/v2\/pages\/17230\/revisions"}],"wp:attachment":[{"href":"https:\/\/semead.com.br\/23\/wp-json\/wp\/v2\/media?parent=17230"}],"curies":[{"name":"wp","href":"https:\/\/api.w.org\/{rel}","templated":true}]}}