{"id":18481,"date":"2021-06-08T11:45:17","date_gmt":"2021-06-08T14:45:17","guid":{"rendered":"https:\/\/semead.com.br\/24\/?page_id=18481"},"modified":"2021-06-18T12:31:53","modified_gmt":"2021-06-18T15:31:53","slug":"processo-ft","status":"publish","type":"page","link":"https:\/\/semead.com.br\/24\/fast-track\/processo-ft\/","title":{"rendered":"Processo de Submiss\u00e3o em Fast-Track"},"content":{"rendered":"\t\t<div data-elementor-type=\"wp-page\" data-elementor-id=\"18481\" class=\"elementor elementor-18481\">\n\t\t\t\t\t\t<section class=\"elementor-section elementor-top-section elementor-element elementor-element-26d408b elementor-section-boxed elementor-section-height-default elementor-section-height-default\" data-id=\"26d408b\" data-element_type=\"section\" data-e-type=\"section\">\n\t\t\t\t\t\t<div class=\"elementor-container elementor-column-gap-default\">\n\t\t\t\t\t<div class=\"elementor-column elementor-col-100 elementor-top-column elementor-element elementor-element-0440199\" data-id=\"0440199\" data-element_type=\"column\" data-e-type=\"column\">\n\t\t\t<div class=\"elementor-widget-wrap elementor-element-populated\">\n\t\t\t\t\t\t<div class=\"elementor-element elementor-element-b26c072 elementor-widget elementor-widget-image\" data-id=\"b26c072\" data-element_type=\"widget\" data-e-type=\"widget\" data-widget_type=\"image.default\">\n\t\t\t\t<div class=\"elementor-widget-container\">\n\t\t\t\t\t\t\t\t\t\t\t\t<figure class=\"wp-caption\">\n\t\t\t\t\t\t\t\t\t\t<img fetchpriority=\"high\" decoding=\"async\" width=\"1024\" height=\"614\" src=\"https:\/\/semead.com.br\/24\/wp-content\/uploads\/sites\/13\/2021\/06\/Fluxograma-1024x614.png\" class=\"attachment-large size-large wp-image-19829\" alt=\"\" srcset=\"https:\/\/semead.com.br\/24\/wp-content\/uploads\/sites\/13\/2021\/06\/Fluxograma-1024x614.png 1024w, https:\/\/semead.com.br\/24\/wp-content\/uploads\/sites\/13\/2021\/06\/Fluxograma-300x180.png 300w, https:\/\/semead.com.br\/24\/wp-content\/uploads\/sites\/13\/2021\/06\/Fluxograma-1536x921.png 1536w, https:\/\/semead.com.br\/24\/wp-content\/uploads\/sites\/13\/2021\/06\/Fluxograma-2048x1227.png 2048w\" sizes=\"(max-width: 1024px) 100vw, 1024px\" \/>\t\t\t\t\t\t\t\t\t\t\t<figcaption class=\"widget-image-caption wp-caption-text\">Fluxograma de Submiss\u00f5es<\/figcaption>\n\t\t\t\t\t\t\t\t\t\t<\/figure>\n\t\t\t\t\t\t\t\t\t<\/div>\n\t\t\t\t<\/div>\n\t\t\t\t\t<\/div>\n\t\t<\/div>\n\t\t\t\t\t<\/div>\n\t\t<\/section>\n\t\t\t\t<section class=\"elementor-section elementor-top-section elementor-element elementor-element-7d24cad elementor-section-boxed elementor-section-height-default elementor-section-height-default\" data-id=\"7d24cad\" data-element_type=\"section\" data-e-type=\"section\">\n\t\t\t\t\t\t<div class=\"elementor-container elementor-column-gap-default\">\n\t\t\t\t\t<div class=\"elementor-column elementor-col-100 elementor-top-column elementor-element elementor-element-9a73ce3\" data-id=\"9a73ce3\" data-element_type=\"column\" data-e-type=\"column\">\n\t\t\t<div class=\"elementor-widget-wrap elementor-element-populated\">\n\t\t\t\t\t\t<div class=\"elementor-element elementor-element-6b2ac11 elementor-widget elementor-widget-text-editor\" data-id=\"6b2ac11\" data-element_type=\"widget\" data-e-type=\"widget\" data-widget_type=\"text-editor.default\">\n\t\t\t\t<div class=\"elementor-widget-container\">\n\t\t\t\t\t\t\t\t\t<p><span style=\"text-decoration: underline;\"><strong>Informa\u00e7\u00f5es Importantes<\/strong><\/span>:<\/p><ol><li>Os autores concordam que, ao escolherem os peri\u00f3dicos, permitir\u00e3o que o SemeAd encaminhe os seus artigos \u00e0 aprecia\u00e7\u00e3o dos editores das revistas.<\/li><li>Cada trabalho aprovado no Fast-Track ser\u00e1 indicado a <strong>somente um<\/strong> peri\u00f3dico.<\/li><li><strong>O SemeAd n\u00e3o garante nenhuma aprova\u00e7\u00e3o do artigo nos peri\u00f3dicos<\/strong>. Os artigos selecionados pelo Fast-Track e encaminhados \u00e0s revistas seguir\u00e3o o curso normal de avalia\u00e7\u00e3o <em>blind-review<\/em>, por\u00e9m sem a etapa de <em>desk-review<\/em>. <strong>\u00c9 de responsabilidade das revistas a aprova\u00e7\u00e3o ou reprova\u00e7\u00e3o do artigo para publica\u00e7\u00e3o<\/strong>.<\/li><li>Os autores dever\u00e3o verificar e seguir as regras de submiss\u00e3o dos peri\u00f3dicos.<\/li><li>O SemeAd n\u00e3o se responsabiliza por qualquer imprevisto, de qualquer natureza, por parte do peri\u00f3dico.<\/li><li>Os autores dever\u00e3o informar aos editores, no momento de submiss\u00e3o dos artigos nos peri\u00f3dicos, que os seus artigos foram aprovados no Fast-Track do SemeAd. Essa informa\u00e7\u00e3o deve constar no campo de \u201cInforma\u00e7\u00f5es aos Editores\u201d, campo similar ou eventualmente por e-mail aos editores.<\/li><li>Os artigos redigidos no idioma Portugu\u00eas dever\u00e3o ser traduzidos ao Ingl\u00eas, caso sejam selecionados para revistas internacionais, seguindo as regras do peri\u00f3dico (A \u00e1rea de Special Issues aceita apenas submiss\u00f5es em Ingl\u00eas).<\/li><li>Utilizamos a \u00faltima classifica\u00e7\u00e3o oficial da Qualis\/Capes, seguindo o Quadri\u00eanio 2013-2016 (https:\/\/sucupira.capes.gov.br\/sucupira\/public\/consultas\/coleta\/veiculoPublicacaoQualis\/listaConsultaGeralPeriodicos.jsf)<\/li><\/ol>\t\t\t\t\t\t\t\t<\/div>\n\t\t\t\t<\/div>\n\t\t\t\t\t<\/div>\n\t\t<\/div>\n\t\t\t\t\t<\/div>\n\t\t<\/section>\n\t\t\t\t<\/div>\n\t\t","protected":false},"excerpt":{"rendered":"<p>Fluxograma de Submiss\u00f5es Informa\u00e7\u00f5es Importantes: Os autores concordam que, ao escolherem os peri\u00f3dicos, permitir\u00e3o que o SemeAd encaminhe os seus artigos \u00e0 aprecia\u00e7\u00e3o dos editores das revistas. Cada trabalho aprovado no Fast-Track ser\u00e1 indicado a somente um peri\u00f3dico. O SemeAd n\u00e3o garante nenhuma aprova\u00e7\u00e3o do artigo nos peri\u00f3dicos. Os artigos selecionados pelo Fast-Track e encaminhados&#8230;<\/p>\n","protected":false},"author":4,"featured_media":0,"parent":25,"menu_order":4,"comment_status":"closed","ping_status":"closed","template":"","meta":{"_acf_changed":false,"_monsterinsights_skip_tracking":false,"_monsterinsights_sitenote_active":false,"_monsterinsights_sitenote_note":"","_monsterinsights_sitenote_category":0,"footnotes":""},"class_list":["post-18481","page","type-page","status-publish","hentry"],"acf":[],"yoast_head":"<!-- This site is optimized with the Yoast SEO plugin v27.1.1 - https:\/\/yoast.com\/product\/yoast-seo-wordpress\/ -->\n<title>Processo de Submiss\u00e3o em Fast-Track - XXIV SemeAd<\/title>\n<meta name=\"robots\" content=\"index, follow, max-snippet:-1, max-image-preview:large, max-video-preview:-1\" \/>\n<link rel=\"canonical\" href=\"https:\/\/semead.com.br\/24\/fast-track\/processo-ft\/\" \/>\n<meta property=\"og:locale\" content=\"pt_BR\" \/>\n<meta property=\"og:type\" content=\"article\" \/>\n<meta property=\"og:title\" content=\"Processo de Submiss\u00e3o em Fast-Track - XXIV SemeAd\" \/>\n<meta property=\"og:description\" content=\"Fluxograma de Submiss\u00f5es Informa\u00e7\u00f5es Importantes: Os autores concordam que, ao escolherem os peri\u00f3dicos, permitir\u00e3o que o SemeAd encaminhe os seus artigos \u00e0 aprecia\u00e7\u00e3o dos editores das revistas. Cada trabalho aprovado no Fast-Track ser\u00e1 indicado a somente um peri\u00f3dico. O SemeAd n\u00e3o garante nenhuma aprova\u00e7\u00e3o do artigo nos peri\u00f3dicos. Os artigos selecionados pelo Fast-Track e encaminhados...\" \/>\n<meta property=\"og:url\" content=\"https:\/\/semead.com.br\/24\/fast-track\/processo-ft\/\" \/>\n<meta property=\"og:site_name\" content=\"XXIV SemeAd\" \/>\n<meta property=\"article:modified_time\" content=\"2021-06-18T15:31:53+00:00\" \/>\n<meta property=\"og:image\" content=\"https:\/\/semead.com.br\/24\/wp-content\/uploads\/sites\/13\/2021\/06\/Fluxograma-1024x614.png\" \/>\n<meta name=\"twitter:card\" content=\"summary_large_image\" \/>\n<meta name=\"twitter:label1\" content=\"Est. tempo de leitura\" \/>\n\t<meta name=\"twitter:data1\" content=\"2 minutos\" \/>\n<script type=\"application\/ld+json\" class=\"yoast-schema-graph\">{\"@context\":\"https:\/\/schema.org\",\"@graph\":[{\"@type\":\"WebPage\",\"@id\":\"https:\/\/semead.com.br\/24\/fast-track\/processo-ft\/\",\"url\":\"https:\/\/semead.com.br\/24\/fast-track\/processo-ft\/\",\"name\":\"Processo de Submiss\u00e3o em Fast-Track - XXIV SemeAd\",\"isPartOf\":{\"@id\":\"https:\/\/semead.com.br\/24\/?lang=es\/#website\"},\"primaryImageOfPage\":{\"@id\":\"https:\/\/semead.com.br\/24\/fast-track\/processo-ft\/#primaryimage\"},\"image\":{\"@id\":\"https:\/\/semead.com.br\/24\/fast-track\/processo-ft\/#primaryimage\"},\"thumbnailUrl\":\"https:\/\/semead.com.br\/24\/wp-content\/uploads\/sites\/13\/2021\/06\/Fluxograma-1024x614.png\",\"datePublished\":\"2021-06-08T14:45:17+00:00\",\"dateModified\":\"2021-06-18T15:31:53+00:00\",\"breadcrumb\":{\"@id\":\"https:\/\/semead.com.br\/24\/fast-track\/processo-ft\/#breadcrumb\"},\"inLanguage\":\"pt-BR\",\"potentialAction\":[{\"@type\":\"ReadAction\",\"target\":[\"https:\/\/semead.com.br\/24\/fast-track\/processo-ft\/\"]}]},{\"@type\":\"ImageObject\",\"inLanguage\":\"pt-BR\",\"@id\":\"https:\/\/semead.com.br\/24\/fast-track\/processo-ft\/#primaryimage\",\"url\":\"https:\/\/semead.com.br\/24\/wp-content\/uploads\/sites\/13\/2021\/06\/Fluxograma.png\",\"contentUrl\":\"https:\/\/semead.com.br\/24\/wp-content\/uploads\/sites\/13\/2021\/06\/Fluxograma.png\",\"width\":3354,\"height\":2010},{\"@type\":\"BreadcrumbList\",\"@id\":\"https:\/\/semead.com.br\/24\/fast-track\/processo-ft\/#breadcrumb\",\"itemListElement\":[{\"@type\":\"ListItem\",\"position\":1,\"name\":\"In\u00edcio\",\"item\":\"https:\/\/semead.com.br\/24\/\"},{\"@type\":\"ListItem\",\"position\":2,\"name\":\"Fast-Track\",\"item\":\"https:\/\/semead.com.br\/24\/fast-track\/\"},{\"@type\":\"ListItem\",\"position\":3,\"name\":\"Processo de Submiss\u00e3o em Fast-Track\"}]},{\"@type\":\"WebSite\",\"@id\":\"https:\/\/semead.com.br\/24\/?lang=es\/#website\",\"url\":\"https:\/\/semead.com.br\/24\/?lang=es\/\",\"name\":\"XXIV SemeAd\",\"description\":\"Semin\u00e1rios em Administra\u00e7\u00e3o\",\"potentialAction\":[{\"@type\":\"SearchAction\",\"target\":{\"@type\":\"EntryPoint\",\"urlTemplate\":\"https:\/\/semead.com.br\/24\/?lang=es\/?s={search_term_string}\"},\"query-input\":{\"@type\":\"PropertyValueSpecification\",\"valueRequired\":true,\"valueName\":\"search_term_string\"}}],\"inLanguage\":\"pt-BR\"}]}<\/script>\n<!-- \/ Yoast SEO plugin. -->","yoast_head_json":{"title":"Processo de Submiss\u00e3o em Fast-Track - XXIV SemeAd","robots":{"index":"index","follow":"follow","max-snippet":"max-snippet:-1","max-image-preview":"max-image-preview:large","max-video-preview":"max-video-preview:-1"},"canonical":"https:\/\/semead.com.br\/24\/fast-track\/processo-ft\/","og_locale":"pt_BR","og_type":"article","og_title":"Processo de Submiss\u00e3o em Fast-Track - XXIV SemeAd","og_description":"Fluxograma de Submiss\u00f5es Informa\u00e7\u00f5es Importantes: Os autores concordam que, ao escolherem os peri\u00f3dicos, permitir\u00e3o que o SemeAd encaminhe os seus artigos \u00e0 aprecia\u00e7\u00e3o dos editores das revistas. Cada trabalho aprovado no Fast-Track ser\u00e1 indicado a somente um peri\u00f3dico. O SemeAd n\u00e3o garante nenhuma aprova\u00e7\u00e3o do artigo nos peri\u00f3dicos. Os artigos selecionados pelo Fast-Track e encaminhados...","og_url":"https:\/\/semead.com.br\/24\/fast-track\/processo-ft\/","og_site_name":"XXIV SemeAd","article_modified_time":"2021-06-18T15:31:53+00:00","og_image":[{"url":"https:\/\/semead.com.br\/24\/wp-content\/uploads\/sites\/13\/2021\/06\/Fluxograma-1024x614.png","type":"","width":"","height":""}],"twitter_card":"summary_large_image","twitter_misc":{"Est. tempo de leitura":"2 minutos"},"schema":{"@context":"https:\/\/schema.org","@graph":[{"@type":"WebPage","@id":"https:\/\/semead.com.br\/24\/fast-track\/processo-ft\/","url":"https:\/\/semead.com.br\/24\/fast-track\/processo-ft\/","name":"Processo de Submiss\u00e3o em Fast-Track - XXIV SemeAd","isPartOf":{"@id":"https:\/\/semead.com.br\/24\/?lang=es\/#website"},"primaryImageOfPage":{"@id":"https:\/\/semead.com.br\/24\/fast-track\/processo-ft\/#primaryimage"},"image":{"@id":"https:\/\/semead.com.br\/24\/fast-track\/processo-ft\/#primaryimage"},"thumbnailUrl":"https:\/\/semead.com.br\/24\/wp-content\/uploads\/sites\/13\/2021\/06\/Fluxograma-1024x614.png","datePublished":"2021-06-08T14:45:17+00:00","dateModified":"2021-06-18T15:31:53+00:00","breadcrumb":{"@id":"https:\/\/semead.com.br\/24\/fast-track\/processo-ft\/#breadcrumb"},"inLanguage":"pt-BR","potentialAction":[{"@type":"ReadAction","target":["https:\/\/semead.com.br\/24\/fast-track\/processo-ft\/"]}]},{"@type":"ImageObject","inLanguage":"pt-BR","@id":"https:\/\/semead.com.br\/24\/fast-track\/processo-ft\/#primaryimage","url":"https:\/\/semead.com.br\/24\/wp-content\/uploads\/sites\/13\/2021\/06\/Fluxograma.png","contentUrl":"https:\/\/semead.com.br\/24\/wp-content\/uploads\/sites\/13\/2021\/06\/Fluxograma.png","width":3354,"height":2010},{"@type":"BreadcrumbList","@id":"https:\/\/semead.com.br\/24\/fast-track\/processo-ft\/#breadcrumb","itemListElement":[{"@type":"ListItem","position":1,"name":"In\u00edcio","item":"https:\/\/semead.com.br\/24\/"},{"@type":"ListItem","position":2,"name":"Fast-Track","item":"https:\/\/semead.com.br\/24\/fast-track\/"},{"@type":"ListItem","position":3,"name":"Processo de Submiss\u00e3o em Fast-Track"}]},{"@type":"WebSite","@id":"https:\/\/semead.com.br\/24\/?lang=es\/#website","url":"https:\/\/semead.com.br\/24\/?lang=es\/","name":"XXIV SemeAd","description":"Semin\u00e1rios em Administra\u00e7\u00e3o","potentialAction":[{"@type":"SearchAction","target":{"@type":"EntryPoint","urlTemplate":"https:\/\/semead.com.br\/24\/?lang=es\/?s={search_term_string}"},"query-input":{"@type":"PropertyValueSpecification","valueRequired":true,"valueName":"search_term_string"}}],"inLanguage":"pt-BR"}]}},"_links":{"self":[{"href":"https:\/\/semead.com.br\/24\/wp-json\/wp\/v2\/pages\/18481","targetHints":{"allow":["GET"]}}],"collection":[{"href":"https:\/\/semead.com.br\/24\/wp-json\/wp\/v2\/pages"}],"about":[{"href":"https:\/\/semead.com.br\/24\/wp-json\/wp\/v2\/types\/page"}],"author":[{"embeddable":true,"href":"https:\/\/semead.com.br\/24\/wp-json\/wp\/v2\/users\/4"}],"replies":[{"embeddable":true,"href":"https:\/\/semead.com.br\/24\/wp-json\/wp\/v2\/comments?post=18481"}],"version-history":[{"count":0,"href":"https:\/\/semead.com.br\/24\/wp-json\/wp\/v2\/pages\/18481\/revisions"}],"up":[{"embeddable":true,"href":"https:\/\/semead.com.br\/24\/wp-json\/wp\/v2\/pages\/25"}],"wp:attachment":[{"href":"https:\/\/semead.com.br\/24\/wp-json\/wp\/v2\/media?parent=18481"}],"curies":[{"name":"wp","href":"https:\/\/api.w.org\/{rel}","templated":true}]}}