{"id":19785,"date":"2021-06-15T15:30:52","date_gmt":"2021-06-15T18:30:52","guid":{"rendered":"https:\/\/semead.com.br\/24\/?page_id=19785"},"modified":"2021-06-15T15:32:20","modified_gmt":"2021-06-15T18:32:20","slug":"evaluation","status":"publish","type":"page","link":"https:\/\/semead.com.br\/24\/evaluation\/?lang=en","title":{"rendered":"Evaluation"},"content":{"rendered":"<p>Submitted articles are evaluated by two reviewers via a double review system, where at least one of the reviewers holds the title of Professor. If there are marked discrepancies between the evaluations, a third opinion will be issued by a new reviewer. The designation of and guidance for the reviewers is an attribution of the coordinators of each area and of the subject leaders.<\/p>\n<ul>\n<li>For academic articles (theoretical and empirical-theoretical), the following aspects are considered in the evaluation: context into which the research fits, description of the latest developments in the chosen topic, methodology and techniques applied, appropriateness, points of discussion of the results, and correct conclusion \u2013 in accordance with the proposed objectives.<\/li>\n<li>For applied articles, the following factors are considered in the evaluation: structure, content, objectivity, clarity, and adherence to the chosen formatting standard.<\/li>\n<li>For teaching cases, the following points will be considered during the evaluation process: clear definition of the topic, of the context, and of the players involved, contribution of the case to the area of knowledge, impartiality of the author(s), and quality of the teaching notes.<\/li>\n<\/ul>\n","protected":false},"excerpt":{"rendered":"<p>Submitted articles are evaluated by two reviewers via a double review system, where at least one of the reviewers holds the title of Professor. If there are marked discrepancies between the evaluations, a third opinion will be issued by a new reviewer. The designation of and guidance for the reviewers is an attribution of the&#8230;<\/p>\n","protected":false},"author":8,"featured_media":0,"parent":0,"menu_order":0,"comment_status":"closed","ping_status":"open","template":"","meta":{"_acf_changed":false,"_monsterinsights_skip_tracking":false,"_monsterinsights_sitenote_active":false,"_monsterinsights_sitenote_note":"","_monsterinsights_sitenote_category":0,"footnotes":""},"class_list":["post-19785","page","type-page","status-publish","hentry"],"acf":[],"yoast_head":"<!-- This site is optimized with the Yoast SEO plugin v27.1.1 - https:\/\/yoast.com\/product\/yoast-seo-wordpress\/ -->\n<title>Evaluation - XXIV SemeAd<\/title>\n<meta name=\"robots\" content=\"index, follow, max-snippet:-1, max-image-preview:large, max-video-preview:-1\" \/>\n<link rel=\"canonical\" href=\"https:\/\/semead.com.br\/24\/evaluation\/\" \/>\n<meta property=\"og:locale\" content=\"pt_BR\" \/>\n<meta property=\"og:type\" content=\"article\" \/>\n<meta property=\"og:title\" content=\"Evaluation - XXIV SemeAd\" \/>\n<meta property=\"og:description\" content=\"Submitted articles are evaluated by two reviewers via a double review system, where at least one of the reviewers holds the title of Professor. If there are marked discrepancies between the evaluations, a third opinion will be issued by a new reviewer. The designation of and guidance for the reviewers is an attribution of the...\" \/>\n<meta property=\"og:url\" content=\"https:\/\/semead.com.br\/24\/evaluation\/?lang=en\" \/>\n<meta property=\"og:site_name\" content=\"XXIV SemeAd\" \/>\n<meta property=\"article:modified_time\" content=\"2021-06-15T18:32:20+00:00\" \/>\n<meta name=\"twitter:card\" content=\"summary_large_image\" \/>\n<meta name=\"twitter:label1\" content=\"Est. tempo de leitura\" \/>\n\t<meta name=\"twitter:data1\" content=\"1 minuto\" \/>\n<script type=\"application\/ld+json\" class=\"yoast-schema-graph\">{\"@context\":\"https:\/\/schema.org\",\"@graph\":[{\"@type\":\"WebPage\",\"@id\":\"https:\/\/semead.com.br\/24\/evaluation\/?lang=en\",\"url\":\"https:\/\/semead.com.br\/24\/evaluation\/?lang=en\",\"name\":\"Evaluation - XXIV SemeAd\",\"isPartOf\":{\"@id\":\"https:\/\/semead.com.br\/24\/?lang=es\/#website\"},\"datePublished\":\"2021-06-15T18:30:52+00:00\",\"dateModified\":\"2021-06-15T18:32:20+00:00\",\"breadcrumb\":{\"@id\":\"https:\/\/semead.com.br\/24\/evaluation\/?lang=en#breadcrumb\"},\"inLanguage\":\"pt-BR\",\"potentialAction\":[{\"@type\":\"ReadAction\",\"target\":[\"https:\/\/semead.com.br\/24\/evaluation\/?lang=en\"]}]},{\"@type\":\"BreadcrumbList\",\"@id\":\"https:\/\/semead.com.br\/24\/evaluation\/?lang=en#breadcrumb\",\"itemListElement\":[{\"@type\":\"ListItem\",\"position\":1,\"name\":\"In\u00edcio\",\"item\":\"https:\/\/semead.com.br\/24\/\"},{\"@type\":\"ListItem\",\"position\":2,\"name\":\"Evaluation\"}]},{\"@type\":\"WebSite\",\"@id\":\"https:\/\/semead.com.br\/24\/?lang=es\/#website\",\"url\":\"https:\/\/semead.com.br\/24\/?lang=es\/\",\"name\":\"XXIV SemeAd\",\"description\":\"Semin\u00e1rios em Administra\u00e7\u00e3o\",\"potentialAction\":[{\"@type\":\"SearchAction\",\"target\":{\"@type\":\"EntryPoint\",\"urlTemplate\":\"https:\/\/semead.com.br\/24\/?lang=es\/?s={search_term_string}\"},\"query-input\":{\"@type\":\"PropertyValueSpecification\",\"valueRequired\":true,\"valueName\":\"search_term_string\"}}],\"inLanguage\":\"pt-BR\"}]}<\/script>\n<!-- \/ Yoast SEO plugin. -->","yoast_head_json":{"title":"Evaluation - XXIV SemeAd","robots":{"index":"index","follow":"follow","max-snippet":"max-snippet:-1","max-image-preview":"max-image-preview:large","max-video-preview":"max-video-preview:-1"},"canonical":"https:\/\/semead.com.br\/24\/evaluation\/","og_locale":"pt_BR","og_type":"article","og_title":"Evaluation - XXIV SemeAd","og_description":"Submitted articles are evaluated by two reviewers via a double review system, where at least one of the reviewers holds the title of Professor. If there are marked discrepancies between the evaluations, a third opinion will be issued by a new reviewer. The designation of and guidance for the reviewers is an attribution of the...","og_url":"https:\/\/semead.com.br\/24\/evaluation\/?lang=en","og_site_name":"XXIV SemeAd","article_modified_time":"2021-06-15T18:32:20+00:00","twitter_card":"summary_large_image","twitter_misc":{"Est. tempo de leitura":"1 minuto"},"schema":{"@context":"https:\/\/schema.org","@graph":[{"@type":"WebPage","@id":"https:\/\/semead.com.br\/24\/evaluation\/?lang=en","url":"https:\/\/semead.com.br\/24\/evaluation\/?lang=en","name":"Evaluation - XXIV SemeAd","isPartOf":{"@id":"https:\/\/semead.com.br\/24\/?lang=es\/#website"},"datePublished":"2021-06-15T18:30:52+00:00","dateModified":"2021-06-15T18:32:20+00:00","breadcrumb":{"@id":"https:\/\/semead.com.br\/24\/evaluation\/?lang=en#breadcrumb"},"inLanguage":"pt-BR","potentialAction":[{"@type":"ReadAction","target":["https:\/\/semead.com.br\/24\/evaluation\/?lang=en"]}]},{"@type":"BreadcrumbList","@id":"https:\/\/semead.com.br\/24\/evaluation\/?lang=en#breadcrumb","itemListElement":[{"@type":"ListItem","position":1,"name":"In\u00edcio","item":"https:\/\/semead.com.br\/24\/"},{"@type":"ListItem","position":2,"name":"Evaluation"}]},{"@type":"WebSite","@id":"https:\/\/semead.com.br\/24\/?lang=es\/#website","url":"https:\/\/semead.com.br\/24\/?lang=es\/","name":"XXIV SemeAd","description":"Semin\u00e1rios em Administra\u00e7\u00e3o","potentialAction":[{"@type":"SearchAction","target":{"@type":"EntryPoint","urlTemplate":"https:\/\/semead.com.br\/24\/?lang=es\/?s={search_term_string}"},"query-input":{"@type":"PropertyValueSpecification","valueRequired":true,"valueName":"search_term_string"}}],"inLanguage":"pt-BR"}]}},"_links":{"self":[{"href":"https:\/\/semead.com.br\/24\/wp-json\/wp\/v2\/pages\/19785","targetHints":{"allow":["GET"]}}],"collection":[{"href":"https:\/\/semead.com.br\/24\/wp-json\/wp\/v2\/pages"}],"about":[{"href":"https:\/\/semead.com.br\/24\/wp-json\/wp\/v2\/types\/page"}],"author":[{"embeddable":true,"href":"https:\/\/semead.com.br\/24\/wp-json\/wp\/v2\/users\/8"}],"replies":[{"embeddable":true,"href":"https:\/\/semead.com.br\/24\/wp-json\/wp\/v2\/comments?post=19785"}],"version-history":[{"count":0,"href":"https:\/\/semead.com.br\/24\/wp-json\/wp\/v2\/pages\/19785\/revisions"}],"wp:attachment":[{"href":"https:\/\/semead.com.br\/24\/wp-json\/wp\/v2\/media?parent=19785"}],"curies":[{"name":"wp","href":"https:\/\/api.w.org\/{rel}","templated":true}]}}