{"id":21495,"date":"2021-07-02T16:02:51","date_gmt":"2021-07-02T19:02:51","guid":{"rendered":"https:\/\/semead.com.br\/24\/?page_id=21495"},"modified":"2021-07-02T16:04:36","modified_gmt":"2021-07-02T19:04:36","slug":"evaluation","status":"publish","type":"page","link":"https:\/\/semead.com.br\/24\/evaluation\/?lang=es","title":{"rendered":"Evaluaci\u00f3n"},"content":{"rendered":"<p>Los art\u00edculos enviados son evaluados por dos examinadores en un sistema double review, siendo que uno de estos examinadores posee t\u00edtulo de doctor. En caso de que se presenten discrepancias importantes entre las evaluaciones, un nuevo examinador emitir\u00e1 un tercer parecer. Es responsabilidad de los coordinadores de cada \u00e1rea y de los l\u00edderes del tema, la designaci\u00f3n y orientaciones para los examinadores.<\/p>\n<ul>\n<li>Para los art\u00edculos acad\u00e9micos (te\u00f3ricos y te\u00f3ricos y emp\u00edricos) se tendr\u00e1n en cuenta los siguientes aspectos durante la evaluaci\u00f3n: \u00e1mbito en el que se encuadra la investigaci\u00f3n, descripci\u00f3n del \u201cestado del arte\u201d del tema elegido, metodolog\u00eda y t\u00e9cnicas aplicadas, adecuaci\u00f3n, puntos de discusi\u00f3n de los resultados y conclusi\u00f3n correcta, seg\u00fan los objetivos propuestos.<\/li>\n<li>Para los art\u00edculos aplicados, se tendr\u00e1n en cuenta los siguientes factores durante la evaluaci\u00f3n: estructura, contenido, objetividad, claridad y conformidad con las normas del formato elegido.<\/li>\n<li>Para los casos pedag\u00f3gicos, se tendr\u00e1n en cuenta los siguientes puntos durante el proceso de evaluaci\u00f3n: definici\u00f3n clara del tema, del contexto y de los actores involucrados, contribuci\u00f3n del caso al \u00e1rea de conocimiento, imparcialidad de los autores y la calidad de las notas pedag\u00f3gicas.<\/li>\n<\/ul>\n","protected":false},"excerpt":{"rendered":"<p>Los art\u00edculos enviados son evaluados por dos examinadores en un sistema double review, siendo que uno de estos examinadores posee t\u00edtulo de doctor. En caso de que se presenten discrepancias importantes entre las evaluaciones, un nuevo examinador emitir\u00e1 un tercer parecer. Es responsabilidad de los coordinadores de cada \u00e1rea y de los l\u00edderes del tema,&#8230;<\/p>\n","protected":false},"author":8,"featured_media":0,"parent":0,"menu_order":0,"comment_status":"closed","ping_status":"open","template":"","meta":{"_acf_changed":false,"_monsterinsights_skip_tracking":false,"_monsterinsights_sitenote_active":false,"_monsterinsights_sitenote_note":"","_monsterinsights_sitenote_category":0,"footnotes":""},"class_list":["post-21495","page","type-page","status-publish","hentry"],"acf":[],"yoast_head":"<!-- This site is optimized with the Yoast SEO plugin v27.1.1 - https:\/\/yoast.com\/product\/yoast-seo-wordpress\/ -->\n<title>Evaluaci\u00f3n - XXIV SemeAd<\/title>\n<meta name=\"robots\" content=\"index, follow, max-snippet:-1, max-image-preview:large, max-video-preview:-1\" \/>\n<link rel=\"canonical\" href=\"https:\/\/semead.com.br\/24\/evaluation\/\" \/>\n<meta property=\"og:locale\" content=\"pt_BR\" \/>\n<meta property=\"og:type\" content=\"article\" \/>\n<meta property=\"og:title\" content=\"Evaluaci\u00f3n - XXIV SemeAd\" \/>\n<meta property=\"og:description\" content=\"Los art\u00edculos enviados son evaluados por dos examinadores en un sistema double review, siendo que uno de estos examinadores posee t\u00edtulo de doctor. En caso de que se presenten discrepancias importantes entre las evaluaciones, un nuevo examinador emitir\u00e1 un tercer parecer. Es responsabilidad de los coordinadores de cada \u00e1rea y de los l\u00edderes del tema,...\" \/>\n<meta property=\"og:url\" content=\"https:\/\/semead.com.br\/24\/evaluation\/?lang=es\" \/>\n<meta property=\"og:site_name\" content=\"XXIV SemeAd\" \/>\n<meta property=\"article:modified_time\" content=\"2021-07-02T19:04:36+00:00\" \/>\n<meta name=\"twitter:card\" content=\"summary_large_image\" \/>\n<meta name=\"twitter:label1\" content=\"Est. tempo de leitura\" \/>\n\t<meta name=\"twitter:data1\" content=\"1 minuto\" \/>\n<script type=\"application\/ld+json\" class=\"yoast-schema-graph\">{\"@context\":\"https:\/\/schema.org\",\"@graph\":[{\"@type\":\"WebPage\",\"@id\":\"https:\/\/semead.com.br\/24\/evaluation\/?lang=es\",\"url\":\"https:\/\/semead.com.br\/24\/evaluation\/?lang=es\",\"name\":\"Evaluaci\u00f3n - XXIV SemeAd\",\"isPartOf\":{\"@id\":\"https:\/\/semead.com.br\/24\/?lang=es\/#website\"},\"datePublished\":\"2021-07-02T19:02:51+00:00\",\"dateModified\":\"2021-07-02T19:04:36+00:00\",\"breadcrumb\":{\"@id\":\"https:\/\/semead.com.br\/24\/evaluation\/?lang=es#breadcrumb\"},\"inLanguage\":\"pt-BR\",\"potentialAction\":[{\"@type\":\"ReadAction\",\"target\":[\"https:\/\/semead.com.br\/24\/evaluation\/?lang=es\"]}]},{\"@type\":\"BreadcrumbList\",\"@id\":\"https:\/\/semead.com.br\/24\/evaluation\/?lang=es#breadcrumb\",\"itemListElement\":[{\"@type\":\"ListItem\",\"position\":1,\"name\":\"In\u00edcio\",\"item\":\"https:\/\/semead.com.br\/24\/\"},{\"@type\":\"ListItem\",\"position\":2,\"name\":\"Evaluaci\u00f3n\"}]},{\"@type\":\"WebSite\",\"@id\":\"https:\/\/semead.com.br\/24\/?lang=es\/#website\",\"url\":\"https:\/\/semead.com.br\/24\/?lang=es\/\",\"name\":\"XXIV SemeAd\",\"description\":\"Semin\u00e1rios em Administra\u00e7\u00e3o\",\"potentialAction\":[{\"@type\":\"SearchAction\",\"target\":{\"@type\":\"EntryPoint\",\"urlTemplate\":\"https:\/\/semead.com.br\/24\/?lang=es\/?s={search_term_string}\"},\"query-input\":{\"@type\":\"PropertyValueSpecification\",\"valueRequired\":true,\"valueName\":\"search_term_string\"}}],\"inLanguage\":\"pt-BR\"}]}<\/script>\n<!-- \/ Yoast SEO plugin. -->","yoast_head_json":{"title":"Evaluaci\u00f3n - XXIV SemeAd","robots":{"index":"index","follow":"follow","max-snippet":"max-snippet:-1","max-image-preview":"max-image-preview:large","max-video-preview":"max-video-preview:-1"},"canonical":"https:\/\/semead.com.br\/24\/evaluation\/","og_locale":"pt_BR","og_type":"article","og_title":"Evaluaci\u00f3n - XXIV SemeAd","og_description":"Los art\u00edculos enviados son evaluados por dos examinadores en un sistema double review, siendo que uno de estos examinadores posee t\u00edtulo de doctor. En caso de que se presenten discrepancias importantes entre las evaluaciones, un nuevo examinador emitir\u00e1 un tercer parecer. Es responsabilidad de los coordinadores de cada \u00e1rea y de los l\u00edderes del tema,...","og_url":"https:\/\/semead.com.br\/24\/evaluation\/?lang=es","og_site_name":"XXIV SemeAd","article_modified_time":"2021-07-02T19:04:36+00:00","twitter_card":"summary_large_image","twitter_misc":{"Est. tempo de leitura":"1 minuto"},"schema":{"@context":"https:\/\/schema.org","@graph":[{"@type":"WebPage","@id":"https:\/\/semead.com.br\/24\/evaluation\/?lang=es","url":"https:\/\/semead.com.br\/24\/evaluation\/?lang=es","name":"Evaluaci\u00f3n - XXIV SemeAd","isPartOf":{"@id":"https:\/\/semead.com.br\/24\/?lang=es\/#website"},"datePublished":"2021-07-02T19:02:51+00:00","dateModified":"2021-07-02T19:04:36+00:00","breadcrumb":{"@id":"https:\/\/semead.com.br\/24\/evaluation\/?lang=es#breadcrumb"},"inLanguage":"pt-BR","potentialAction":[{"@type":"ReadAction","target":["https:\/\/semead.com.br\/24\/evaluation\/?lang=es"]}]},{"@type":"BreadcrumbList","@id":"https:\/\/semead.com.br\/24\/evaluation\/?lang=es#breadcrumb","itemListElement":[{"@type":"ListItem","position":1,"name":"In\u00edcio","item":"https:\/\/semead.com.br\/24\/"},{"@type":"ListItem","position":2,"name":"Evaluaci\u00f3n"}]},{"@type":"WebSite","@id":"https:\/\/semead.com.br\/24\/?lang=es\/#website","url":"https:\/\/semead.com.br\/24\/?lang=es\/","name":"XXIV SemeAd","description":"Semin\u00e1rios em Administra\u00e7\u00e3o","potentialAction":[{"@type":"SearchAction","target":{"@type":"EntryPoint","urlTemplate":"https:\/\/semead.com.br\/24\/?lang=es\/?s={search_term_string}"},"query-input":{"@type":"PropertyValueSpecification","valueRequired":true,"valueName":"search_term_string"}}],"inLanguage":"pt-BR"}]}},"_links":{"self":[{"href":"https:\/\/semead.com.br\/24\/wp-json\/wp\/v2\/pages\/21495","targetHints":{"allow":["GET"]}}],"collection":[{"href":"https:\/\/semead.com.br\/24\/wp-json\/wp\/v2\/pages"}],"about":[{"href":"https:\/\/semead.com.br\/24\/wp-json\/wp\/v2\/types\/page"}],"author":[{"embeddable":true,"href":"https:\/\/semead.com.br\/24\/wp-json\/wp\/v2\/users\/8"}],"replies":[{"embeddable":true,"href":"https:\/\/semead.com.br\/24\/wp-json\/wp\/v2\/comments?post=21495"}],"version-history":[{"count":0,"href":"https:\/\/semead.com.br\/24\/wp-json\/wp\/v2\/pages\/21495\/revisions"}],"wp:attachment":[{"href":"https:\/\/semead.com.br\/24\/wp-json\/wp\/v2\/media?parent=21495"}],"curies":[{"name":"wp","href":"https:\/\/api.w.org\/{rel}","templated":true}]}}