{"id":21583,"date":"2021-07-05T22:07:49","date_gmt":"2021-07-06T01:07:49","guid":{"rendered":"https:\/\/semead.com.br\/24\/?page_id=21583"},"modified":"2021-07-05T22:13:40","modified_gmt":"2021-07-06T01:13:40","slug":"rules-for-submission-to-consortium","status":"publish","type":"page","link":"https:\/\/semead.com.br\/24\/rules-for-submission-to-consortium\/?lang=en","title":{"rendered":"Rules for Submission on Consortium"},"content":{"rendered":"\t\t<div data-elementor-type=\"wp-page\" data-elementor-id=\"21583\" class=\"elementor elementor-21583\">\n\t\t\t\t\t\t<section class=\"elementor-section elementor-top-section elementor-element elementor-element-bca624b elementor-section-boxed elementor-section-height-default elementor-section-height-default\" data-id=\"bca624b\" data-element_type=\"section\" data-e-type=\"section\">\n\t\t\t\t\t\t<div class=\"elementor-container elementor-column-gap-default\">\n\t\t\t\t\t<div class=\"elementor-column elementor-col-100 elementor-top-column elementor-element elementor-element-1a57b7a\" data-id=\"1a57b7a\" data-element_type=\"column\" data-e-type=\"column\">\n\t\t\t<div class=\"elementor-widget-wrap elementor-element-populated\">\n\t\t\t\t\t\t<div class=\"elementor-element elementor-element-12818a0 elementor-widget elementor-widget-text-editor\" data-id=\"12818a0\" data-element_type=\"widget\" data-e-type=\"widget\" data-widget_type=\"text-editor.default\">\n\t\t\t\t<div class=\"elementor-widget-container\">\n\t\t\t\t\t\t\t\t\t<p class=\"p1\"><b>Presentation of the Doctoral Consortium<\/b><\/p><p class=\"p2\">Thesis projects should be submitted in the format of a scientific article according to the instructions below.<\/p><p class=\"p2\"><b>Formatting the paper:<\/b><\/p><ul class=\"ul1\"><li class=\"li3\">Paper format: A4;<\/li><li class=\"li3\">Font: Times New Roman\/size 12;<\/li><li class=\"li3\">Spacing: single, text arranged in one column;<\/li><li class=\"li3\">Alignment: justified;<\/li><li class=\"li3\">Margins: upper: 3 cm; lower: 2 cm; left: 3 cm; right: 2 cm;<\/li><li class=\"li3\">Pagination: insert page number at the bottom right hand side;<\/li><li class=\"li3\">Titles in upper case letters and subtitles in lower case letters;<\/li><li class=\"li3\">File format: PDF;<\/li><li class=\"li3\">The paper may have a maximum of 10 pages, including the text itself, illustrations, and bibliographical references;<\/li><li class=\"li3\">The text must start with the title, followed by the introduction. We suggest that authors prepare an extended abstract in a separate document and copy and paste each item in the specific field when submitting;<\/li><li class=\"li3\">The bibliographical references should be cited throughout the text according to the (author-date) system and presented in alphabetical order at the end of the paper, according to the APA or ABNT\/NBR-6023 standards.<\/li><\/ul><p class=\"p1\"><b>Suggested structure of the academic Doctorate Proposal:<\/b><\/p><p>Title and Research Area (follow the description of the thematic areas of SemeAd)<\/p><p class=\"p4\">\u2013 Introduction (Problem and Research Objective):<\/p><p class=\"p5\">Describe the latest developments in the theme in question. Present the research problem as an argument. Present the main research objective (the thesis to be defended) and any specific objectives.<\/p><p>&#8211; Justification:<\/p><p class=\"p5\">Present the expected academic contribution(s) in a substantiated way. Present any contribution to management or public policies (strongly recommended, but not obligatory). Present any methodological contribution (not obligatory). Present the expected social impact of your project (strongly recommended, but not obligatory);<\/p><p class=\"p6\">\u2013 Theoretical Framework:<\/p><p class=\"p5\">Present the main theoretical argument(s), framework, and definition of the key constructs of the project. Propositions and\/or hypotheses;<\/p><p>&#8211; Methodology: describe the research design<\/p><p class=\"p5\">Approach (e.g. qualitative, quantitative), Method or Research Strategy (e.g. primary data collection, case study, grounded theory, etc.), Collection Technique (e.g. survey, in-depth interview, observation, etc.), Data Analysis Technique (e.g. multivariate analysis, content analysis, discourse analysis, etc.);<\/p><p class=\"p5\">&#8211; Bibliographical References.<\/p><p class=\"p1\"><b>Suggested structure of the professional Doctorate Proposal:<\/b><\/p><p>&#8211; Title;<\/p><p>&#8211; Introduction (Problem and Research Objective):<\/p><p class=\"p5\">Present the research problem as an argument. Present the main research objective (the thesis to be defended) and any specific objectives;<\/p><p class=\"p6\">\u2013 Justification:<\/p><p class=\"p5\">Present the technological product expected as a result of the thesis. Present the expected managerial contribution(s) in a substantiated way. Present the expected social impact of your project (strongly recommended, but not obligatory);<\/p><p>&#8211; Methodology: describe the research design<\/p><p class=\"p5\">Approach (e.g. qualitative, quantitative), Method or Research Strategy (e.g. primary data collection, case study, grounded theory, etc.), Collection Technique (e.g. survey, in-depth interview, observation, etc.), Data Analysis Technique (e.g. multivariate analysis, content analysis, discourse analysis, etc.);<\/p><p>&#8211; Bibliographical References.<\/p><p class=\"p7\"><b>Structured Abstract (<i>submission page<\/i>):<\/b><\/p><ul class=\"ul1\"><li class=\"li3\">Title (190 characters at most);<\/li><li class=\"li3\">200-word abstract<\/li><\/ul><p class=\"p1\"><span style=\"text-decoration: underline;\"><b>Papers that are not in the specified format will not be accepted.<\/b><\/span><\/p><p class=\"p8\">Submission of the abstract and the article gives the organizers permission to send it to the reviewers who will compose the jury. For the scientific community, only the abstracts will be disclosed in the SemeAd Annals.<\/p><p class=\"p8\">Enrolment and presentation of papers in the Doctoral Consortium will allow the doctoral student access to the article presentation sessions.<\/p><p class=\"p9\">Papers originating from the Doctoral Consortium will not form part of the Event Annals.<\/p>\t\t\t\t\t\t\t\t<\/div>\n\t\t\t\t<\/div>\n\t\t\t\t\t<\/div>\n\t\t<\/div>\n\t\t\t\t\t<\/div>\n\t\t<\/section>\n\t\t\t\t<\/div>\n\t\t","protected":false},"excerpt":{"rendered":"<p>Presentation of the Doctoral Consortium Thesis projects should be submitted in the format of a scientific article according to the instructions below. Formatting the paper: Paper format: A4; Font: Times New Roman\/size 12; Spacing: single, text arranged in one column; Alignment: justified; Margins: upper: 3 cm; lower: 2 cm; left: 3 cm; right: 2 cm;&#8230;<\/p>\n","protected":false},"author":4,"featured_media":0,"parent":0,"menu_order":0,"comment_status":"closed","ping_status":"closed","template":"","meta":{"_acf_changed":false,"_monsterinsights_skip_tracking":false,"_monsterinsights_sitenote_active":false,"_monsterinsights_sitenote_note":"","_monsterinsights_sitenote_category":0,"footnotes":""},"class_list":["post-21583","page","type-page","status-publish","hentry"],"acf":[],"yoast_head":"<!-- This site is optimized with the Yoast SEO plugin v27.1.1 - https:\/\/yoast.com\/product\/yoast-seo-wordpress\/ -->\n<title>Rules for Submission on Consortium - XXIV SemeAd<\/title>\n<meta name=\"robots\" content=\"index, follow, max-snippet:-1, max-image-preview:large, max-video-preview:-1\" \/>\n<link rel=\"canonical\" href=\"https:\/\/semead.com.br\/24\/rules-for-submission-to-consortium\/\" \/>\n<meta property=\"og:locale\" content=\"pt_BR\" \/>\n<meta property=\"og:type\" content=\"article\" \/>\n<meta property=\"og:title\" content=\"Rules for Submission on Consortium - XXIV SemeAd\" \/>\n<meta property=\"og:description\" content=\"Presentation of the Doctoral Consortium Thesis projects should be submitted in the format of a scientific article according to the instructions below. Formatting the paper: Paper format: A4; Font: Times New Roman\/size 12; Spacing: single, text arranged in one column; Alignment: justified; Margins: upper: 3 cm; lower: 2 cm; left: 3 cm; right: 2 cm;...\" \/>\n<meta property=\"og:url\" content=\"https:\/\/semead.com.br\/24\/rules-for-submission-to-consortium\/?lang=en\" \/>\n<meta property=\"og:site_name\" content=\"XXIV SemeAd\" \/>\n<meta property=\"article:modified_time\" content=\"2021-07-06T01:13:40+00:00\" \/>\n<meta name=\"twitter:card\" content=\"summary_large_image\" \/>\n<meta name=\"twitter:label1\" content=\"Est. tempo de leitura\" \/>\n\t<meta name=\"twitter:data1\" content=\"3 minutos\" \/>\n<script type=\"application\/ld+json\" class=\"yoast-schema-graph\">{\"@context\":\"https:\/\/schema.org\",\"@graph\":[{\"@type\":\"WebPage\",\"@id\":\"https:\/\/semead.com.br\/24\/rules-for-submission-to-consortium\/?lang=en\",\"url\":\"https:\/\/semead.com.br\/24\/rules-for-submission-to-consortium\/?lang=en\",\"name\":\"Rules for Submission on Consortium - XXIV SemeAd\",\"isPartOf\":{\"@id\":\"https:\/\/semead.com.br\/24\/?lang=es\/#website\"},\"datePublished\":\"2021-07-06T01:07:49+00:00\",\"dateModified\":\"2021-07-06T01:13:40+00:00\",\"breadcrumb\":{\"@id\":\"https:\/\/semead.com.br\/24\/rules-for-submission-to-consortium\/?lang=en#breadcrumb\"},\"inLanguage\":\"pt-BR\",\"potentialAction\":[{\"@type\":\"ReadAction\",\"target\":[\"https:\/\/semead.com.br\/24\/rules-for-submission-to-consortium\/?lang=en\"]}]},{\"@type\":\"BreadcrumbList\",\"@id\":\"https:\/\/semead.com.br\/24\/rules-for-submission-to-consortium\/?lang=en#breadcrumb\",\"itemListElement\":[{\"@type\":\"ListItem\",\"position\":1,\"name\":\"In\u00edcio\",\"item\":\"https:\/\/semead.com.br\/24\/\"},{\"@type\":\"ListItem\",\"position\":2,\"name\":\"Rules for Submission on Consortium\"}]},{\"@type\":\"WebSite\",\"@id\":\"https:\/\/semead.com.br\/24\/?lang=es\/#website\",\"url\":\"https:\/\/semead.com.br\/24\/?lang=es\/\",\"name\":\"XXIV SemeAd\",\"description\":\"Semin\u00e1rios em Administra\u00e7\u00e3o\",\"potentialAction\":[{\"@type\":\"SearchAction\",\"target\":{\"@type\":\"EntryPoint\",\"urlTemplate\":\"https:\/\/semead.com.br\/24\/?lang=es\/?s={search_term_string}\"},\"query-input\":{\"@type\":\"PropertyValueSpecification\",\"valueRequired\":true,\"valueName\":\"search_term_string\"}}],\"inLanguage\":\"pt-BR\"}]}<\/script>\n<!-- \/ Yoast SEO plugin. -->","yoast_head_json":{"title":"Rules for Submission on Consortium - XXIV SemeAd","robots":{"index":"index","follow":"follow","max-snippet":"max-snippet:-1","max-image-preview":"max-image-preview:large","max-video-preview":"max-video-preview:-1"},"canonical":"https:\/\/semead.com.br\/24\/rules-for-submission-to-consortium\/","og_locale":"pt_BR","og_type":"article","og_title":"Rules for Submission on Consortium - XXIV SemeAd","og_description":"Presentation of the Doctoral Consortium Thesis projects should be submitted in the format of a scientific article according to the instructions below. Formatting the paper: Paper format: A4; Font: Times New Roman\/size 12; Spacing: single, text arranged in one column; Alignment: justified; Margins: upper: 3 cm; lower: 2 cm; left: 3 cm; right: 2 cm;...","og_url":"https:\/\/semead.com.br\/24\/rules-for-submission-to-consortium\/?lang=en","og_site_name":"XXIV SemeAd","article_modified_time":"2021-07-06T01:13:40+00:00","twitter_card":"summary_large_image","twitter_misc":{"Est. tempo de leitura":"3 minutos"},"schema":{"@context":"https:\/\/schema.org","@graph":[{"@type":"WebPage","@id":"https:\/\/semead.com.br\/24\/rules-for-submission-to-consortium\/?lang=en","url":"https:\/\/semead.com.br\/24\/rules-for-submission-to-consortium\/?lang=en","name":"Rules for Submission on Consortium - XXIV SemeAd","isPartOf":{"@id":"https:\/\/semead.com.br\/24\/?lang=es\/#website"},"datePublished":"2021-07-06T01:07:49+00:00","dateModified":"2021-07-06T01:13:40+00:00","breadcrumb":{"@id":"https:\/\/semead.com.br\/24\/rules-for-submission-to-consortium\/?lang=en#breadcrumb"},"inLanguage":"pt-BR","potentialAction":[{"@type":"ReadAction","target":["https:\/\/semead.com.br\/24\/rules-for-submission-to-consortium\/?lang=en"]}]},{"@type":"BreadcrumbList","@id":"https:\/\/semead.com.br\/24\/rules-for-submission-to-consortium\/?lang=en#breadcrumb","itemListElement":[{"@type":"ListItem","position":1,"name":"In\u00edcio","item":"https:\/\/semead.com.br\/24\/"},{"@type":"ListItem","position":2,"name":"Rules for Submission on Consortium"}]},{"@type":"WebSite","@id":"https:\/\/semead.com.br\/24\/?lang=es\/#website","url":"https:\/\/semead.com.br\/24\/?lang=es\/","name":"XXIV SemeAd","description":"Semin\u00e1rios em Administra\u00e7\u00e3o","potentialAction":[{"@type":"SearchAction","target":{"@type":"EntryPoint","urlTemplate":"https:\/\/semead.com.br\/24\/?lang=es\/?s={search_term_string}"},"query-input":{"@type":"PropertyValueSpecification","valueRequired":true,"valueName":"search_term_string"}}],"inLanguage":"pt-BR"}]}},"_links":{"self":[{"href":"https:\/\/semead.com.br\/24\/wp-json\/wp\/v2\/pages\/21583","targetHints":{"allow":["GET"]}}],"collection":[{"href":"https:\/\/semead.com.br\/24\/wp-json\/wp\/v2\/pages"}],"about":[{"href":"https:\/\/semead.com.br\/24\/wp-json\/wp\/v2\/types\/page"}],"author":[{"embeddable":true,"href":"https:\/\/semead.com.br\/24\/wp-json\/wp\/v2\/users\/4"}],"replies":[{"embeddable":true,"href":"https:\/\/semead.com.br\/24\/wp-json\/wp\/v2\/comments?post=21583"}],"version-history":[{"count":0,"href":"https:\/\/semead.com.br\/24\/wp-json\/wp\/v2\/pages\/21583\/revisions"}],"wp:attachment":[{"href":"https:\/\/semead.com.br\/24\/wp-json\/wp\/v2\/media?parent=21583"}],"curies":[{"name":"wp","href":"https:\/\/api.w.org\/{rel}","templated":true}]}}