{"id":21851,"date":"2021-07-16T21:22:18","date_gmt":"2021-07-17T00:22:18","guid":{"rendered":"https:\/\/semead.com.br\/24\/?page_id=21851"},"modified":"2021-07-26T09:46:22","modified_gmt":"2021-07-26T12:46:22","slug":"event-semead-chat","status":"publish","type":"page","link":"https:\/\/semead.com.br\/24\/event-semead-chat\/?lang=en","title":{"rendered":"Event: SemeAd Chat"},"content":{"rendered":"\n<p>Do you want to know more details and have specific questions about each SemeAd activity? For this, we will hold 6 chats with the coordinators of each activity. This way you will have the opportunity to clarify all your doubts!<\/p>\n\n\n\n<p><strong>07\/19\/2021<\/strong> &#8211; 14:00 &#8211; Connecta (Acesso: <a href=\"https:\/\/semead-br.zoom.us\/meeting\/register\/tJYucOqurjMsH9W-BOQbbWckHRnT0cY_ARCD\" target=\"_blank\" rel=\"noreferrer noopener\">https:\/\/semead-br.zoom.us\/meeting\/register\/tJYucOqurjMsH9W-BOQbbWckHRnT0cY_ARCD<\/a>)<\/p>\n\n\n\n<p><strong>07\/19\/2021<\/strong> &#8211; 18:00 &#8211; Special Issues e Fast-Track (Access: <a href=\"https:\/\/youtu.be\/C64GIzjI834\"><a href=\"https:\/\/youtu.be\/C64GIzjI834\" target=\"_blank\" rel=\"noreferrer noopener\">https:\/\/youtu.be\/C64GIzjI834<\/a><\/a>)<\/p>\n\n\n\n<p><strong>07\/26\/2021<\/strong> &#8211; 18:00 &#8211; Doctoral Consortium (Access: <a href=\"https:\/\/semead-br.zoom.us\/meeting\/register\/tJMlf-6spjgtH9fImEGwn-Di1WIBYJrA2CBw\" target=\"_blank\" rel=\"noreferrer noopener\">https:\/\/semead-br.zoom.us\/meeting\/register\/tJMlf-6spjgtH9fImEGwn-Di1WIBYJrA2CBw<\/a>)<\/p>\n\n\n\n<p><strong>07\/26\/2021<\/strong> &#8211; 19:00 &#8211; Impact Projects (Access: <a href=\"https:\/\/semead-br.zoom.us\/meeting\/register\/tJclceCvqzwtHNM38w-aUXgxpRgDsSWl_Gzo\" target=\"_blank\" rel=\"noreferrer noopener\">https:\/\/semead-br.zoom.us\/meeting\/register\/tJclceCvqzwtHNM38w-aUXgxpRgDsSWl_Gzo<\/a>)<\/p>\n\n\n\n<p><strong>07\/26\/2021<\/strong> &#8211; 20:00 &#8211; Seminar on Preparing for Doctorate Selection Processes (Access: <a href=\"https:\/\/semead-br.zoom.us\/meeting\/register\/tJcrfuqhqTsrEtEW11dtqxj7iuFd7RMhtmF_\" target=\"_blank\" rel=\"noreferrer noopener\">https:\/\/semead-br.zoom.us\/meeting\/register\/tJcrfuqhqTsrEtEW11dtqxj7iuFd7RMhtmF_<\/a>)<\/p>\n\n\n\n<p><strong>07\/27\/2021<\/strong> &#8211; 18:00 &#8211; Workshops (Access: <a href=\"https:\/\/semead-br.zoom.us\/meeting\/register\/tJYofu2orj0oH9TbnPeZ491O7LyxiFNH3twU\">https:\/\/semead-br.zoom.us\/meeting\/register\/tJYofu2orj0oH9TbnPeZ491O7LyxiFNH3twU<\/a>)<\/p>\n","protected":false},"excerpt":{"rendered":"<p>Do you want to know more details and have specific questions about each SemeAd activity? For this, we will hold 6 chats with the coordinators of each activity. This way you will have the opportunity to clarify all your doubts! 07\/19\/2021 &#8211; 14:00 &#8211; Connecta (Acesso: https:\/\/semead-br.zoom.us\/meeting\/register\/tJYucOqurjMsH9W-BOQbbWckHRnT0cY_ARCD) 07\/19\/2021 &#8211; 18:00 &#8211; Special Issues e Fast-Track&#8230;<\/p>\n","protected":false},"author":4,"featured_media":0,"parent":0,"menu_order":0,"comment_status":"closed","ping_status":"open","template":"","meta":{"_acf_changed":false,"_monsterinsights_skip_tracking":false,"_monsterinsights_sitenote_active":false,"_monsterinsights_sitenote_note":"","_monsterinsights_sitenote_category":0,"footnotes":""},"class_list":["post-21851","page","type-page","status-publish","hentry"],"acf":[],"yoast_head":"<!-- This site is optimized with the Yoast SEO plugin v27.1.1 - https:\/\/yoast.com\/product\/yoast-seo-wordpress\/ -->\n<title>Event: SemeAd Chat - XXIV SemeAd<\/title>\n<meta name=\"robots\" content=\"index, follow, max-snippet:-1, max-image-preview:large, max-video-preview:-1\" \/>\n<link rel=\"canonical\" href=\"https:\/\/semead.com.br\/24\/event-semead-chat\/\" \/>\n<meta property=\"og:locale\" content=\"pt_BR\" \/>\n<meta property=\"og:type\" content=\"article\" \/>\n<meta property=\"og:title\" content=\"Event: SemeAd Chat - XXIV SemeAd\" \/>\n<meta property=\"og:description\" content=\"Do you want to know more details and have specific questions about each SemeAd activity? For this, we will hold 6 chats with the coordinators of each activity. This way you will have the opportunity to clarify all your doubts! 07\/19\/2021 &#8211; 14:00 &#8211; Connecta (Acesso: https:\/\/semead-br.zoom.us\/meeting\/register\/tJYucOqurjMsH9W-BOQbbWckHRnT0cY_ARCD) 07\/19\/2021 &#8211; 18:00 &#8211; Special Issues e Fast-Track...\" \/>\n<meta property=\"og:url\" content=\"https:\/\/semead.com.br\/24\/event-semead-chat\/?lang=en\" \/>\n<meta property=\"og:site_name\" content=\"XXIV SemeAd\" \/>\n<meta property=\"article:modified_time\" content=\"2021-07-26T12:46:22+00:00\" \/>\n<meta name=\"twitter:card\" content=\"summary_large_image\" \/>\n<meta name=\"twitter:label1\" content=\"Est. tempo de leitura\" \/>\n\t<meta name=\"twitter:data1\" content=\"1 minuto\" \/>\n<script type=\"application\/ld+json\" class=\"yoast-schema-graph\">{\"@context\":\"https:\/\/schema.org\",\"@graph\":[{\"@type\":\"WebPage\",\"@id\":\"https:\/\/semead.com.br\/24\/event-semead-chat\/?lang=en\",\"url\":\"https:\/\/semead.com.br\/24\/event-semead-chat\/?lang=en\",\"name\":\"Event: SemeAd Chat - XXIV SemeAd\",\"isPartOf\":{\"@id\":\"https:\/\/semead.com.br\/24\/?lang=es\/#website\"},\"datePublished\":\"2021-07-17T00:22:18+00:00\",\"dateModified\":\"2021-07-26T12:46:22+00:00\",\"breadcrumb\":{\"@id\":\"https:\/\/semead.com.br\/24\/event-semead-chat\/?lang=en#breadcrumb\"},\"inLanguage\":\"pt-BR\",\"potentialAction\":[{\"@type\":\"ReadAction\",\"target\":[\"https:\/\/semead.com.br\/24\/event-semead-chat\/?lang=en\"]}]},{\"@type\":\"BreadcrumbList\",\"@id\":\"https:\/\/semead.com.br\/24\/event-semead-chat\/?lang=en#breadcrumb\",\"itemListElement\":[{\"@type\":\"ListItem\",\"position\":1,\"name\":\"In\u00edcio\",\"item\":\"https:\/\/semead.com.br\/24\/\"},{\"@type\":\"ListItem\",\"position\":2,\"name\":\"Event: SemeAd Chat\"}]},{\"@type\":\"WebSite\",\"@id\":\"https:\/\/semead.com.br\/24\/?lang=es\/#website\",\"url\":\"https:\/\/semead.com.br\/24\/?lang=es\/\",\"name\":\"XXIV SemeAd\",\"description\":\"Semin\u00e1rios em Administra\u00e7\u00e3o\",\"potentialAction\":[{\"@type\":\"SearchAction\",\"target\":{\"@type\":\"EntryPoint\",\"urlTemplate\":\"https:\/\/semead.com.br\/24\/?lang=es\/?s={search_term_string}\"},\"query-input\":{\"@type\":\"PropertyValueSpecification\",\"valueRequired\":true,\"valueName\":\"search_term_string\"}}],\"inLanguage\":\"pt-BR\"}]}<\/script>\n<!-- \/ Yoast SEO plugin. -->","yoast_head_json":{"title":"Event: SemeAd Chat - XXIV SemeAd","robots":{"index":"index","follow":"follow","max-snippet":"max-snippet:-1","max-image-preview":"max-image-preview:large","max-video-preview":"max-video-preview:-1"},"canonical":"https:\/\/semead.com.br\/24\/event-semead-chat\/","og_locale":"pt_BR","og_type":"article","og_title":"Event: SemeAd Chat - XXIV SemeAd","og_description":"Do you want to know more details and have specific questions about each SemeAd activity? For this, we will hold 6 chats with the coordinators of each activity. This way you will have the opportunity to clarify all your doubts! 07\/19\/2021 &#8211; 14:00 &#8211; Connecta (Acesso: https:\/\/semead-br.zoom.us\/meeting\/register\/tJYucOqurjMsH9W-BOQbbWckHRnT0cY_ARCD) 07\/19\/2021 &#8211; 18:00 &#8211; Special Issues e Fast-Track...","og_url":"https:\/\/semead.com.br\/24\/event-semead-chat\/?lang=en","og_site_name":"XXIV SemeAd","article_modified_time":"2021-07-26T12:46:22+00:00","twitter_card":"summary_large_image","twitter_misc":{"Est. tempo de leitura":"1 minuto"},"schema":{"@context":"https:\/\/schema.org","@graph":[{"@type":"WebPage","@id":"https:\/\/semead.com.br\/24\/event-semead-chat\/?lang=en","url":"https:\/\/semead.com.br\/24\/event-semead-chat\/?lang=en","name":"Event: SemeAd Chat - XXIV SemeAd","isPartOf":{"@id":"https:\/\/semead.com.br\/24\/?lang=es\/#website"},"datePublished":"2021-07-17T00:22:18+00:00","dateModified":"2021-07-26T12:46:22+00:00","breadcrumb":{"@id":"https:\/\/semead.com.br\/24\/event-semead-chat\/?lang=en#breadcrumb"},"inLanguage":"pt-BR","potentialAction":[{"@type":"ReadAction","target":["https:\/\/semead.com.br\/24\/event-semead-chat\/?lang=en"]}]},{"@type":"BreadcrumbList","@id":"https:\/\/semead.com.br\/24\/event-semead-chat\/?lang=en#breadcrumb","itemListElement":[{"@type":"ListItem","position":1,"name":"In\u00edcio","item":"https:\/\/semead.com.br\/24\/"},{"@type":"ListItem","position":2,"name":"Event: SemeAd Chat"}]},{"@type":"WebSite","@id":"https:\/\/semead.com.br\/24\/?lang=es\/#website","url":"https:\/\/semead.com.br\/24\/?lang=es\/","name":"XXIV SemeAd","description":"Semin\u00e1rios em Administra\u00e7\u00e3o","potentialAction":[{"@type":"SearchAction","target":{"@type":"EntryPoint","urlTemplate":"https:\/\/semead.com.br\/24\/?lang=es\/?s={search_term_string}"},"query-input":{"@type":"PropertyValueSpecification","valueRequired":true,"valueName":"search_term_string"}}],"inLanguage":"pt-BR"}]}},"_links":{"self":[{"href":"https:\/\/semead.com.br\/24\/wp-json\/wp\/v2\/pages\/21851","targetHints":{"allow":["GET"]}}],"collection":[{"href":"https:\/\/semead.com.br\/24\/wp-json\/wp\/v2\/pages"}],"about":[{"href":"https:\/\/semead.com.br\/24\/wp-json\/wp\/v2\/types\/page"}],"author":[{"embeddable":true,"href":"https:\/\/semead.com.br\/24\/wp-json\/wp\/v2\/users\/4"}],"replies":[{"embeddable":true,"href":"https:\/\/semead.com.br\/24\/wp-json\/wp\/v2\/comments?post=21851"}],"version-history":[{"count":0,"href":"https:\/\/semead.com.br\/24\/wp-json\/wp\/v2\/pages\/21851\/revisions"}],"wp:attachment":[{"href":"https:\/\/semead.com.br\/24\/wp-json\/wp\/v2\/media?parent=21851"}],"curies":[{"name":"wp","href":"https:\/\/api.w.org\/{rel}","templated":true}]}}