{"id":23680,"date":"2021-11-11T23:56:15","date_gmt":"2021-11-12T02:56:15","guid":{"rendered":"https:\/\/semead.com.br\/24\/?page_id=23680"},"modified":"2021-11-11T23:56:17","modified_gmt":"2021-11-12T02:56:17","slug":"resultado-de-fast-track-semead","status":"publish","type":"page","link":"https:\/\/semead.com.br\/24\/resultado-de-fast-track-semead\/?lang=es","title":{"rendered":"Resultado de Fast-Track SemeAd"},"content":{"rendered":"\t\t<div data-elementor-type=\"wp-page\" data-elementor-id=\"23680\" class=\"elementor elementor-23680\">\n\t\t\t\t\t\t<section class=\"elementor-section elementor-top-section elementor-element elementor-element-3b4b989 elementor-section-boxed elementor-section-height-default elementor-section-height-default\" data-id=\"3b4b989\" data-element_type=\"section\" data-e-type=\"section\">\n\t\t\t\t\t\t<div class=\"elementor-container elementor-column-gap-default\">\n\t\t\t\t\t<div class=\"elementor-column elementor-col-50 elementor-top-column elementor-element elementor-element-b8f7655\" data-id=\"b8f7655\" data-element_type=\"column\" data-e-type=\"column\">\n\t\t\t<div class=\"elementor-widget-wrap elementor-element-populated\">\n\t\t\t\t\t\t<div class=\"elementor-element elementor-element-683bdfd elementor-widget elementor-widget-image\" data-id=\"683bdfd\" data-element_type=\"widget\" data-e-type=\"widget\" data-widget_type=\"image.default\">\n\t\t\t\t<div class=\"elementor-widget-container\">\n\t\t\t\t\t\t\t\t\t\t\t\t\t\t\t<img fetchpriority=\"high\" decoding=\"async\" width=\"422\" height=\"145\" src=\"https:\/\/semead.com.br\/24\/wp-content\/uploads\/sites\/13\/2021\/04\/Logo-Semead-2021.png\" class=\"attachment-large size-large wp-image-17708\" alt=\"\" srcset=\"https:\/\/semead.com.br\/24\/wp-content\/uploads\/sites\/13\/2021\/04\/Logo-Semead-2021.png 422w, https:\/\/semead.com.br\/24\/wp-content\/uploads\/sites\/13\/2021\/04\/Logo-Semead-2021-300x103.png 300w, https:\/\/semead.com.br\/24\/wp-content\/uploads\/sites\/13\/2021\/04\/Logo-Semead-2021-420x145.png 420w\" sizes=\"(max-width: 422px) 100vw, 422px\" \/>\t\t\t\t\t\t\t\t\t\t\t\t\t\t\t<\/div>\n\t\t\t\t<\/div>\n\t\t\t\t\t<\/div>\n\t\t<\/div>\n\t\t\t\t<div class=\"elementor-column elementor-col-50 elementor-top-column elementor-element elementor-element-d871541\" data-id=\"d871541\" data-element_type=\"column\" data-e-type=\"column\">\n\t\t\t<div class=\"elementor-widget-wrap elementor-element-populated\">\n\t\t\t\t\t\t<div class=\"elementor-element elementor-element-3964a91 elementor-widget elementor-widget-heading\" data-id=\"3964a91\" data-element_type=\"widget\" data-e-type=\"widget\" data-widget_type=\"heading.default\">\n\t\t\t\t<div class=\"elementor-widget-container\">\n\t\t\t\t\t<h2 class=\"elementor-heading-title elementor-size-default\">Trabajos Aprobados en Fast-Track<\/h2>\t\t\t\t<\/div>\n\t\t\t\t<\/div>\n\t\t\t\t\t<\/div>\n\t\t<\/div>\n\t\t\t\t\t<\/div>\n\t\t<\/section>\n\t\t\t\t<section class=\"elementor-section elementor-top-section elementor-element elementor-element-a4b3f97 elementor-section-stretched elementor-section-boxed elementor-section-height-default elementor-section-height-default\" data-id=\"a4b3f97\" data-element_type=\"section\" data-e-type=\"section\" data-settings=\"{&quot;stretch_section&quot;:&quot;section-stretched&quot;,&quot;background_background&quot;:&quot;classic&quot;}\">\n\t\t\t\t\t\t<div class=\"elementor-container elementor-column-gap-default\">\n\t\t\t\t\t<div class=\"elementor-column elementor-col-100 elementor-top-column elementor-element elementor-element-0a6cdbc\" data-id=\"0a6cdbc\" data-element_type=\"column\" data-e-type=\"column\">\n\t\t\t<div class=\"elementor-widget-wrap elementor-element-populated\">\n\t\t\t\t\t\t<div class=\"elementor-element elementor-element-43816dd elementor-widget elementor-widget-text-editor\" data-id=\"43816dd\" data-element_type=\"widget\" data-e-type=\"widget\" data-widget_type=\"text-editor.default\">\n\t\t\t\t<div class=\"elementor-widget-container\">\n\t\t\t\t\t\t\t\t\t<p>\u00a1SemeAd se complace en compartir la lista de trabajos aprobados en nuestro proceso Fast-Track!<\/p><p>Lo invitamos a consultar en el archivo PDF provisto a continuaci\u00f3n su nombre y\/o c\u00f3digo del trabajo enviado para verificar si se encuentra entre los aprobados.<\/p><h4>A los autores con trabajos aprobados, les informamos que podr\u00e1n participar en sesiones de reuni\u00f3n con los editores de las revistas asociadas a SemeAd, que tendr\u00e1 lugar el viernes (12\/11\/2021) a las 18:00 horas (Brasil fecha y horario).<\/h4>\t\t\t\t\t\t\t\t<\/div>\n\t\t\t\t<\/div>\n\t\t\t\t\t<\/div>\n\t\t<\/div>\n\t\t\t\t\t<\/div>\n\t\t<\/section>\n\t\t\t\t<section class=\"elementor-section elementor-top-section elementor-element elementor-element-fe82105 elementor-section-boxed elementor-section-height-default elementor-section-height-default\" data-id=\"fe82105\" data-element_type=\"section\" data-e-type=\"section\">\n\t\t\t\t\t\t<div class=\"elementor-container elementor-column-gap-default\">\n\t\t\t\t\t<div class=\"elementor-column elementor-col-100 elementor-top-column elementor-element elementor-element-53ef2cf\" data-id=\"53ef2cf\" data-element_type=\"column\" data-e-type=\"column\">\n\t\t\t<div class=\"elementor-widget-wrap elementor-element-populated\">\n\t\t\t\t\t\t<div class=\"elementor-element elementor-element-cee5fec elementor-widget elementor-widget-wp-widget-archives\" data-id=\"cee5fec\" data-element_type=\"widget\" data-e-type=\"widget\" data-widget_type=\"wp-widget-archives.default\">\n\t\t\t\t<div class=\"elementor-widget-container\">\n\t\t\t\t\t<div class=\"widget single-sidebar padding-bottom1\"><h3>Resultado de Artigos Aprovados en Fast-Track<\/h3>\n\t\t\t<ul>\n\t\t\t\t\t\t\t<\/ul>\n\n\t\t\t<\/div>\t\t\t\t<\/div>\n\t\t\t\t<\/div>\n\t\t\t\t<div class=\"elementor-element elementor-element-80bbbb2 elementor-align-center elementor-widget elementor-widget-button\" data-id=\"80bbbb2\" data-element_type=\"widget\" data-e-type=\"widget\" data-widget_type=\"button.default\">\n\t\t\t\t<div class=\"elementor-widget-container\">\n\t\t\t\t\t\t\t\t\t<div class=\"elementor-button-wrapper\">\n\t\t\t\t\t<a class=\"elementor-button elementor-button-link elementor-size-lg\" href=\"https:\/\/semead.com.br\/24\/wp-content\/uploads\/sites\/13\/2021\/11\/LISTA-FINAL-DE-ARTIGOS-APROVADOS-NO-FAST-TRACK.pdf\" target=\"_blank\">\n\t\t\t\t\t\t<span class=\"elementor-button-content-wrapper\">\n\t\t\t\t\t\t\t\t\t<span class=\"elementor-button-text\">Confira la Lista<\/span>\n\t\t\t\t\t<\/span>\n\t\t\t\t\t<\/a>\n\t\t\t\t<\/div>\n\t\t\t\t\t\t\t\t<\/div>\n\t\t\t\t<\/div>\n\t\t\t\t\t<\/div>\n\t\t<\/div>\n\t\t\t\t\t<\/div>\n\t\t<\/section>\n\t\t\t\t<section class=\"elementor-section elementor-top-section elementor-element elementor-element-c2ded86 elementor-section-boxed elementor-section-height-default elementor-section-height-default\" data-id=\"c2ded86\" data-element_type=\"section\" data-e-type=\"section\">\n\t\t\t\t\t\t<div class=\"elementor-container elementor-column-gap-default\">\n\t\t\t\t\t<div class=\"elementor-column elementor-col-100 elementor-top-column elementor-element elementor-element-afb9281\" data-id=\"afb9281\" data-element_type=\"column\" data-e-type=\"column\">\n\t\t\t<div class=\"elementor-widget-wrap elementor-element-populated\">\n\t\t\t\t\t\t<div class=\"elementor-element elementor-element-b39ec39 elementor-widget elementor-widget-text-editor\" data-id=\"b39ec39\" data-element_type=\"widget\" data-e-type=\"widget\" data-widget_type=\"text-editor.default\">\n\t\t\t\t<div class=\"elementor-widget-container\">\n\t\t\t\t\t\t\t\t\t<h3 class=\"p1\"><span style=\"text-decoration: underline;\"><strong>CRONOGRAMA -(Brasil fecha y horario)<\/strong><\/span><\/h3><ul><li><strong>12\/11\/2021 &#8211; 18:00<\/strong><\/li><\/ul><p>Encontro com Editores<\/p>\t\t\t\t\t\t\t\t<\/div>\n\t\t\t\t<\/div>\n\t\t\t\t\t<\/div>\n\t\t<\/div>\n\t\t\t\t\t<\/div>\n\t\t<\/section>\n\t\t\t\t<\/div>\n\t\t","protected":false},"excerpt":{"rendered":"<p>Trabajos Aprobados en Fast-Track \u00a1SemeAd se complace en compartir la lista de trabajos aprobados en nuestro proceso Fast-Track! Lo invitamos a consultar en el archivo PDF provisto a continuaci\u00f3n su nombre y\/o c\u00f3digo del trabajo enviado para verificar si se encuentra entre los aprobados. A los autores con trabajos aprobados, les informamos que podr\u00e1n participar&#8230;<\/p>\n","protected":false},"author":4,"featured_media":0,"parent":0,"menu_order":0,"comment_status":"closed","ping_status":"closed","template":"","meta":{"_acf_changed":false,"_monsterinsights_skip_tracking":false,"_monsterinsights_sitenote_active":false,"_monsterinsights_sitenote_note":"","_monsterinsights_sitenote_category":0,"footnotes":""},"class_list":["post-23680","page","type-page","status-publish","hentry"],"acf":[],"yoast_head":"<!-- This site is optimized with the Yoast SEO plugin v27.1.1 - https:\/\/yoast.com\/product\/yoast-seo-wordpress\/ -->\n<title>Resultado de Fast-Track SemeAd - XXIV SemeAd<\/title>\n<meta name=\"robots\" content=\"index, follow, max-snippet:-1, max-image-preview:large, max-video-preview:-1\" \/>\n<link rel=\"canonical\" href=\"https:\/\/semead.com.br\/24\/resultado-de-fast-track-semead\/\" \/>\n<meta property=\"og:locale\" content=\"pt_BR\" \/>\n<meta property=\"og:type\" content=\"article\" \/>\n<meta property=\"og:title\" content=\"Resultado de Fast-Track SemeAd - XXIV SemeAd\" \/>\n<meta property=\"og:description\" content=\"Trabajos Aprobados en Fast-Track \u00a1SemeAd se complace en compartir la lista de trabajos aprobados en nuestro proceso Fast-Track! Lo invitamos a consultar en el archivo PDF provisto a continuaci\u00f3n su nombre y\/o c\u00f3digo del trabajo enviado para verificar si se encuentra entre los aprobados. A los autores con trabajos aprobados, les informamos que podr\u00e1n participar...\" \/>\n<meta property=\"og:url\" content=\"https:\/\/semead.com.br\/24\/resultado-de-fast-track-semead\/?lang=es\" \/>\n<meta property=\"og:site_name\" content=\"XXIV SemeAd\" \/>\n<meta property=\"article:modified_time\" content=\"2021-11-12T02:56:17+00:00\" \/>\n<meta property=\"og:image\" content=\"https:\/\/semead.com.br\/24\/wp-content\/uploads\/sites\/13\/2021\/04\/Logo-Semead-2021.png\" \/>\n<meta name=\"twitter:card\" content=\"summary_large_image\" \/>\n<meta name=\"twitter:label1\" content=\"Est. tempo de leitura\" \/>\n\t<meta name=\"twitter:data1\" content=\"1 minuto\" \/>\n<script type=\"application\/ld+json\" class=\"yoast-schema-graph\">{\"@context\":\"https:\/\/schema.org\",\"@graph\":[{\"@type\":\"WebPage\",\"@id\":\"https:\/\/semead.com.br\/24\/resultado-de-fast-track-semead\/?lang=es\",\"url\":\"https:\/\/semead.com.br\/24\/resultado-de-fast-track-semead\/?lang=es\",\"name\":\"Resultado de Fast-Track SemeAd - XXIV SemeAd\",\"isPartOf\":{\"@id\":\"https:\/\/semead.com.br\/24\/?lang=es\/#website\"},\"primaryImageOfPage\":{\"@id\":\"https:\/\/semead.com.br\/24\/resultado-de-fast-track-semead\/?lang=es#primaryimage\"},\"image\":{\"@id\":\"https:\/\/semead.com.br\/24\/resultado-de-fast-track-semead\/?lang=es#primaryimage\"},\"thumbnailUrl\":\"https:\/\/semead.com.br\/24\/wp-content\/uploads\/sites\/13\/2021\/04\/Logo-Semead-2021.png\",\"datePublished\":\"2021-11-12T02:56:15+00:00\",\"dateModified\":\"2021-11-12T02:56:17+00:00\",\"breadcrumb\":{\"@id\":\"https:\/\/semead.com.br\/24\/resultado-de-fast-track-semead\/?lang=es#breadcrumb\"},\"inLanguage\":\"pt-BR\",\"potentialAction\":[{\"@type\":\"ReadAction\",\"target\":[\"https:\/\/semead.com.br\/24\/resultado-de-fast-track-semead\/?lang=es\"]}]},{\"@type\":\"ImageObject\",\"inLanguage\":\"pt-BR\",\"@id\":\"https:\/\/semead.com.br\/24\/resultado-de-fast-track-semead\/?lang=es#primaryimage\",\"url\":\"https:\/\/semead.com.br\/24\/wp-content\/uploads\/sites\/13\/2021\/04\/Logo-Semead-2021.png\",\"contentUrl\":\"https:\/\/semead.com.br\/24\/wp-content\/uploads\/sites\/13\/2021\/04\/Logo-Semead-2021.png\",\"width\":422,\"height\":145},{\"@type\":\"BreadcrumbList\",\"@id\":\"https:\/\/semead.com.br\/24\/resultado-de-fast-track-semead\/?lang=es#breadcrumb\",\"itemListElement\":[{\"@type\":\"ListItem\",\"position\":1,\"name\":\"In\u00edcio\",\"item\":\"https:\/\/semead.com.br\/24\/\"},{\"@type\":\"ListItem\",\"position\":2,\"name\":\"Resultado de Fast-Track SemeAd\"}]},{\"@type\":\"WebSite\",\"@id\":\"https:\/\/semead.com.br\/24\/?lang=es\/#website\",\"url\":\"https:\/\/semead.com.br\/24\/?lang=es\/\",\"name\":\"XXIV SemeAd\",\"description\":\"Semin\u00e1rios em Administra\u00e7\u00e3o\",\"potentialAction\":[{\"@type\":\"SearchAction\",\"target\":{\"@type\":\"EntryPoint\",\"urlTemplate\":\"https:\/\/semead.com.br\/24\/?lang=es\/?s={search_term_string}\"},\"query-input\":{\"@type\":\"PropertyValueSpecification\",\"valueRequired\":true,\"valueName\":\"search_term_string\"}}],\"inLanguage\":\"pt-BR\"}]}<\/script>\n<!-- \/ Yoast SEO plugin. -->","yoast_head_json":{"title":"Resultado de Fast-Track SemeAd - XXIV SemeAd","robots":{"index":"index","follow":"follow","max-snippet":"max-snippet:-1","max-image-preview":"max-image-preview:large","max-video-preview":"max-video-preview:-1"},"canonical":"https:\/\/semead.com.br\/24\/resultado-de-fast-track-semead\/","og_locale":"pt_BR","og_type":"article","og_title":"Resultado de Fast-Track SemeAd - XXIV SemeAd","og_description":"Trabajos Aprobados en Fast-Track \u00a1SemeAd se complace en compartir la lista de trabajos aprobados en nuestro proceso Fast-Track! Lo invitamos a consultar en el archivo PDF provisto a continuaci\u00f3n su nombre y\/o c\u00f3digo del trabajo enviado para verificar si se encuentra entre los aprobados. A los autores con trabajos aprobados, les informamos que podr\u00e1n participar...","og_url":"https:\/\/semead.com.br\/24\/resultado-de-fast-track-semead\/?lang=es","og_site_name":"XXIV SemeAd","article_modified_time":"2021-11-12T02:56:17+00:00","og_image":[{"url":"https:\/\/semead.com.br\/24\/wp-content\/uploads\/sites\/13\/2021\/04\/Logo-Semead-2021.png","type":"","width":"","height":""}],"twitter_card":"summary_large_image","twitter_misc":{"Est. tempo de leitura":"1 minuto"},"schema":{"@context":"https:\/\/schema.org","@graph":[{"@type":"WebPage","@id":"https:\/\/semead.com.br\/24\/resultado-de-fast-track-semead\/?lang=es","url":"https:\/\/semead.com.br\/24\/resultado-de-fast-track-semead\/?lang=es","name":"Resultado de Fast-Track SemeAd - XXIV SemeAd","isPartOf":{"@id":"https:\/\/semead.com.br\/24\/?lang=es\/#website"},"primaryImageOfPage":{"@id":"https:\/\/semead.com.br\/24\/resultado-de-fast-track-semead\/?lang=es#primaryimage"},"image":{"@id":"https:\/\/semead.com.br\/24\/resultado-de-fast-track-semead\/?lang=es#primaryimage"},"thumbnailUrl":"https:\/\/semead.com.br\/24\/wp-content\/uploads\/sites\/13\/2021\/04\/Logo-Semead-2021.png","datePublished":"2021-11-12T02:56:15+00:00","dateModified":"2021-11-12T02:56:17+00:00","breadcrumb":{"@id":"https:\/\/semead.com.br\/24\/resultado-de-fast-track-semead\/?lang=es#breadcrumb"},"inLanguage":"pt-BR","potentialAction":[{"@type":"ReadAction","target":["https:\/\/semead.com.br\/24\/resultado-de-fast-track-semead\/?lang=es"]}]},{"@type":"ImageObject","inLanguage":"pt-BR","@id":"https:\/\/semead.com.br\/24\/resultado-de-fast-track-semead\/?lang=es#primaryimage","url":"https:\/\/semead.com.br\/24\/wp-content\/uploads\/sites\/13\/2021\/04\/Logo-Semead-2021.png","contentUrl":"https:\/\/semead.com.br\/24\/wp-content\/uploads\/sites\/13\/2021\/04\/Logo-Semead-2021.png","width":422,"height":145},{"@type":"BreadcrumbList","@id":"https:\/\/semead.com.br\/24\/resultado-de-fast-track-semead\/?lang=es#breadcrumb","itemListElement":[{"@type":"ListItem","position":1,"name":"In\u00edcio","item":"https:\/\/semead.com.br\/24\/"},{"@type":"ListItem","position":2,"name":"Resultado de Fast-Track SemeAd"}]},{"@type":"WebSite","@id":"https:\/\/semead.com.br\/24\/?lang=es\/#website","url":"https:\/\/semead.com.br\/24\/?lang=es\/","name":"XXIV SemeAd","description":"Semin\u00e1rios em Administra\u00e7\u00e3o","potentialAction":[{"@type":"SearchAction","target":{"@type":"EntryPoint","urlTemplate":"https:\/\/semead.com.br\/24\/?lang=es\/?s={search_term_string}"},"query-input":{"@type":"PropertyValueSpecification","valueRequired":true,"valueName":"search_term_string"}}],"inLanguage":"pt-BR"}]}},"_links":{"self":[{"href":"https:\/\/semead.com.br\/24\/wp-json\/wp\/v2\/pages\/23680","targetHints":{"allow":["GET"]}}],"collection":[{"href":"https:\/\/semead.com.br\/24\/wp-json\/wp\/v2\/pages"}],"about":[{"href":"https:\/\/semead.com.br\/24\/wp-json\/wp\/v2\/types\/page"}],"author":[{"embeddable":true,"href":"https:\/\/semead.com.br\/24\/wp-json\/wp\/v2\/users\/4"}],"replies":[{"embeddable":true,"href":"https:\/\/semead.com.br\/24\/wp-json\/wp\/v2\/comments?post=23680"}],"version-history":[{"count":0,"href":"https:\/\/semead.com.br\/24\/wp-json\/wp\/v2\/pages\/23680\/revisions"}],"wp:attachment":[{"href":"https:\/\/semead.com.br\/24\/wp-json\/wp\/v2\/media?parent=23680"}],"curies":[{"name":"wp","href":"https:\/\/api.w.org\/{rel}","templated":true}]}}