{"id":24,"date":"2013-04-26T00:16:54","date_gmt":"2013-04-26T00:16:54","guid":{"rendered":"http:\/\/semead.com.br\/?page_id=24"},"modified":"2021-05-15T15:11:18","modified_gmt":"2021-05-15T18:11:18","slug":"avaliacao","status":"publish","type":"page","link":"https:\/\/semead.com.br\/25\/avaliacao\/","title":{"rendered":"Avalia\u00e7\u00e3o"},"content":{"rendered":"<p style=\"text-align: left;\">Artigos submetidos s\u00e3o avaliados por dois parecerista em sistema de <em>double review<\/em>, sendo ao menos um destes avaliadores titulado como Doutor. Caso aconte\u00e7am discrep\u00e2ncias acentuadas entre as avalia\u00e7\u00f5es, um terceiro parecer ser\u00e1 emitido, por um novo avaliador. A designa\u00e7\u00e3o e as orienta\u00e7\u00f5es para os parecerista \u00e9 atribui\u00e7\u00e3o dos coordenadores de cada \u00e1rea e dos l\u00edderes de tema.<\/p>\n<ul>\n<li style=\"text-align: left;\">Para os artigos acad\u00eamicos (te\u00f3ricos e te\u00f3rico emp\u00edricos), s\u00e3o considerados os seguintes aspectos na avalia\u00e7\u00e3o: contexto no qual a pesquisa est\u00e1 inserida, descri\u00e7\u00e3o do \u201cestado-da-arte\u201d do tema escolhido, metodologia e t\u00e9cnicas aplicadas, adequa\u00e7\u00e3o, pontos de discuss\u00e3o dos resultados e conclus\u00e3o correta \u2013 em acordo com os objetivos propostos.<\/li>\n<li style=\"text-align: left;\">Para os artigos aplicados, os seguintes fatores s\u00e3o considerados na avalia\u00e7\u00e3o: estrutura, conte\u00fado, objetividade, clareza e ader\u00eancia \u00e0 norma de formata\u00e7\u00e3o escolhida.<\/li>\n<li style=\"text-align: left;\">Para os casos de ensino, os pontos a seguir ser\u00e3o considerados durante o processo de avalia\u00e7\u00e3o: defini\u00e7\u00e3o clara do tema, do contexto e dos atores envolvidos, contribui\u00e7\u00e3o do caso para a \u00e1rea de conhecimento, imparcialidade do(s) autor(es) e qualidade das notas de ensino.<\/li>\n<\/ul>\n","protected":false},"excerpt":{"rendered":"<p>Artigos submetidos s\u00e3o avaliados por dois parecerista em sistema de double review, sendo ao menos um destes avaliadores titulado como Doutor. Caso aconte\u00e7am discrep\u00e2ncias acentuadas entre as avalia\u00e7\u00f5es, um terceiro parecer ser\u00e1 emitido, por um novo avaliador. A designa\u00e7\u00e3o e as orienta\u00e7\u00f5es para os parecerista \u00e9 atribui\u00e7\u00e3o dos coordenadores de cada \u00e1rea e dos l\u00edderes&#8230;<\/p>\n","protected":false},"author":1,"featured_media":0,"parent":0,"menu_order":0,"comment_status":"closed","ping_status":"open","template":"","meta":{"_acf_changed":false,"_monsterinsights_skip_tracking":false,"_monsterinsights_sitenote_active":false,"_monsterinsights_sitenote_note":"","_monsterinsights_sitenote_category":0,"footnotes":""},"class_list":["post-24","page","type-page","status-publish","hentry"],"acf":[],"yoast_head":"<!-- This site is optimized with the Yoast SEO plugin v27.5 - https:\/\/yoast.com\/product\/yoast-seo-wordpress\/ -->\n<title>Avalia\u00e7\u00e3o - XXV SemeAd<\/title>\n<meta name=\"robots\" content=\"index, follow, max-snippet:-1, max-image-preview:large, max-video-preview:-1\" \/>\n<link rel=\"canonical\" href=\"https:\/\/semead.com.br\/25\/avaliacao\/\" \/>\n<meta property=\"og:locale\" content=\"en_US\" \/>\n<meta property=\"og:type\" content=\"article\" \/>\n<meta property=\"og:title\" content=\"Avalia\u00e7\u00e3o - XXV SemeAd\" \/>\n<meta property=\"og:description\" content=\"Artigos submetidos s\u00e3o avaliados por dois parecerista em sistema de double review, sendo ao menos um destes avaliadores titulado como Doutor. Caso aconte\u00e7am discrep\u00e2ncias acentuadas entre as avalia\u00e7\u00f5es, um terceiro parecer ser\u00e1 emitido, por um novo avaliador. A designa\u00e7\u00e3o e as orienta\u00e7\u00f5es para os parecerista \u00e9 atribui\u00e7\u00e3o dos coordenadores de cada \u00e1rea e dos l\u00edderes...\" \/>\n<meta property=\"og:url\" content=\"https:\/\/semead.com.br\/25\/avaliacao\/\" \/>\n<meta property=\"og:site_name\" content=\"XXV SemeAd\" \/>\n<meta property=\"article:modified_time\" content=\"2021-05-15T18:11:18+00:00\" \/>\n<meta name=\"twitter:card\" content=\"summary_large_image\" \/>\n<meta name=\"twitter:label1\" content=\"Est. reading time\" \/>\n\t<meta name=\"twitter:data1\" content=\"1 minute\" \/>\n<script type=\"application\/ld+json\" class=\"yoast-schema-graph\">{\"@context\":\"https:\\\/\\\/schema.org\",\"@graph\":[{\"@type\":\"WebPage\",\"@id\":\"https:\\\/\\\/semead.com.br\\\/25\\\/avaliacao\\\/\",\"url\":\"https:\\\/\\\/semead.com.br\\\/25\\\/avaliacao\\\/\",\"name\":\"Avalia\u00e7\u00e3o - XXV SemeAd\",\"isPartOf\":{\"@id\":\"https:\\\/\\\/semead.com.br\\\/25\\\/#website\"},\"datePublished\":\"2013-04-26T00:16:54+00:00\",\"dateModified\":\"2021-05-15T18:11:18+00:00\",\"breadcrumb\":{\"@id\":\"https:\\\/\\\/semead.com.br\\\/25\\\/avaliacao\\\/#breadcrumb\"},\"inLanguage\":\"en-US\",\"potentialAction\":[{\"@type\":\"ReadAction\",\"target\":[\"https:\\\/\\\/semead.com.br\\\/25\\\/avaliacao\\\/\"]}]},{\"@type\":\"BreadcrumbList\",\"@id\":\"https:\\\/\\\/semead.com.br\\\/25\\\/avaliacao\\\/#breadcrumb\",\"itemListElement\":[{\"@type\":\"ListItem\",\"position\":1,\"name\":\"In\u00edcio\",\"item\":\"https:\\\/\\\/semead.com.br\\\/25\\\/\"},{\"@type\":\"ListItem\",\"position\":2,\"name\":\"Avalia\u00e7\u00e3o\"}]},{\"@type\":\"WebSite\",\"@id\":\"https:\\\/\\\/semead.com.br\\\/25\\\/#website\",\"url\":\"https:\\\/\\\/semead.com.br\\\/25\\\/\",\"name\":\"XXV SemeAd\",\"description\":\"Semin\u00e1rios em administra\u00e7\u00e3o\",\"potentialAction\":[{\"@type\":\"SearchAction\",\"target\":{\"@type\":\"EntryPoint\",\"urlTemplate\":\"https:\\\/\\\/semead.com.br\\\/25\\\/?s={search_term_string}\"},\"query-input\":{\"@type\":\"PropertyValueSpecification\",\"valueRequired\":true,\"valueName\":\"search_term_string\"}}],\"inLanguage\":\"en-US\"}]}<\/script>\n<!-- \/ Yoast SEO plugin. -->","yoast_head_json":{"title":"Avalia\u00e7\u00e3o - XXV SemeAd","robots":{"index":"index","follow":"follow","max-snippet":"max-snippet:-1","max-image-preview":"max-image-preview:large","max-video-preview":"max-video-preview:-1"},"canonical":"https:\/\/semead.com.br\/25\/avaliacao\/","og_locale":"en_US","og_type":"article","og_title":"Avalia\u00e7\u00e3o - XXV SemeAd","og_description":"Artigos submetidos s\u00e3o avaliados por dois parecerista em sistema de double review, sendo ao menos um destes avaliadores titulado como Doutor. Caso aconte\u00e7am discrep\u00e2ncias acentuadas entre as avalia\u00e7\u00f5es, um terceiro parecer ser\u00e1 emitido, por um novo avaliador. A designa\u00e7\u00e3o e as orienta\u00e7\u00f5es para os parecerista \u00e9 atribui\u00e7\u00e3o dos coordenadores de cada \u00e1rea e dos l\u00edderes...","og_url":"https:\/\/semead.com.br\/25\/avaliacao\/","og_site_name":"XXV SemeAd","article_modified_time":"2021-05-15T18:11:18+00:00","twitter_card":"summary_large_image","twitter_misc":{"Est. reading time":"1 minute"},"schema":{"@context":"https:\/\/schema.org","@graph":[{"@type":"WebPage","@id":"https:\/\/semead.com.br\/25\/avaliacao\/","url":"https:\/\/semead.com.br\/25\/avaliacao\/","name":"Avalia\u00e7\u00e3o - XXV SemeAd","isPartOf":{"@id":"https:\/\/semead.com.br\/25\/#website"},"datePublished":"2013-04-26T00:16:54+00:00","dateModified":"2021-05-15T18:11:18+00:00","breadcrumb":{"@id":"https:\/\/semead.com.br\/25\/avaliacao\/#breadcrumb"},"inLanguage":"en-US","potentialAction":[{"@type":"ReadAction","target":["https:\/\/semead.com.br\/25\/avaliacao\/"]}]},{"@type":"BreadcrumbList","@id":"https:\/\/semead.com.br\/25\/avaliacao\/#breadcrumb","itemListElement":[{"@type":"ListItem","position":1,"name":"In\u00edcio","item":"https:\/\/semead.com.br\/25\/"},{"@type":"ListItem","position":2,"name":"Avalia\u00e7\u00e3o"}]},{"@type":"WebSite","@id":"https:\/\/semead.com.br\/25\/#website","url":"https:\/\/semead.com.br\/25\/","name":"XXV SemeAd","description":"Semin\u00e1rios em administra\u00e7\u00e3o","potentialAction":[{"@type":"SearchAction","target":{"@type":"EntryPoint","urlTemplate":"https:\/\/semead.com.br\/25\/?s={search_term_string}"},"query-input":{"@type":"PropertyValueSpecification","valueRequired":true,"valueName":"search_term_string"}}],"inLanguage":"en-US"}]}},"_links":{"self":[{"href":"https:\/\/semead.com.br\/25\/wp-json\/wp\/v2\/pages\/24","targetHints":{"allow":["GET"]}}],"collection":[{"href":"https:\/\/semead.com.br\/25\/wp-json\/wp\/v2\/pages"}],"about":[{"href":"https:\/\/semead.com.br\/25\/wp-json\/wp\/v2\/types\/page"}],"author":[{"embeddable":true,"href":"https:\/\/semead.com.br\/25\/wp-json\/wp\/v2\/users\/1"}],"replies":[{"embeddable":true,"href":"https:\/\/semead.com.br\/25\/wp-json\/wp\/v2\/comments?post=24"}],"version-history":[{"count":0,"href":"https:\/\/semead.com.br\/25\/wp-json\/wp\/v2\/pages\/24\/revisions"}],"wp:attachment":[{"href":"https:\/\/semead.com.br\/25\/wp-json\/wp\/v2\/media?parent=24"}],"curies":[{"name":"wp","href":"https:\/\/api.w.org\/{rel}","templated":true}]}}