{"id":28,"date":"2013-04-26T00:20:36","date_gmt":"2013-04-26T03:20:36","guid":{"rendered":"http:\/\/semead.com.br\/?page_id=28"},"modified":"2022-09-29T08:00:08","modified_gmt":"2022-09-29T11:00:08","slug":"inscricoes","status":"publish","type":"page","link":"https:\/\/semead.com.br\/25\/inscricoes\/","title":{"rendered":"Inscri\u00e7\u00f5es"},"content":{"rendered":"\t\t<div data-elementor-type=\"wp-page\" data-elementor-id=\"28\" class=\"elementor elementor-28\">\n\t\t\t\t\t\t<section class=\"elementor-section elementor-top-section elementor-element elementor-element-5a942534 elementor-section-boxed elementor-section-height-default elementor-section-height-default\" data-id=\"5a942534\" data-element_type=\"section\" data-e-type=\"section\">\n\t\t\t\t\t\t<div class=\"elementor-container elementor-column-gap-default\">\n\t\t\t\t\t<div class=\"elementor-column elementor-col-100 elementor-top-column elementor-element elementor-element-59647bf1\" data-id=\"59647bf1\" data-element_type=\"column\" data-e-type=\"column\">\n\t\t\t<div class=\"elementor-widget-wrap elementor-element-populated\">\n\t\t\t\t\t\t<div class=\"elementor-element elementor-element-67db9442 elementor-widget elementor-widget-text-editor\" data-id=\"67db9442\" data-element_type=\"widget\" data-e-type=\"widget\" data-widget_type=\"text-editor.default\">\n\t\t\t\t<div class=\"elementor-widget-container\">\n\t\t\t\t\t\t\t\t\t<div>\n<div><a href=\"https:\/\/semead.com.br\/25\/registrations\/\" target=\"_blank\" rel=\"noreferrer noopener\">Registration Instructions for non-brazilians<\/a><\/div>\n<\/div>\n<p>Confira os valores para inscri\u00e7\u00e3o on-line ao XXV SemeAd.<\/p>\n<p><strong>Per\u00edodo de inscri\u00e7\u00e3o dos trabalhos* aprovados:<\/strong> 15\/09 a 30\/09<br><strong>Per\u00edodo de inscri\u00e7\u00e3o de congressistas:<\/strong> 15\/09 a 31\/10<\/p>\n<p>* Trabalhos das sess\u00f5es convencionais e para a atividade Sapiens<\/p>\n<p style=\"font-size: 20px;\"><strong>OBSERVA\u00c7\u00c3O:<\/strong> Para garantir a participa\u00e7\u00e3o do trabalho aprovado no evento, ao menos um autor deve se inscrever <strong>at\u00e9 dia 30\/09\/2022<\/strong>. Al\u00e9m de ao menos um autor inscrito, o trabalho dever\u00e1 ser apresentado na sess\u00e3o virtual, ou presencial Somente o(s) autor(es) inscritos poder\u00e3o apresentar o trabalho na sess\u00e3o virtual. A inscri\u00e7\u00e3o \u00e9 individual e intransfer\u00edvel.<\/p>\n<p style=\"text-align: start;\"><strong style=\"font-size: 20px; text-align: justify;\">Inscri\u00e7\u00f5es Modalidade Online :<\/strong><\/p>\n<p>\n<table id=\"tablepress-9\" class=\"tablepress tablepress-id-9\">\n<thead>\n<tr class=\"row-1\">\n\t<th class=\"column-1\">Congressista<\/th><th class=\"column-2\">Inscri\u00e7\u00e3o <strong>Modalidade Online <strong> at\u00e9 30\/09<br \/>\nData limite para inscri\u00e7\u00f5es de artigos aprovados<\/th><th class=\"column-3\">Inscri\u00e7\u00e3o Modalidade Online at\u00e9 09\/11<br \/>\nData limite para inscri\u00e7\u00f5es de congressistas para o evento<\/th>\n<\/tr>\n<\/thead>\n<tbody class=\"row-striping row-hover\">\n<tr class=\"row-2\">\n\t<td class=\"column-1\">Professores<\/td><td class=\"column-2\">300,00<\/td><td class=\"column-3\">380,00<\/td>\n<\/tr>\n<tr class=\"row-3\">\n\t<td class=\"column-1\">Professores USP \/ Parceiro SemeAd *<\/td><td class=\"column-2\">180,00<\/td><td class=\"column-3\">240,00<\/td>\n<\/tr>\n<tr class=\"row-4\">\n\t<td class=\"column-1\">Alunos<\/td><td class=\"column-2\">180,00<\/td><td class=\"column-3\">220,00<\/td>\n<\/tr>\n<tr class=\"row-5\">\n\t<td class=\"column-1\">Aluno USP \/ Parceiro SemeAd *<\/td><td class=\"column-2\">100,00<\/td><td class=\"column-3\">140,00<\/td>\n<\/tr>\n<tr class=\"row-6\">\n\t<td class=\"column-1\">Avaliador SemeAd<\/td><td class=\"column-2\">180,00<\/td><td class=\"column-3\">240,00<\/td>\n<\/tr>\n<tr class=\"row-7\">\n\t<td class=\"column-1\">Aprovados no Connecta Research ou Teaching **<\/td><td class=\"column-2\">Isento <\/td><td class=\"column-3\">Isento <\/td>\n<\/tr>\n<tr class=\"row-8\">\n\t<td class=\"column-1\">Aluno Colaborador (USP\/Parceiro)<\/td><td class=\"column-2\">Isento <\/td><td class=\"column-3\">Isento <\/td>\n<\/tr>\n<tr class=\"row-9\">\n\t<td class=\"column-1\">N\u00e3o Acad\u00eamicos<\/td><td class=\"column-2\">400,00<\/td><td class=\"column-3\">400,00<\/td>\n<\/tr>\n<\/tbody>\n<\/table>\n<!-- #tablepress-9 from cache --><\/p>\n<p style=\"text-align: start;\"><strong style=\"font-size: 20px; text-align: justify;\">Inscri\u00e7\u00f5es Modalidade Presencial :<\/strong><\/p>\n<p style=\"text-align: start;\">\n<table id=\"tablepress-17\" class=\"tablepress tablepress-id-17\">\n<thead>\n<tr class=\"row-1\">\n\t<th class=\"column-1\">Congressista<\/th><th class=\"column-2\">Inscri\u00e7\u00e3o <strong>Modalidade Presencial <strong> at\u00e9 30\/09<br \/>\nData limite para inscri\u00e7\u00f5es de artigos aprovados<\/th><th class=\"column-3\">Inscri\u00e7\u00e3o Modalidade Presencial at\u00e9 31\/10<br \/>\nData limite para inscri\u00e7\u00f5es de congressistas para o evento<\/th>\n<\/tr>\n<\/thead>\n<tbody class=\"row-striping row-hover\">\n<tr class=\"row-2\">\n\t<td class=\"column-1\">Professores<\/td><td class=\"column-2\">600,00<\/td><td class=\"column-3\">720,00<\/td>\n<\/tr>\n<tr class=\"row-3\">\n\t<td class=\"column-1\">Professores USP \/ Parceiro SemeAd *<\/td><td class=\"column-2\">360,00<\/td><td class=\"column-3\">430,00<\/td>\n<\/tr>\n<tr class=\"row-4\">\n\t<td class=\"column-1\">Alunos<\/td><td class=\"column-2\">360,00<\/td><td class=\"column-3\">430,00<\/td>\n<\/tr>\n<tr class=\"row-5\">\n\t<td class=\"column-1\">Aluno USP \/ Parceiro SemeAd *<\/td><td class=\"column-2\">200,00<\/td><td class=\"column-3\">240,00<\/td>\n<\/tr>\n<tr class=\"row-6\">\n\t<td class=\"column-1\">Avaliador SemeAd<\/td><td class=\"column-2\">300,00<\/td><td class=\"column-3\">360,00<\/td>\n<\/tr>\n<tr class=\"row-7\">\n\t<td class=\"column-1\">Aprovados no Connecta Research ou Teaching **<\/td><td class=\"column-2\">Isento <\/td><td class=\"column-3\">Isento <\/td>\n<\/tr>\n<tr class=\"row-8\">\n\t<td class=\"column-1\">Aluno Colaborador (USP\/Parceiro)<\/td><td class=\"column-2\">Isento <\/td><td class=\"column-3\">Isento <\/td>\n<\/tr>\n<tr class=\"row-9\">\n\t<td class=\"column-1\">N\u00e3o Acad\u00eamicos<\/td><td class=\"column-2\">700,00<\/td><td class=\"column-3\">800,00<\/td>\n<\/tr>\n<\/tbody>\n<\/table>\n<!-- #tablepress-17 from cache --><strong style=\"font-size: 20px; text-align: justify;\"><br><\/strong><\/p>\n<p><strong>* Institui\u00e7\u00f5es Parceiras:<\/strong> Mackenzie \/ UNIP \/ USCS \/ Anhembi Morumbi \/ FEA-RP \/ FECAP \/ FIA \/ ESPM \/ UNINOVE<\/p>\n<p>** Congressistas que tiverem trabalhos aprovados no Connecta Research e\/ou Teaching, e artigos aprovados no SemeAd, estar\u00e3o sujeitos \u00e0 devolu\u00e7\u00e3o da taxa de inscri\u00e7\u00e3o. No entanto, para que isso ocorra, o autor ainda assim dever\u00e1 realizar a sua inscri\u00e7\u00e3o e o seu pagamento da taxa do evento at\u00e9 o dia 30\/09 para fins de confirmar o seu artigo aprovado. A restitui\u00e7\u00e3o de valores \u00e9 individual e intransfer\u00edvel.<\/p>\n<h3>FORMAS DE PAGAMENTO<\/h3>\n<p><strong>&#8211; Boleto<\/strong><\/p>\n<p><strong>&#8211; Empenho<\/strong><\/p>\n<p>Ambas as formas de pagamento s\u00e3o realizadas atrav\u00e9s da <a href=\"http:\/\/submissao.semead.com.br\" target=\"_blank\" rel=\"noreferrer noopener\">plataforma do SemeAd<\/a>,<\/p>\t\t\t\t\t\t\t\t<\/div>\n\t\t\t\t<\/div>\n\t\t\t\t\t<\/div>\n\t\t<\/div>\n\t\t\t\t\t<\/div>\n\t\t<\/section>\n\t\t\t\t<section class=\"elementor-section elementor-top-section elementor-element elementor-element-0978ca2 elementor-section-boxed elementor-section-height-default elementor-section-height-default\" data-id=\"0978ca2\" data-element_type=\"section\" data-e-type=\"section\">\n\t\t\t\t\t\t<div class=\"elementor-container elementor-column-gap-default\">\n\t\t\t\t\t<div class=\"elementor-column elementor-col-100 elementor-top-column elementor-element elementor-element-c283594\" data-id=\"c283594\" data-element_type=\"column\" data-e-type=\"column\">\n\t\t\t<div class=\"elementor-widget-wrap elementor-element-populated\">\n\t\t\t\t\t\t<div class=\"elementor-element elementor-element-334334b elementor-widget elementor-widget-rt-cta\" data-id=\"334334b\" data-element_type=\"widget\" data-e-type=\"widget\" data-widget_type=\"rt-cta.default\">\n\t\t\t\t<div class=\"elementor-widget-container\">\n\t\t\t\t\t\n<div class=\"rt-el-cta-1\">\n\t<div class=\"container\">\n\t\t<div class=\"row\">\n\t\t\t<div class=\"col-md-8 col-sm-12 col-xs-12\">\n\t\t\t\t<h3 class=\"rtin-title\">Inscri\u00e7\u00f5es Abertas<\/h3>\n\t\t\t<\/div>\n\t\t\t<div class=\"col-md-4 col-sm-12 col-xs-12\">\n\t\t\t\t\t\t\t\t\t<div class=\"rtin-button\"><a class=\"btn-fill color-yellow border-radius-5 size-lg gust\" href=\"https:\/\/submissao.semead.com.br\/25semead\">INSCREVA-SE<\/a><\/div>\t\t\n\t\t\t\t\t\t\t<\/div>\n\t\t<\/div>\t\t\n\t<\/div>\n<\/div>\t\t\t\t<\/div>\n\t\t\t\t<\/div>\n\t\t\t\t\t<\/div>\n\t\t<\/div>\n\t\t\t\t\t<\/div>\n\t\t<\/section>\n\t\t\t\t<section class=\"elementor-section elementor-top-section elementor-element elementor-element-c58b28c elementor-section-boxed elementor-section-height-default elementor-section-height-default\" data-id=\"c58b28c\" data-element_type=\"section\" data-e-type=\"section\">\n\t\t\t\t\t\t<div class=\"elementor-container elementor-column-gap-default\">\n\t\t\t\t\t<div class=\"elementor-column elementor-col-100 elementor-top-column elementor-element elementor-element-24a2bda\" data-id=\"24a2bda\" data-element_type=\"column\" data-e-type=\"column\">\n\t\t\t<div class=\"elementor-widget-wrap elementor-element-populated\">\n\t\t\t\t\t\t<div class=\"elementor-element elementor-element-6d03a88 elementor-widget elementor-widget-text-editor\" data-id=\"6d03a88\" data-element_type=\"widget\" data-e-type=\"widget\" data-widget_type=\"text-editor.default\">\n\t\t\t\t<div class=\"elementor-widget-container\">\n\t\t\t\t\t\t\t\t\t<h2><a href=\"https:\/\/semead.com.br\/25\/apresentacoes-de-trabalhos\/\">Veja tamb\u00e9m: Instru\u00e7\u00f5es para as Apresenta\u00e7\u00f5es de Trabalhos<\/a><\/h2>\t\t\t\t\t\t\t\t<\/div>\n\t\t\t\t<\/div>\n\t\t\t\t\t<\/div>\n\t\t<\/div>\n\t\t\t\t\t<\/div>\n\t\t<\/section>\n\t\t\t\t<\/div>\n\t\t","protected":false},"excerpt":{"rendered":"<p>Registration Instructions for non-brazilians Confira os valores para inscri\u00e7\u00e3o on-line ao XXV SemeAd. Per\u00edodo de inscri\u00e7\u00e3o dos trabalhos* aprovados: 15\/09 a 30\/09Per\u00edodo de inscri\u00e7\u00e3o de congressistas: 15\/09 a 31\/10 * Trabalhos das sess\u00f5es convencionais e para a atividade Sapiens OBSERVA\u00c7\u00c3O: Para garantir a participa\u00e7\u00e3o do trabalho aprovado no evento, ao menos um autor deve se&#8230;<\/p>\n","protected":false},"author":1,"featured_media":0,"parent":0,"menu_order":0,"comment_status":"closed","ping_status":"closed","template":"","meta":{"_acf_changed":false,"_monsterinsights_skip_tracking":false,"_monsterinsights_sitenote_active":false,"_monsterinsights_sitenote_note":"","_monsterinsights_sitenote_category":0,"footnotes":""},"class_list":["post-28","page","type-page","status-publish","hentry"],"acf":[],"yoast_head":"<!-- This site is optimized with the Yoast SEO plugin v27.5 - https:\/\/yoast.com\/product\/yoast-seo-wordpress\/ -->\n<title>Inscri\u00e7\u00f5es - XXV SemeAd<\/title>\n<meta name=\"robots\" content=\"index, follow, max-snippet:-1, max-image-preview:large, max-video-preview:-1\" \/>\n<link rel=\"canonical\" href=\"https:\/\/semead.com.br\/25\/inscricoes\/\" \/>\n<meta property=\"og:locale\" content=\"en_US\" \/>\n<meta property=\"og:type\" content=\"article\" \/>\n<meta property=\"og:title\" content=\"Inscri\u00e7\u00f5es - XXV SemeAd\" \/>\n<meta property=\"og:description\" content=\"Registration Instructions for non-brazilians Confira os valores para inscri\u00e7\u00e3o on-line ao XXV SemeAd. Per\u00edodo de inscri\u00e7\u00e3o dos trabalhos* aprovados: 15\/09 a 30\/09Per\u00edodo de inscri\u00e7\u00e3o de congressistas: 15\/09 a 31\/10 * Trabalhos das sess\u00f5es convencionais e para a atividade Sapiens OBSERVA\u00c7\u00c3O: Para garantir a participa\u00e7\u00e3o do trabalho aprovado no evento, ao menos um autor deve se...\" \/>\n<meta property=\"og:url\" content=\"https:\/\/semead.com.br\/25\/inscricoes\/\" \/>\n<meta property=\"og:site_name\" content=\"XXV SemeAd\" \/>\n<meta property=\"article:modified_time\" content=\"2022-09-29T11:00:08+00:00\" \/>\n<meta name=\"twitter:card\" content=\"summary_large_image\" \/>\n<meta name=\"twitter:label1\" content=\"Est. reading time\" \/>\n\t<meta name=\"twitter:data1\" content=\"2 minutes\" \/>\n<script type=\"application\/ld+json\" class=\"yoast-schema-graph\">{\"@context\":\"https:\\\/\\\/schema.org\",\"@graph\":[{\"@type\":\"WebPage\",\"@id\":\"https:\\\/\\\/semead.com.br\\\/25\\\/inscricoes\\\/\",\"url\":\"https:\\\/\\\/semead.com.br\\\/25\\\/inscricoes\\\/\",\"name\":\"Inscri\u00e7\u00f5es - XXV SemeAd\",\"isPartOf\":{\"@id\":\"https:\\\/\\\/semead.com.br\\\/25\\\/#website\"},\"datePublished\":\"2013-04-26T03:20:36+00:00\",\"dateModified\":\"2022-09-29T11:00:08+00:00\",\"breadcrumb\":{\"@id\":\"https:\\\/\\\/semead.com.br\\\/25\\\/inscricoes\\\/#breadcrumb\"},\"inLanguage\":\"en-US\",\"potentialAction\":[{\"@type\":\"ReadAction\",\"target\":[\"https:\\\/\\\/semead.com.br\\\/25\\\/inscricoes\\\/\"]}]},{\"@type\":\"BreadcrumbList\",\"@id\":\"https:\\\/\\\/semead.com.br\\\/25\\\/inscricoes\\\/#breadcrumb\",\"itemListElement\":[{\"@type\":\"ListItem\",\"position\":1,\"name\":\"In\u00edcio\",\"item\":\"https:\\\/\\\/semead.com.br\\\/25\\\/\"},{\"@type\":\"ListItem\",\"position\":2,\"name\":\"Inscri\u00e7\u00f5es\"}]},{\"@type\":\"WebSite\",\"@id\":\"https:\\\/\\\/semead.com.br\\\/25\\\/#website\",\"url\":\"https:\\\/\\\/semead.com.br\\\/25\\\/\",\"name\":\"XXV SemeAd\",\"description\":\"Semin\u00e1rios em administra\u00e7\u00e3o\",\"potentialAction\":[{\"@type\":\"SearchAction\",\"target\":{\"@type\":\"EntryPoint\",\"urlTemplate\":\"https:\\\/\\\/semead.com.br\\\/25\\\/?s={search_term_string}\"},\"query-input\":{\"@type\":\"PropertyValueSpecification\",\"valueRequired\":true,\"valueName\":\"search_term_string\"}}],\"inLanguage\":\"en-US\"}]}<\/script>\n<!-- \/ Yoast SEO plugin. -->","yoast_head_json":{"title":"Inscri\u00e7\u00f5es - XXV SemeAd","robots":{"index":"index","follow":"follow","max-snippet":"max-snippet:-1","max-image-preview":"max-image-preview:large","max-video-preview":"max-video-preview:-1"},"canonical":"https:\/\/semead.com.br\/25\/inscricoes\/","og_locale":"en_US","og_type":"article","og_title":"Inscri\u00e7\u00f5es - XXV SemeAd","og_description":"Registration Instructions for non-brazilians Confira os valores para inscri\u00e7\u00e3o on-line ao XXV SemeAd. Per\u00edodo de inscri\u00e7\u00e3o dos trabalhos* aprovados: 15\/09 a 30\/09Per\u00edodo de inscri\u00e7\u00e3o de congressistas: 15\/09 a 31\/10 * Trabalhos das sess\u00f5es convencionais e para a atividade Sapiens OBSERVA\u00c7\u00c3O: Para garantir a participa\u00e7\u00e3o do trabalho aprovado no evento, ao menos um autor deve se...","og_url":"https:\/\/semead.com.br\/25\/inscricoes\/","og_site_name":"XXV SemeAd","article_modified_time":"2022-09-29T11:00:08+00:00","twitter_card":"summary_large_image","twitter_misc":{"Est. reading time":"2 minutes"},"schema":{"@context":"https:\/\/schema.org","@graph":[{"@type":"WebPage","@id":"https:\/\/semead.com.br\/25\/inscricoes\/","url":"https:\/\/semead.com.br\/25\/inscricoes\/","name":"Inscri\u00e7\u00f5es - XXV SemeAd","isPartOf":{"@id":"https:\/\/semead.com.br\/25\/#website"},"datePublished":"2013-04-26T03:20:36+00:00","dateModified":"2022-09-29T11:00:08+00:00","breadcrumb":{"@id":"https:\/\/semead.com.br\/25\/inscricoes\/#breadcrumb"},"inLanguage":"en-US","potentialAction":[{"@type":"ReadAction","target":["https:\/\/semead.com.br\/25\/inscricoes\/"]}]},{"@type":"BreadcrumbList","@id":"https:\/\/semead.com.br\/25\/inscricoes\/#breadcrumb","itemListElement":[{"@type":"ListItem","position":1,"name":"In\u00edcio","item":"https:\/\/semead.com.br\/25\/"},{"@type":"ListItem","position":2,"name":"Inscri\u00e7\u00f5es"}]},{"@type":"WebSite","@id":"https:\/\/semead.com.br\/25\/#website","url":"https:\/\/semead.com.br\/25\/","name":"XXV SemeAd","description":"Semin\u00e1rios em administra\u00e7\u00e3o","potentialAction":[{"@type":"SearchAction","target":{"@type":"EntryPoint","urlTemplate":"https:\/\/semead.com.br\/25\/?s={search_term_string}"},"query-input":{"@type":"PropertyValueSpecification","valueRequired":true,"valueName":"search_term_string"}}],"inLanguage":"en-US"}]}},"_links":{"self":[{"href":"https:\/\/semead.com.br\/25\/wp-json\/wp\/v2\/pages\/28","targetHints":{"allow":["GET"]}}],"collection":[{"href":"https:\/\/semead.com.br\/25\/wp-json\/wp\/v2\/pages"}],"about":[{"href":"https:\/\/semead.com.br\/25\/wp-json\/wp\/v2\/types\/page"}],"author":[{"embeddable":true,"href":"https:\/\/semead.com.br\/25\/wp-json\/wp\/v2\/users\/1"}],"replies":[{"embeddable":true,"href":"https:\/\/semead.com.br\/25\/wp-json\/wp\/v2\/comments?post=28"}],"version-history":[{"count":0,"href":"https:\/\/semead.com.br\/25\/wp-json\/wp\/v2\/pages\/28\/revisions"}],"wp:attachment":[{"href":"https:\/\/semead.com.br\/25\/wp-json\/wp\/v2\/media?parent=28"}],"curies":[{"name":"wp","href":"https:\/\/api.w.org\/{rel}","templated":true}]}}