{"id":29884,"date":"2023-09-10T18:12:52","date_gmt":"2023-09-10T21:12:52","guid":{"rendered":"https:\/\/semead.com.br\/26\/?page_id=29884"},"modified":"2023-09-15T11:38:25","modified_gmt":"2023-09-15T14:38:25","slug":"empenho","status":"publish","type":"page","link":"https:\/\/semead.com.br\/26\/empenho\/","title":{"rendered":"Empenho"},"content":{"rendered":"\n<h4 class=\"wp-block-heading\">Observa\u00e7\u00f5es importantes: <\/h4>\n\n\n\n<p>O pagamento da inscri\u00e7\u00e3o pode ser via empenho.<\/p>\n\n\n\n<p>A inscri\u00e7\u00e3o do participante dever\u00e1 ser individual.<\/p>\n\n\n\n<p>N\u00e3o emitimos nota fiscal somente recibo, o qual ser\u00e1 emitido ao final da sua inscri\u00e7\u00e3o e dever\u00e1 ser enviado para a sua institui\u00e7\u00e3o para solicita\u00e7\u00e3o do empenho.<\/p>\n\n\n\n<p>Qualquer documento adicional que a Universidade pagante exija, dever\u00e1 ser solicitado por email contato@semead.com.br e o prazo para atendimento ser\u00e1 de at\u00e9 7 dias \u00fateis.<\/p>\n\n\n\n<h4 class=\"wp-block-heading\">Procedimentos para realiza\u00e7\u00e3o da inscri\u00e7\u00e3o (<b>at\u00e9 9\/10\/2023<\/b>):<\/h4>\n\n\n\n<p>\n\t\tA inscri\u00e7\u00e3o atrav\u00e9s de &#8220;Nota de Empenho&#8221; dever\u00e1 ser providenciada diretamente pelo participante junto \u00e0 sua institui\u00e7\u00e3o. O autor com trabalho aprovado dever\u00e1 informar os seguintes dados a sua institui\u00e7\u00e3o:<\/p>\n\n\n\n<h4 class=\"wp-block-heading\">Dados da empresa para emiss\u00e3o da Nota de Empenho:<\/h4>\n\n\n\n<p> Funda\u00e7\u00e3o Instituto de Administra\u00e7\u00e3o FIA <br> CNPJ: 44.315.919\/0001-40<br> Dados da Conta banc\u00e1ria:<br> Banco Ita\u00fa  n\u00ba 341<br> Ag. 0445-7 (Iguatemi)<br> C\/C: 59781-8 <\/p>\n\n\n\n<p><strong>Documentos:<\/strong><\/p>\n\n\n\n<ul class=\"wp-block-list\">\n<li><a href=\"https:\/\/semead.com.br\/26\/wp-content\/uploads\/sites\/17\/2023\/09\/Certidao-44315919000140.pdf\" target=\"_blank\" rel=\"noreferrer noopener\">Certid\u00e3o de D\u00e9bitos Relativos a Cr\u00e9ditos Tribut\u00e1rios Federais e \u00e0 D\u00edvida Ativa da Uni\u00e3o<\/a><\/li>\n\n\n\n<li><a href=\"https:\/\/semead.com.br\/26\/wp-content\/uploads\/sites\/17\/2023\/09\/certidao-fgts.pdf\" target=\"_blank\" rel=\"noreferrer noopener\">Certificado de Regularidade do FGTS &#8211; CRF<\/a><\/li>\n\n\n\n<li><a href=\"https:\/\/semead.com.br\/26\/wp-content\/uploads\/sites\/17\/2023\/09\/certidao_44315919000140.pdf\" target=\"_blank\" rel=\"noreferrer noopener\">Certid\u00e3o Negativa de D\u00e9bitos Trabalhistas<\/a><\/li>\n\n\n\n<li><a href=\"https:\/\/semead.com.br\/26\/wp-content\/uploads\/sites\/17\/2023\/09\/Declaracao-de-Imunidade-Tributaria_02.01.23.pdf\" target=\"_blank\" rel=\"noreferrer noopener\">Declara\u00e7\u00e3o Imunidade Tribut\u00e1ria<\/a><\/li>\n<\/ul>\n","protected":false},"excerpt":{"rendered":"<p>Observa\u00e7\u00f5es importantes: O pagamento da inscri\u00e7\u00e3o pode ser via empenho. A inscri\u00e7\u00e3o do participante dever\u00e1 ser individual. N\u00e3o emitimos nota fiscal somente recibo, o qual ser\u00e1 emitido ao final da sua inscri\u00e7\u00e3o e dever\u00e1 ser enviado para a sua institui\u00e7\u00e3o para solicita\u00e7\u00e3o do empenho. Qualquer documento adicional que a Universidade pagante exija, dever\u00e1 ser solicitado&#8230;<\/p>\n","protected":false},"author":4,"featured_media":0,"parent":0,"menu_order":0,"comment_status":"closed","ping_status":"closed","template":"","meta":{"_acf_changed":false,"_monsterinsights_skip_tracking":false,"_monsterinsights_sitenote_active":false,"_monsterinsights_sitenote_note":"","_monsterinsights_sitenote_category":0,"footnotes":""},"class_list":["post-29884","page","type-page","status-publish","hentry"],"acf":[],"yoast_head":"<!-- This site is optimized with the Yoast SEO plugin v27.1.1 - https:\/\/yoast.com\/product\/yoast-seo-wordpress\/ -->\n<title>Empenho - XXVI SemeAd<\/title>\n<meta name=\"robots\" content=\"index, follow, max-snippet:-1, max-image-preview:large, max-video-preview:-1\" \/>\n<link rel=\"canonical\" href=\"https:\/\/semead.com.br\/26\/empenho\/\" \/>\n<meta property=\"og:locale\" content=\"pt_BR\" \/>\n<meta property=\"og:type\" content=\"article\" \/>\n<meta property=\"og:title\" content=\"Empenho - XXVI SemeAd\" \/>\n<meta property=\"og:description\" content=\"Observa\u00e7\u00f5es importantes: O pagamento da inscri\u00e7\u00e3o pode ser via empenho. A inscri\u00e7\u00e3o do participante dever\u00e1 ser individual. N\u00e3o emitimos nota fiscal somente recibo, o qual ser\u00e1 emitido ao final da sua inscri\u00e7\u00e3o e dever\u00e1 ser enviado para a sua institui\u00e7\u00e3o para solicita\u00e7\u00e3o do empenho. Qualquer documento adicional que a Universidade pagante exija, dever\u00e1 ser solicitado...\" \/>\n<meta property=\"og:url\" content=\"https:\/\/semead.com.br\/26\/empenho\/\" \/>\n<meta property=\"og:site_name\" content=\"XXVI SemeAd\" \/>\n<meta property=\"article:modified_time\" content=\"2023-09-15T14:38:25+00:00\" \/>\n<meta name=\"twitter:card\" content=\"summary_large_image\" \/>\n<meta name=\"twitter:label1\" content=\"Est. tempo de leitura\" \/>\n\t<meta name=\"twitter:data1\" content=\"1 minuto\" \/>\n<script type=\"application\/ld+json\" class=\"yoast-schema-graph\">{\"@context\":\"https:\/\/schema.org\",\"@graph\":[{\"@type\":\"WebPage\",\"@id\":\"https:\/\/semead.com.br\/26\/empenho\/\",\"url\":\"https:\/\/semead.com.br\/26\/empenho\/\",\"name\":\"Empenho - XXVI SemeAd\",\"isPartOf\":{\"@id\":\"https:\/\/semead.com.br\/26\/#website\"},\"datePublished\":\"2023-09-10T21:12:52+00:00\",\"dateModified\":\"2023-09-15T14:38:25+00:00\",\"breadcrumb\":{\"@id\":\"https:\/\/semead.com.br\/26\/empenho\/#breadcrumb\"},\"inLanguage\":\"pt-BR\",\"potentialAction\":[{\"@type\":\"ReadAction\",\"target\":[\"https:\/\/semead.com.br\/26\/empenho\/\"]}]},{\"@type\":\"BreadcrumbList\",\"@id\":\"https:\/\/semead.com.br\/26\/empenho\/#breadcrumb\",\"itemListElement\":[{\"@type\":\"ListItem\",\"position\":1,\"name\":\"In\u00edcio\",\"item\":\"https:\/\/semead.com.br\/26\/\"},{\"@type\":\"ListItem\",\"position\":2,\"name\":\"Empenho\"}]},{\"@type\":\"WebSite\",\"@id\":\"https:\/\/semead.com.br\/26\/#website\",\"url\":\"https:\/\/semead.com.br\/26\/\",\"name\":\"XXVI SemeAd\",\"description\":\"Semin\u00e1rios em Administra\u00e7\u00e3o\",\"potentialAction\":[{\"@type\":\"SearchAction\",\"target\":{\"@type\":\"EntryPoint\",\"urlTemplate\":\"https:\/\/semead.com.br\/26\/?s={search_term_string}\"},\"query-input\":{\"@type\":\"PropertyValueSpecification\",\"valueRequired\":true,\"valueName\":\"search_term_string\"}}],\"inLanguage\":\"pt-BR\"}]}<\/script>\n<!-- \/ Yoast SEO plugin. -->","yoast_head_json":{"title":"Empenho - XXVI SemeAd","robots":{"index":"index","follow":"follow","max-snippet":"max-snippet:-1","max-image-preview":"max-image-preview:large","max-video-preview":"max-video-preview:-1"},"canonical":"https:\/\/semead.com.br\/26\/empenho\/","og_locale":"pt_BR","og_type":"article","og_title":"Empenho - XXVI SemeAd","og_description":"Observa\u00e7\u00f5es importantes: O pagamento da inscri\u00e7\u00e3o pode ser via empenho. A inscri\u00e7\u00e3o do participante dever\u00e1 ser individual. N\u00e3o emitimos nota fiscal somente recibo, o qual ser\u00e1 emitido ao final da sua inscri\u00e7\u00e3o e dever\u00e1 ser enviado para a sua institui\u00e7\u00e3o para solicita\u00e7\u00e3o do empenho. Qualquer documento adicional que a Universidade pagante exija, dever\u00e1 ser solicitado...","og_url":"https:\/\/semead.com.br\/26\/empenho\/","og_site_name":"XXVI SemeAd","article_modified_time":"2023-09-15T14:38:25+00:00","twitter_card":"summary_large_image","twitter_misc":{"Est. tempo de leitura":"1 minuto"},"schema":{"@context":"https:\/\/schema.org","@graph":[{"@type":"WebPage","@id":"https:\/\/semead.com.br\/26\/empenho\/","url":"https:\/\/semead.com.br\/26\/empenho\/","name":"Empenho - XXVI SemeAd","isPartOf":{"@id":"https:\/\/semead.com.br\/26\/#website"},"datePublished":"2023-09-10T21:12:52+00:00","dateModified":"2023-09-15T14:38:25+00:00","breadcrumb":{"@id":"https:\/\/semead.com.br\/26\/empenho\/#breadcrumb"},"inLanguage":"pt-BR","potentialAction":[{"@type":"ReadAction","target":["https:\/\/semead.com.br\/26\/empenho\/"]}]},{"@type":"BreadcrumbList","@id":"https:\/\/semead.com.br\/26\/empenho\/#breadcrumb","itemListElement":[{"@type":"ListItem","position":1,"name":"In\u00edcio","item":"https:\/\/semead.com.br\/26\/"},{"@type":"ListItem","position":2,"name":"Empenho"}]},{"@type":"WebSite","@id":"https:\/\/semead.com.br\/26\/#website","url":"https:\/\/semead.com.br\/26\/","name":"XXVI SemeAd","description":"Semin\u00e1rios em Administra\u00e7\u00e3o","potentialAction":[{"@type":"SearchAction","target":{"@type":"EntryPoint","urlTemplate":"https:\/\/semead.com.br\/26\/?s={search_term_string}"},"query-input":{"@type":"PropertyValueSpecification","valueRequired":true,"valueName":"search_term_string"}}],"inLanguage":"pt-BR"}]}},"_links":{"self":[{"href":"https:\/\/semead.com.br\/26\/wp-json\/wp\/v2\/pages\/29884","targetHints":{"allow":["GET"]}}],"collection":[{"href":"https:\/\/semead.com.br\/26\/wp-json\/wp\/v2\/pages"}],"about":[{"href":"https:\/\/semead.com.br\/26\/wp-json\/wp\/v2\/types\/page"}],"author":[{"embeddable":true,"href":"https:\/\/semead.com.br\/26\/wp-json\/wp\/v2\/users\/4"}],"replies":[{"embeddable":true,"href":"https:\/\/semead.com.br\/26\/wp-json\/wp\/v2\/comments?post=29884"}],"version-history":[{"count":0,"href":"https:\/\/semead.com.br\/26\/wp-json\/wp\/v2\/pages\/29884\/revisions"}],"wp:attachment":[{"href":"https:\/\/semead.com.br\/26\/wp-json\/wp\/v2\/media?parent=29884"}],"curies":[{"name":"wp","href":"https:\/\/api.w.org\/{rel}","templated":true}]}}