{"id":30330,"date":"2023-10-26T09:26:24","date_gmt":"2023-10-26T12:26:24","guid":{"rendered":"https:\/\/semead.com.br\/26\/?page_id=30330"},"modified":"2023-11-07T11:47:09","modified_gmt":"2023-11-07T14:47:09","slug":"programacao-paineis","status":"publish","type":"page","link":"https:\/\/semead.com.br\/26\/programacao-paineis\/","title":{"rendered":"Programa\u00e7\u00e3o Paineis"},"content":{"rendered":"\n<figure class=\"wp-block-table\"><table><tbody><tr><td><strong>DIA 08\/11 \u2013 QUARTA-FEIRA | 14:00 &#8211; 15:30 &#8211; Hor\u00e1rio de bras\u00edlia<\/strong> <\/td><\/tr><\/tbody><\/table><\/figure>\n\n\n\n<figure class=\"wp-block-table is-style-stripes\"><table><tbody><tr><td><strong>Painel (1)<\/strong><\/td><td><strong>Painelista<\/strong><\/td><td><strong>Moderador <\/strong><\/td><td><\/td><td><strong>Formato<\/strong><\/td><\/tr><tr><td>Transitions to Sustainable Mobility &#8211; Technological developments in the use of hydrogen vehicles<\/td><td>Vincent Frigant (Full Professor in Economics at the University of Bordeaux)<br>Henri Sauve (Stellantis e PhD student University of Bordeaux)<\/td><td>Adriana Marotti ( FEA-USP) <br>Roberto Marx (Professor Associado Poli-USP Engenharia de Produ\u00e7\u00e3o)<\/td><td><\/td><td><p style=\"\n              background-color: #fcf8e3;\n              padding: 5px;\n              margin: 2px;\n              border-radius: 10px;\n              text-align: center;\n            \">            Presencial           <\/p><\/td><\/tr><tr><td><em>Retail Tech <\/em>&#8211; Pesquisa e Pr\u00e1tica no Brasil<\/td><td>Silvia Somazz (Head of Retail &#8211; Google)<br>Artur Motta (FECAP)<br>Ricardo Pastore (ESPM)<\/td><td>Prof. Henrique de Campos Junior (FGVcev)<\/td><td><\/td><td><p style=\"\n              background-color: #fcf8e3;\n              padding: 5px;\n              margin: 2px;\n              border-radius: 10px;\n              text-align: center;\n            \">            Presencial           <\/p><\/td><\/tr><tr><td>Redes de inova\u00e7\u00e3o sustent\u00e1vel com m\u00faltiplos&nbsp;stakeholders: o caso Origens Brasil  <\/td><td>Prof. Dr. Leonardo Augusto de Vasconcelos Gomes (FEA USP)<br>MSc. Gabriela Nobre Dias (FEA USP)<br>Patr\u00edcia Cota Gomes (Imaflora)<br>Jorge Hoelzel Neto (CEO Mercur)<\/td><td>Profa. Dra. Kavita Miadaira Hamza (FEA USP)<\/td><td><\/td><td><p style=\"\n              background-color: #bce8f1;\n              padding: 5px;\n              margin: 2px;\n              border-radius: 10px;\n              text-align: center;\n            \">             Online           <\/p><\/td><\/tr><\/tbody><\/table><\/figure>\n\n\n\n<figure class=\"wp-block-table\"><table><tbody><tr><td><strong>DIA 09\/11 \u2013 QUINTA-FEIRA<\/strong> <strong> | 10:30 &#8211; 12:00 &#8211; Hor\u00e1rio de bras\u00edlia<\/strong> <\/td><\/tr><\/tbody><\/table><\/figure>\n\n\n\n<figure class=\"wp-block-table is-style-stripes\"><table><tbody><tr><td><strong>Painel (2) <\/strong><\/td><td><strong>Painelistas<\/strong><\/td><td><strong>Moderador<\/strong><\/td><td><strong>Formato<\/strong><\/td><\/tr><tr><td>Apresenta\u00e7\u00e3o Final Bolsa PqJunior Cactvs<\/td><td>Lucas Veiga \u00c1vila;<br>Paula de Camargo Fiorini;<br>Marconi Freitas da Costa;<br>Giancarlo Aquila;<br>Cristian Rog\u00e9rio Foguesatto;<br>Haroldo de S\u00e1 Medeiros;<br>Marcos Inacio Severo de Almeida;<br>Lucas Lopes Ferreira de Souza;<br>Keysa Manuela Cunha de Mascena;<br>Amilton Barbosa Botelho Junior<br><\/td><td>&#8211; Kelvia Carneiro- Diretora Presidente Cactvs Institui\u00e7\u00e3o de Pagamento<br>&#8211; Ticiana Vincenzi- FEA USP<br>&#8211; Flavio Houneaux &#8211; FEA USP, Editor RAUSP e Bolsista PQ do CNPQ<\/td><td><p style=\"\n              background-color: #fcf8e3;\n              padding: 5px;\n              margin: 2px;\n              border-radius: 10px;\n              text-align: center;\n            \">        Presencial           <\/p><\/td><\/tr><tr><td>Startups Deep Tech: Deafios e Oportunidades<\/td><td>Profa. Dra. Ana Carolina Cal\u00e7ado &#8211; CEI Wylinka<br>Prof.Dr. Roberto Bernardes  (FEI e coordenador do projeto)<\/td><td>Prof. Dr. Felipe Mendes Borini &#8211; FEA USP e coordenador do projeto<\/td><td><p style=\"\n              background-color: #fcf8e3;\n              padding: 5px;\n              margin: 2px;\n              border-radius: 10px;\n              text-align: center;\n            \">        Presencial           <\/p><\/td><\/tr><tr><td>Das Cidades inteligentes as Cidades MIL de UNESCO: bases te\u00f3ricas e experiencias<br>Idioma: Ingl\u00eas<\/td><td>Prof. Dr. Divina Frau-Meigs(Universidade da Sorbonna, Fran\u00e7a)<br>Profa. Dra. Rita de C\u00e1ssia Marques Lima de Castro (PROLAM\/FEA-USP)<br>Prof. Dr. Mitsuru Yanaze (CEACOM-ECA\/USP)<br>Prof. Dr. Stephane Hugon (CEO da Empresa Teranus, Fran\u00e7a)<br>Profa. Dra. Veronica Yarnykh (Mongolia International University \/UNESCO MIL ALLIANCE)<br>Prof. Dr. Dorinho Bastos (ECA\/USP)<\/td><td>Profa. Dra. Lu\u00edsa Cagica Carvalho&nbsp;(Instituo Polit\u00e9cnico de Set\u00fabal, Portugal)<\/td><td><p style=\"\n              background-color: #bce8f1;\n              padding: 5px;\n              margin: 2px;\n              border-radius: 10px;\n              text-align: center;\n            \">Online           <\/p><\/td><\/tr><\/tbody><\/table><\/figure>\n\n\n\n<figure class=\"wp-block-table\"><table><tbody><tr><td><strong>DIA 10\/11 \u2013 SEXTA-FEIRA<\/strong> <strong> | 10:30 &#8211; 12:00 &#8211; Hor\u00e1rio de bras\u00edlia<\/strong> <\/td><\/tr><\/tbody><\/table><\/figure>\n\n\n\n<figure class=\"wp-block-table is-style-stripes\"><table><tbody><tr><td><strong>Painel III<\/strong><\/td><td><strong>Painelista<\/strong><\/td><td><strong>Moderador<\/strong><\/td><td><strong>Formato<\/strong><\/td><\/tr><tr><td>CNPq: Orienta\u00e7\u00f5es para Projetos Universal e Bolsa Produtividade<\/td><td>Hudson Fernandes Amaral &#8211; UFMG<\/td><td>Jose Afonso Mazzon &#8211; FEA USP<\/td><td><p style=\"\n              background-color: #fcf8e3;\n              padding: 5px;\n              margin: 2px;\n              border-radius: 10px;\n              text-align: center;\n            \">      Presencial           <\/p><\/td><\/tr><tr><td>Proposta de cria\u00e7\u00e3o do&nbsp;CENTRO INTERNACIONAL DE INOVA\u00c7\u00c3O E DESENVOLVIMENTO DAS CIDADES MIL (CIIDCMIL) de UNESCO na USP<\/td><td>Prof. Felipe Chib\u00e1s Ortiz-PROLAM-ECA \/USP e UNESCO MIL ALLIANCE<br>Prof. Dr. J\u00falio Cesar Zusukc- FFLCH-PROLAM\/USP<br>Prof. Dr. Marciel Consani-(ECA-PROLAM\/USP)<br>Prof. Dr. Emmanuel Komi Kounakou-(Diretor da PAFEME\/ UNESCO MIL ALLIANCE)(Canad\u00e1\/ Togo)<br>Prof. Dr. Dinesh Babu-(Universidade Amrita Vishwa Vidyapeetham\/ UNESCO MIL ALLIANCE) (\u00cdndia)<\/td><td>Prof. Dra. Marilene Proen\u00e7a- IP e PROLAM \/USP<\/td><td><p style=\"\n              background-color: #bce8f1;\n              padding: 5px;\n              margin: 2px;\n              border-radius: 10px;\n              text-align: center;\n            \">             Online           <\/p><\/td><\/tr><tr><td>Meeting with Top Journal Editors<\/td><td>Prof. James Fleck: (Co-Editor da Technology Analysis &amp; Strategic management)<br>Prof. Roberto Vassolo (Chief-Editor da Long Range Planning)<br>Professor Ricardo Vin\u00edcius Jord\u00e3o, PhD<br>The Editor-in-Chief \u2013 The Bottom Line (Emerald)<br>Q1 Scopus\/ Q1 WoS\/ Impact Factor 4.1\/ CiteScore 6.7<\/td><td>Adriana Marotti FEA-USP<\/td><td><p style=\"\n              background-color: #bce8f1;\n              padding: 5px;\n              margin: 2px;\n              border-radius: 10px;\n              text-align: center;\n            \">             Online           <\/p><\/td><\/tr><\/tbody><\/table><\/figure>\n\n\n\n<figure class=\"wp-block-table\"><table><tbody><tr><td><strong>DIA 10\/11 \u2013 SEXTA-FEIRA<\/strong> <strong> | 14:30 &#8211; 15:30  &#8211; Hor\u00e1rio de bras\u00edlia<\/strong> <\/td><\/tr><\/tbody><\/table><\/figure>\n\n\n\n<figure class=\"wp-block-table is-style-stripes\"><table><tbody><tr><td><strong>Painel IV<\/strong><\/td><td><strong>Painelista<\/strong><\/td><td><strong>Moderador<\/strong><\/td><td><strong>Formato<\/strong><\/td><\/tr><tr><td>Gest\u00e3o de ecossistemas para lidar com os grandes desafios<\/td><td>Leonardo Gomes (FEA USP, Coordenador do BRIDGE)<\/td><td>Prof. Roberto Bernardes- FEI<\/td><td><p style=\"\n              background-color: #fcf8e3;\n              padding: 5px;\n              margin: 2px;\n              border-radius: 10px;\n              text-align: center;\n            \">          Presencial           <\/p><\/td><\/tr><tr><td>Um s\u00f3 tipo de pesquisa? Pesquisa e publica\u00e7\u00e3o no ambiente global<\/td><td>Holger Schiele, Universidade de Twente<br>Gustavo Menoncin Pereira, CIEC Academy<\/td><td>Nuno Fouto<\/td><td><p style=\"\n              background-color: #fcf8e3;\n              padding: 5px;\n              margin: 2px;\n              border-radius: 10px;\n              text-align: center;\n            \">          Presencial           <\/p><\/td><\/tr><\/tbody><\/table><\/figure>\n","protected":false},"excerpt":{"rendered":"<p>DIA 08\/11 \u2013 QUARTA-FEIRA | 14:00 &#8211; 15:30 &#8211; Hor\u00e1rio de bras\u00edlia Painel (1) Painelista Moderador Formato Transitions to Sustainable Mobility &#8211; Technological developments in the use of hydrogen vehicles Vincent Frigant (Full Professor in Economics at the University of Bordeaux)Henri Sauve (Stellantis e PhD student University of Bordeaux) Adriana Marotti ( FEA-USP) Roberto Marx&#8230;<\/p>\n","protected":false},"author":14,"featured_media":0,"parent":0,"menu_order":0,"comment_status":"closed","ping_status":"closed","template":"","meta":{"_acf_changed":false,"_monsterinsights_skip_tracking":false,"_monsterinsights_sitenote_active":false,"_monsterinsights_sitenote_note":"","_monsterinsights_sitenote_category":0,"footnotes":""},"class_list":["post-30330","page","type-page","status-publish","hentry"],"acf":[],"yoast_head":"<!-- This site is optimized with the Yoast SEO plugin v27.1.1 - https:\/\/yoast.com\/product\/yoast-seo-wordpress\/ -->\n<title>Programa\u00e7\u00e3o Paineis - XXVI SemeAd<\/title>\n<meta name=\"robots\" content=\"index, follow, max-snippet:-1, max-image-preview:large, max-video-preview:-1\" \/>\n<link rel=\"canonical\" href=\"https:\/\/semead.com.br\/26\/programacao-paineis\/\" \/>\n<meta property=\"og:locale\" content=\"pt_BR\" \/>\n<meta property=\"og:type\" content=\"article\" \/>\n<meta property=\"og:title\" content=\"Programa\u00e7\u00e3o Paineis - XXVI SemeAd\" \/>\n<meta property=\"og:description\" content=\"DIA 08\/11 \u2013 QUARTA-FEIRA | 14:00 &#8211; 15:30 &#8211; Hor\u00e1rio de bras\u00edlia Painel (1) Painelista Moderador Formato Transitions to Sustainable Mobility &#8211; Technological developments in the use of hydrogen vehicles Vincent Frigant (Full Professor in Economics at the University of Bordeaux)Henri Sauve (Stellantis e PhD student University of Bordeaux) Adriana Marotti ( FEA-USP) Roberto Marx...\" \/>\n<meta property=\"og:url\" content=\"https:\/\/semead.com.br\/26\/programacao-paineis\/\" \/>\n<meta property=\"og:site_name\" content=\"XXVI SemeAd\" \/>\n<meta property=\"article:modified_time\" content=\"2023-11-07T14:47:09+00:00\" \/>\n<meta name=\"twitter:card\" content=\"summary_large_image\" \/>\n<meta name=\"twitter:label1\" content=\"Est. tempo de leitura\" \/>\n\t<meta name=\"twitter:data1\" content=\"3 minutos\" \/>\n<script type=\"application\/ld+json\" class=\"yoast-schema-graph\">{\"@context\":\"https:\/\/schema.org\",\"@graph\":[{\"@type\":\"WebPage\",\"@id\":\"https:\/\/semead.com.br\/26\/programacao-paineis\/\",\"url\":\"https:\/\/semead.com.br\/26\/programacao-paineis\/\",\"name\":\"Programa\u00e7\u00e3o Paineis - XXVI SemeAd\",\"isPartOf\":{\"@id\":\"https:\/\/semead.com.br\/26\/#website\"},\"datePublished\":\"2023-10-26T12:26:24+00:00\",\"dateModified\":\"2023-11-07T14:47:09+00:00\",\"breadcrumb\":{\"@id\":\"https:\/\/semead.com.br\/26\/programacao-paineis\/#breadcrumb\"},\"inLanguage\":\"pt-BR\",\"potentialAction\":[{\"@type\":\"ReadAction\",\"target\":[\"https:\/\/semead.com.br\/26\/programacao-paineis\/\"]}]},{\"@type\":\"BreadcrumbList\",\"@id\":\"https:\/\/semead.com.br\/26\/programacao-paineis\/#breadcrumb\",\"itemListElement\":[{\"@type\":\"ListItem\",\"position\":1,\"name\":\"In\u00edcio\",\"item\":\"https:\/\/semead.com.br\/26\/\"},{\"@type\":\"ListItem\",\"position\":2,\"name\":\"Programa\u00e7\u00e3o Paineis\"}]},{\"@type\":\"WebSite\",\"@id\":\"https:\/\/semead.com.br\/26\/#website\",\"url\":\"https:\/\/semead.com.br\/26\/\",\"name\":\"XXVI SemeAd\",\"description\":\"Semin\u00e1rios em Administra\u00e7\u00e3o\",\"potentialAction\":[{\"@type\":\"SearchAction\",\"target\":{\"@type\":\"EntryPoint\",\"urlTemplate\":\"https:\/\/semead.com.br\/26\/?s={search_term_string}\"},\"query-input\":{\"@type\":\"PropertyValueSpecification\",\"valueRequired\":true,\"valueName\":\"search_term_string\"}}],\"inLanguage\":\"pt-BR\"}]}<\/script>\n<!-- \/ Yoast SEO plugin. -->","yoast_head_json":{"title":"Programa\u00e7\u00e3o Paineis - XXVI SemeAd","robots":{"index":"index","follow":"follow","max-snippet":"max-snippet:-1","max-image-preview":"max-image-preview:large","max-video-preview":"max-video-preview:-1"},"canonical":"https:\/\/semead.com.br\/26\/programacao-paineis\/","og_locale":"pt_BR","og_type":"article","og_title":"Programa\u00e7\u00e3o Paineis - XXVI SemeAd","og_description":"DIA 08\/11 \u2013 QUARTA-FEIRA | 14:00 &#8211; 15:30 &#8211; Hor\u00e1rio de bras\u00edlia Painel (1) Painelista Moderador Formato Transitions to Sustainable Mobility &#8211; Technological developments in the use of hydrogen vehicles Vincent Frigant (Full Professor in Economics at the University of Bordeaux)Henri Sauve (Stellantis e PhD student University of Bordeaux) Adriana Marotti ( FEA-USP) Roberto Marx...","og_url":"https:\/\/semead.com.br\/26\/programacao-paineis\/","og_site_name":"XXVI SemeAd","article_modified_time":"2023-11-07T14:47:09+00:00","twitter_card":"summary_large_image","twitter_misc":{"Est. tempo de leitura":"3 minutos"},"schema":{"@context":"https:\/\/schema.org","@graph":[{"@type":"WebPage","@id":"https:\/\/semead.com.br\/26\/programacao-paineis\/","url":"https:\/\/semead.com.br\/26\/programacao-paineis\/","name":"Programa\u00e7\u00e3o Paineis - XXVI SemeAd","isPartOf":{"@id":"https:\/\/semead.com.br\/26\/#website"},"datePublished":"2023-10-26T12:26:24+00:00","dateModified":"2023-11-07T14:47:09+00:00","breadcrumb":{"@id":"https:\/\/semead.com.br\/26\/programacao-paineis\/#breadcrumb"},"inLanguage":"pt-BR","potentialAction":[{"@type":"ReadAction","target":["https:\/\/semead.com.br\/26\/programacao-paineis\/"]}]},{"@type":"BreadcrumbList","@id":"https:\/\/semead.com.br\/26\/programacao-paineis\/#breadcrumb","itemListElement":[{"@type":"ListItem","position":1,"name":"In\u00edcio","item":"https:\/\/semead.com.br\/26\/"},{"@type":"ListItem","position":2,"name":"Programa\u00e7\u00e3o Paineis"}]},{"@type":"WebSite","@id":"https:\/\/semead.com.br\/26\/#website","url":"https:\/\/semead.com.br\/26\/","name":"XXVI SemeAd","description":"Semin\u00e1rios em Administra\u00e7\u00e3o","potentialAction":[{"@type":"SearchAction","target":{"@type":"EntryPoint","urlTemplate":"https:\/\/semead.com.br\/26\/?s={search_term_string}"},"query-input":{"@type":"PropertyValueSpecification","valueRequired":true,"valueName":"search_term_string"}}],"inLanguage":"pt-BR"}]}},"_links":{"self":[{"href":"https:\/\/semead.com.br\/26\/wp-json\/wp\/v2\/pages\/30330","targetHints":{"allow":["GET"]}}],"collection":[{"href":"https:\/\/semead.com.br\/26\/wp-json\/wp\/v2\/pages"}],"about":[{"href":"https:\/\/semead.com.br\/26\/wp-json\/wp\/v2\/types\/page"}],"author":[{"embeddable":true,"href":"https:\/\/semead.com.br\/26\/wp-json\/wp\/v2\/users\/14"}],"replies":[{"embeddable":true,"href":"https:\/\/semead.com.br\/26\/wp-json\/wp\/v2\/comments?post=30330"}],"version-history":[{"count":0,"href":"https:\/\/semead.com.br\/26\/wp-json\/wp\/v2\/pages\/30330\/revisions"}],"wp:attachment":[{"href":"https:\/\/semead.com.br\/26\/wp-json\/wp\/v2\/media?parent=30330"}],"curies":[{"name":"wp","href":"https:\/\/api.w.org\/{rel}","templated":true}]}}