{"id":30338,"date":"2023-10-26T09:35:32","date_gmt":"2023-10-26T12:35:32","guid":{"rendered":"https:\/\/semead.com.br\/26\/?page_id=30338"},"modified":"2023-11-06T13:13:22","modified_gmt":"2023-11-06T16:13:22","slug":"programacao-business-speaker","status":"publish","type":"page","link":"https:\/\/semead.com.br\/26\/programacao-business-speaker\/","title":{"rendered":"Programa\u00e7\u00e3o Business Speaker"},"content":{"rendered":"\n<figure class=\"wp-block-table\"><table><tbody><tr><td><strong>DIA 08\/11 \u2013 QUARTA-FEIRA | 14:00 &#8211; 15:30 &#8211; Hor\u00e1rio de bras\u00edlia<\/strong> <\/td><\/tr><\/tbody><\/table><\/figure>\n\n\n\n<figure class=\"wp-block-table is-style-stripes\"><table><tbody><tr><td><\/td><td><strong>Business Speaker I<\/strong> <\/td><td><strong>Ministrado Por<\/strong><\/td><td><strong>Moderador<\/strong><\/td><td><strong>Formato<\/strong><\/td><\/tr><tr><td><\/td><td>Pessoas + tecnologias + sustentabilidade = foco hoje e sempre<\/td><td>Adriana Aroulho (presidente da SAP)<\/td><td>Adriana Backx Noronha Viana- FEA USP<\/td><td><p style=\"\n              background-color: #fcf8e3;\n              padding: 5px;\n              margin: 2px;\n              border-radius: 10px;\n              text-align: center;\n            \">Presencial<\/p><\/td><\/tr><\/tbody><\/table><\/figure>\n\n\n\n<figure class=\"wp-block-table\"><table><tbody><tr><td><strong>DIA 09\/11 \u2013 QUINTA-FEIRA<\/strong> <strong> | 10:30 &#8211; 12:00 &#8211; Hor\u00e1rio de bras\u00edlia<\/strong> <\/td><\/tr><\/tbody><\/table><\/figure>\n\n\n\n<figure class=\"wp-block-table is-style-stripes\"><table><tbody><tr><td><\/td><td><strong>Business Speaker II<\/strong> <\/td><td><strong>Ministrado Por<\/strong><\/td><td><strong>Moderador<\/strong><\/td><td><strong>Formato<\/strong><\/td><\/tr><tr><td><\/td><td>Klabin e Suzano: Desafios na gest\u00e3o da inova\u00e7\u00e3o e sustentabilidade na ind\u00fastria de Papel e Celulose<\/td><td>Gianna Sagazio (Diretora de Inova\u00e7\u00e3o da CNI)<br>Dra. Maria Teresa Borges Pimenta  (Gerente de Coopera\u00e7\u00e3o Tecnol\u00f3gica Suzano)<br>Renata Freesz (Diretora de Inova\u00e7\u00e3o Klabin)<\/td><td>Anapatr\u00edcia Morales Villha UFABC e Fapesp<\/td><td><p style=\"\n              background-color: #fcf8e3;\n              padding: 5px;\n              margin: 2px;\n              border-radius: 10px;\n              text-align: center;\n            \">Presencial<\/p><\/td><\/tr><\/tbody><\/table><\/figure>\n\n\n\n<p><\/p>\n","protected":false},"excerpt":{"rendered":"<p>DIA 08\/11 \u2013 QUARTA-FEIRA | 14:00 &#8211; 15:30 &#8211; Hor\u00e1rio de bras\u00edlia Business Speaker I Ministrado Por Moderador Formato Pessoas + tecnologias + sustentabilidade = foco hoje e sempre Adriana Aroulho (presidente da SAP) Adriana Backx Noronha Viana- FEA USP Presencial DIA 09\/11 \u2013 QUINTA-FEIRA | 10:30 &#8211; 12:00 &#8211; Hor\u00e1rio de bras\u00edlia Business Speaker&#8230;<\/p>\n","protected":false},"author":14,"featured_media":0,"parent":0,"menu_order":0,"comment_status":"closed","ping_status":"closed","template":"","meta":{"_acf_changed":false,"_monsterinsights_skip_tracking":false,"_monsterinsights_sitenote_active":false,"_monsterinsights_sitenote_note":"","_monsterinsights_sitenote_category":0,"footnotes":""},"class_list":["post-30338","page","type-page","status-publish","hentry"],"acf":[],"yoast_head":"<!-- This site is optimized with the Yoast SEO plugin v27.1.1 - https:\/\/yoast.com\/product\/yoast-seo-wordpress\/ -->\n<title>Programa\u00e7\u00e3o Business Speaker - XXVI SemeAd<\/title>\n<meta name=\"robots\" content=\"index, follow, max-snippet:-1, max-image-preview:large, max-video-preview:-1\" \/>\n<link rel=\"canonical\" href=\"https:\/\/semead.com.br\/26\/programacao-business-speaker\/\" \/>\n<meta property=\"og:locale\" content=\"pt_BR\" \/>\n<meta property=\"og:type\" content=\"article\" \/>\n<meta property=\"og:title\" content=\"Programa\u00e7\u00e3o Business Speaker - XXVI SemeAd\" \/>\n<meta property=\"og:description\" content=\"DIA 08\/11 \u2013 QUARTA-FEIRA | 14:00 &#8211; 15:30 &#8211; Hor\u00e1rio de bras\u00edlia Business Speaker I Ministrado Por Moderador Formato Pessoas + tecnologias + sustentabilidade = foco hoje e sempre Adriana Aroulho (presidente da SAP) Adriana Backx Noronha Viana- FEA USP Presencial DIA 09\/11 \u2013 QUINTA-FEIRA | 10:30 &#8211; 12:00 &#8211; Hor\u00e1rio de bras\u00edlia Business Speaker...\" \/>\n<meta property=\"og:url\" content=\"https:\/\/semead.com.br\/26\/programacao-business-speaker\/\" \/>\n<meta property=\"og:site_name\" content=\"XXVI SemeAd\" \/>\n<meta property=\"article:modified_time\" content=\"2023-11-06T16:13:22+00:00\" \/>\n<meta name=\"twitter:card\" content=\"summary_large_image\" \/>\n<meta name=\"twitter:label1\" content=\"Est. tempo de leitura\" \/>\n\t<meta name=\"twitter:data1\" content=\"1 minuto\" \/>\n<script type=\"application\/ld+json\" class=\"yoast-schema-graph\">{\"@context\":\"https:\/\/schema.org\",\"@graph\":[{\"@type\":\"WebPage\",\"@id\":\"https:\/\/semead.com.br\/26\/programacao-business-speaker\/\",\"url\":\"https:\/\/semead.com.br\/26\/programacao-business-speaker\/\",\"name\":\"Programa\u00e7\u00e3o Business Speaker - XXVI SemeAd\",\"isPartOf\":{\"@id\":\"https:\/\/semead.com.br\/26\/#website\"},\"datePublished\":\"2023-10-26T12:35:32+00:00\",\"dateModified\":\"2023-11-06T16:13:22+00:00\",\"breadcrumb\":{\"@id\":\"https:\/\/semead.com.br\/26\/programacao-business-speaker\/#breadcrumb\"},\"inLanguage\":\"pt-BR\",\"potentialAction\":[{\"@type\":\"ReadAction\",\"target\":[\"https:\/\/semead.com.br\/26\/programacao-business-speaker\/\"]}]},{\"@type\":\"BreadcrumbList\",\"@id\":\"https:\/\/semead.com.br\/26\/programacao-business-speaker\/#breadcrumb\",\"itemListElement\":[{\"@type\":\"ListItem\",\"position\":1,\"name\":\"In\u00edcio\",\"item\":\"https:\/\/semead.com.br\/26\/\"},{\"@type\":\"ListItem\",\"position\":2,\"name\":\"Programa\u00e7\u00e3o Business Speaker\"}]},{\"@type\":\"WebSite\",\"@id\":\"https:\/\/semead.com.br\/26\/#website\",\"url\":\"https:\/\/semead.com.br\/26\/\",\"name\":\"XXVI SemeAd\",\"description\":\"Semin\u00e1rios em Administra\u00e7\u00e3o\",\"potentialAction\":[{\"@type\":\"SearchAction\",\"target\":{\"@type\":\"EntryPoint\",\"urlTemplate\":\"https:\/\/semead.com.br\/26\/?s={search_term_string}\"},\"query-input\":{\"@type\":\"PropertyValueSpecification\",\"valueRequired\":true,\"valueName\":\"search_term_string\"}}],\"inLanguage\":\"pt-BR\"}]}<\/script>\n<!-- \/ Yoast SEO plugin. -->","yoast_head_json":{"title":"Programa\u00e7\u00e3o Business Speaker - XXVI SemeAd","robots":{"index":"index","follow":"follow","max-snippet":"max-snippet:-1","max-image-preview":"max-image-preview:large","max-video-preview":"max-video-preview:-1"},"canonical":"https:\/\/semead.com.br\/26\/programacao-business-speaker\/","og_locale":"pt_BR","og_type":"article","og_title":"Programa\u00e7\u00e3o Business Speaker - XXVI SemeAd","og_description":"DIA 08\/11 \u2013 QUARTA-FEIRA | 14:00 &#8211; 15:30 &#8211; Hor\u00e1rio de bras\u00edlia Business Speaker I Ministrado Por Moderador Formato Pessoas + tecnologias + sustentabilidade = foco hoje e sempre Adriana Aroulho (presidente da SAP) Adriana Backx Noronha Viana- FEA USP Presencial DIA 09\/11 \u2013 QUINTA-FEIRA | 10:30 &#8211; 12:00 &#8211; Hor\u00e1rio de bras\u00edlia Business Speaker...","og_url":"https:\/\/semead.com.br\/26\/programacao-business-speaker\/","og_site_name":"XXVI SemeAd","article_modified_time":"2023-11-06T16:13:22+00:00","twitter_card":"summary_large_image","twitter_misc":{"Est. tempo de leitura":"1 minuto"},"schema":{"@context":"https:\/\/schema.org","@graph":[{"@type":"WebPage","@id":"https:\/\/semead.com.br\/26\/programacao-business-speaker\/","url":"https:\/\/semead.com.br\/26\/programacao-business-speaker\/","name":"Programa\u00e7\u00e3o Business Speaker - XXVI SemeAd","isPartOf":{"@id":"https:\/\/semead.com.br\/26\/#website"},"datePublished":"2023-10-26T12:35:32+00:00","dateModified":"2023-11-06T16:13:22+00:00","breadcrumb":{"@id":"https:\/\/semead.com.br\/26\/programacao-business-speaker\/#breadcrumb"},"inLanguage":"pt-BR","potentialAction":[{"@type":"ReadAction","target":["https:\/\/semead.com.br\/26\/programacao-business-speaker\/"]}]},{"@type":"BreadcrumbList","@id":"https:\/\/semead.com.br\/26\/programacao-business-speaker\/#breadcrumb","itemListElement":[{"@type":"ListItem","position":1,"name":"In\u00edcio","item":"https:\/\/semead.com.br\/26\/"},{"@type":"ListItem","position":2,"name":"Programa\u00e7\u00e3o Business Speaker"}]},{"@type":"WebSite","@id":"https:\/\/semead.com.br\/26\/#website","url":"https:\/\/semead.com.br\/26\/","name":"XXVI SemeAd","description":"Semin\u00e1rios em Administra\u00e7\u00e3o","potentialAction":[{"@type":"SearchAction","target":{"@type":"EntryPoint","urlTemplate":"https:\/\/semead.com.br\/26\/?s={search_term_string}"},"query-input":{"@type":"PropertyValueSpecification","valueRequired":true,"valueName":"search_term_string"}}],"inLanguage":"pt-BR"}]}},"_links":{"self":[{"href":"https:\/\/semead.com.br\/26\/wp-json\/wp\/v2\/pages\/30338","targetHints":{"allow":["GET"]}}],"collection":[{"href":"https:\/\/semead.com.br\/26\/wp-json\/wp\/v2\/pages"}],"about":[{"href":"https:\/\/semead.com.br\/26\/wp-json\/wp\/v2\/types\/page"}],"author":[{"embeddable":true,"href":"https:\/\/semead.com.br\/26\/wp-json\/wp\/v2\/users\/14"}],"replies":[{"embeddable":true,"href":"https:\/\/semead.com.br\/26\/wp-json\/wp\/v2\/comments?post=30338"}],"version-history":[{"count":0,"href":"https:\/\/semead.com.br\/26\/wp-json\/wp\/v2\/pages\/30338\/revisions"}],"wp:attachment":[{"href":"https:\/\/semead.com.br\/26\/wp-json\/wp\/v2\/media?parent=30338"}],"curies":[{"name":"wp","href":"https:\/\/api.w.org\/{rel}","templated":true}]}}