{"id":12254,"date":"2013-04-23T14:32:18","date_gmt":"2013-04-23T14:32:18","guid":{"rendered":"http:\/\/semead.com.br\/?page_id=2"},"modified":"2024-07-05T14:21:40","modified_gmt":"2024-07-05T17:21:40","slug":"evento","status":"publish","type":"page","link":"https:\/\/semead.com.br\/27\/evento\/","title":{"rendered":"Evento"},"content":{"rendered":"\n<p>O SemeAd \u2013 Semin\u00e1rios em Administra\u00e7\u00e3o da Faculdade de Economia, Administra\u00e7\u00e3o, Contabilidade e Atu\u00e1ria da Universidade de S\u00e3o Paulo, \u00e9 um evento cient\u00edfico organizado anualmente que tem um importante papel no interc\u00e2mbio e discuss\u00e3o da produ\u00e7\u00e3o cient\u00edfico-tecnol\u00f3gica desenvolvidas na \u00e1rea de Administra\u00e7\u00e3o no Brasil e no Exterior.<\/p>\n\n\n\n<p>Desde a sua cria\u00e7\u00e3o, em 1996, o evento tem passado por um processo de desenvolvimento e amadurecimento, sendo considerado atualmente como um dos mais importantes da \u00e1rea de Administra\u00e7\u00e3o. As pesquisas submetidas no evento s\u00e3o avaliadas pelo sistema double blind review. Os trabalhos aprovados s\u00e3o publicados nos anais do evento e divulgados em seu website. Os melhores trabalhos s\u00e3o premiados e indicados para participar do fast track em mais de 70 peri\u00f3dicos participantes do SemeAd, sendo quatro internacionais.<\/p>\n\n\n\n<p>Na \u00faltima edi\u00e7\u00e3o, de 2023, o SemeAd apresentou pela primeira vez a sua vers\u00e3o h\u00edbrida, atingiu um total de 2.081 submiss\u00f5es de artigos, e contou com a participa\u00e7\u00e3o de mais de 3970 autores e 1715 congressistas, um complexo desafio com resultados impressionantes.<\/p>\n\n\n\n<p>A edi\u00e7\u00e3o deste ano, ocorrer\u00e1 em novembro de 2024 e ser\u00e1 ainda melhor que o ano anterior. Nessa edi\u00e7\u00e3o, o evento contar\u00e1 com as tradicionais atividades: de sess\u00f5es de apresenta\u00e7\u00e3o de artigos, relatos tecnol\u00f3gicos e casos de ensino, assim como as sess\u00f5es Sapiens de aprimoramento de artigos cient\u00edficos para publica\u00e7\u00e3o, Oficinas e Minicursos metodol\u00f3gicos, os cons\u00f3rcios pre e doutoral. A grande novidade acontece no dia 5 de novembro de 2024 com o SemeAd Experience, atividades externas de cunho cultural e de pesquisa.<\/p>\n\n\n\n<p>Acompanhem nossa redes sociais e conhe\u00e7a cada novidade do SemeAd 2024.<\/p>\n\n\n\n<p>Com tudo isso, voc\u00ea n\u00e3o tem como ficar de fora do SemeAd 2024! Participe e fortale\u00e7a esse importante ecossistema de ensino, pesquisa e extens\u00e3o da Administra\u00e7\u00e3o.&nbsp;<\/p>\n","protected":false},"excerpt":{"rendered":"<p>O SemeAd \u2013 Semin\u00e1rios em Administra\u00e7\u00e3o da Faculdade de Economia, Administra\u00e7\u00e3o, Contabilidade e Atu\u00e1ria da Universidade de S\u00e3o Paulo, \u00e9 um evento cient\u00edfico organizado anualmente que tem um importante papel no interc\u00e2mbio e discuss\u00e3o da produ\u00e7\u00e3o cient\u00edfico-tecnol\u00f3gica desenvolvidas na \u00e1rea de Administra\u00e7\u00e3o no Brasil e no Exterior. Desde a sua cria\u00e7\u00e3o, em 1996, o evento&#8230;<\/p>\n","protected":false},"author":1,"featured_media":0,"parent":0,"menu_order":0,"comment_status":"closed","ping_status":"open","template":"","meta":{"_acf_changed":false,"_monsterinsights_skip_tracking":false,"_monsterinsights_sitenote_active":false,"_monsterinsights_sitenote_note":"","_monsterinsights_sitenote_category":0,"footnotes":""},"class_list":["post-12254","page","type-page","status-publish","hentry"],"acf":[],"yoast_head":"<!-- This site is optimized with the Yoast SEO plugin v27.1.1 - https:\/\/yoast.com\/product\/yoast-seo-wordpress\/ -->\n<title>Evento - XXVII SemeAd<\/title>\n<meta name=\"robots\" content=\"index, follow, max-snippet:-1, max-image-preview:large, max-video-preview:-1\" \/>\n<link rel=\"canonical\" href=\"https:\/\/semead.com.br\/27\/evento\/\" \/>\n<meta property=\"og:locale\" content=\"pt_BR\" \/>\n<meta property=\"og:type\" content=\"article\" \/>\n<meta property=\"og:title\" content=\"Evento - XXVII SemeAd\" \/>\n<meta property=\"og:description\" content=\"O SemeAd \u2013 Semin\u00e1rios em Administra\u00e7\u00e3o da Faculdade de Economia, Administra\u00e7\u00e3o, Contabilidade e Atu\u00e1ria da Universidade de S\u00e3o Paulo, \u00e9 um evento cient\u00edfico organizado anualmente que tem um importante papel no interc\u00e2mbio e discuss\u00e3o da produ\u00e7\u00e3o cient\u00edfico-tecnol\u00f3gica desenvolvidas na \u00e1rea de Administra\u00e7\u00e3o no Brasil e no Exterior. Desde a sua cria\u00e7\u00e3o, em 1996, o evento...\" \/>\n<meta property=\"og:url\" content=\"https:\/\/semead.com.br\/27\/evento\/\" \/>\n<meta property=\"og:site_name\" content=\"XXVII SemeAd\" \/>\n<meta property=\"article:modified_time\" content=\"2024-07-05T17:21:40+00:00\" \/>\n<meta name=\"twitter:card\" content=\"summary_large_image\" \/>\n<meta name=\"twitter:label1\" content=\"Est. tempo de leitura\" \/>\n\t<meta name=\"twitter:data1\" content=\"2 minutos\" \/>\n<script type=\"application\/ld+json\" class=\"yoast-schema-graph\">{\"@context\":\"https:\/\/schema.org\",\"@graph\":[{\"@type\":\"WebPage\",\"@id\":\"https:\/\/semead.com.br\/27\/evento\/\",\"url\":\"https:\/\/semead.com.br\/27\/evento\/\",\"name\":\"Evento - XXVII SemeAd\",\"isPartOf\":{\"@id\":\"https:\/\/semead.com.br\/27\/#website\"},\"datePublished\":\"2013-04-23T14:32:18+00:00\",\"dateModified\":\"2024-07-05T17:21:40+00:00\",\"breadcrumb\":{\"@id\":\"https:\/\/semead.com.br\/27\/evento\/#breadcrumb\"},\"inLanguage\":\"pt-BR\",\"potentialAction\":[{\"@type\":\"ReadAction\",\"target\":[\"https:\/\/semead.com.br\/27\/evento\/\"]}]},{\"@type\":\"BreadcrumbList\",\"@id\":\"https:\/\/semead.com.br\/27\/evento\/#breadcrumb\",\"itemListElement\":[{\"@type\":\"ListItem\",\"position\":1,\"name\":\"In\u00edcio\",\"item\":\"https:\/\/semead.com.br\/27\/\"},{\"@type\":\"ListItem\",\"position\":2,\"name\":\"Evento\"}]},{\"@type\":\"WebSite\",\"@id\":\"https:\/\/semead.com.br\/27\/#website\",\"url\":\"https:\/\/semead.com.br\/27\/\",\"name\":\"XXVII SemeAd\",\"description\":\"Semin\u00e1rios em Administra\u00e7\u00e3o\",\"potentialAction\":[{\"@type\":\"SearchAction\",\"target\":{\"@type\":\"EntryPoint\",\"urlTemplate\":\"https:\/\/semead.com.br\/27\/?s={search_term_string}\"},\"query-input\":{\"@type\":\"PropertyValueSpecification\",\"valueRequired\":true,\"valueName\":\"search_term_string\"}}],\"inLanguage\":\"pt-BR\"}]}<\/script>\n<!-- \/ Yoast SEO plugin. -->","yoast_head_json":{"title":"Evento - XXVII SemeAd","robots":{"index":"index","follow":"follow","max-snippet":"max-snippet:-1","max-image-preview":"max-image-preview:large","max-video-preview":"max-video-preview:-1"},"canonical":"https:\/\/semead.com.br\/27\/evento\/","og_locale":"pt_BR","og_type":"article","og_title":"Evento - XXVII SemeAd","og_description":"O SemeAd \u2013 Semin\u00e1rios em Administra\u00e7\u00e3o da Faculdade de Economia, Administra\u00e7\u00e3o, Contabilidade e Atu\u00e1ria da Universidade de S\u00e3o Paulo, \u00e9 um evento cient\u00edfico organizado anualmente que tem um importante papel no interc\u00e2mbio e discuss\u00e3o da produ\u00e7\u00e3o cient\u00edfico-tecnol\u00f3gica desenvolvidas na \u00e1rea de Administra\u00e7\u00e3o no Brasil e no Exterior. Desde a sua cria\u00e7\u00e3o, em 1996, o evento...","og_url":"https:\/\/semead.com.br\/27\/evento\/","og_site_name":"XXVII SemeAd","article_modified_time":"2024-07-05T17:21:40+00:00","twitter_card":"summary_large_image","twitter_misc":{"Est. tempo de leitura":"2 minutos"},"schema":{"@context":"https:\/\/schema.org","@graph":[{"@type":"WebPage","@id":"https:\/\/semead.com.br\/27\/evento\/","url":"https:\/\/semead.com.br\/27\/evento\/","name":"Evento - XXVII SemeAd","isPartOf":{"@id":"https:\/\/semead.com.br\/27\/#website"},"datePublished":"2013-04-23T14:32:18+00:00","dateModified":"2024-07-05T17:21:40+00:00","breadcrumb":{"@id":"https:\/\/semead.com.br\/27\/evento\/#breadcrumb"},"inLanguage":"pt-BR","potentialAction":[{"@type":"ReadAction","target":["https:\/\/semead.com.br\/27\/evento\/"]}]},{"@type":"BreadcrumbList","@id":"https:\/\/semead.com.br\/27\/evento\/#breadcrumb","itemListElement":[{"@type":"ListItem","position":1,"name":"In\u00edcio","item":"https:\/\/semead.com.br\/27\/"},{"@type":"ListItem","position":2,"name":"Evento"}]},{"@type":"WebSite","@id":"https:\/\/semead.com.br\/27\/#website","url":"https:\/\/semead.com.br\/27\/","name":"XXVII SemeAd","description":"Semin\u00e1rios em Administra\u00e7\u00e3o","potentialAction":[{"@type":"SearchAction","target":{"@type":"EntryPoint","urlTemplate":"https:\/\/semead.com.br\/27\/?s={search_term_string}"},"query-input":{"@type":"PropertyValueSpecification","valueRequired":true,"valueName":"search_term_string"}}],"inLanguage":"pt-BR"}]}},"_links":{"self":[{"href":"https:\/\/semead.com.br\/27\/wp-json\/wp\/v2\/pages\/12254","targetHints":{"allow":["GET"]}}],"collection":[{"href":"https:\/\/semead.com.br\/27\/wp-json\/wp\/v2\/pages"}],"about":[{"href":"https:\/\/semead.com.br\/27\/wp-json\/wp\/v2\/types\/page"}],"author":[{"embeddable":true,"href":"https:\/\/semead.com.br\/27\/wp-json\/wp\/v2\/users\/1"}],"replies":[{"embeddable":true,"href":"https:\/\/semead.com.br\/27\/wp-json\/wp\/v2\/comments?post=12254"}],"version-history":[{"count":0,"href":"https:\/\/semead.com.br\/27\/wp-json\/wp\/v2\/pages\/12254\/revisions"}],"wp:attachment":[{"href":"https:\/\/semead.com.br\/27\/wp-json\/wp\/v2\/media?parent=12254"}],"curies":[{"name":"wp","href":"https:\/\/api.w.org\/{rel}","templated":true}]}}