{"id":28790,"date":"2023-06-02T12:07:48","date_gmt":"2023-06-02T15:07:48","guid":{"rendered":"https:\/\/semead.com.br\/27\/?page_id=28790"},"modified":"2024-07-05T11:08:38","modified_gmt":"2024-07-05T14:08:38","slug":"consorcio-doutoral","status":"publish","type":"page","link":"https:\/\/semead.com.br\/27\/consorcio-doutoral\/","title":{"rendered":"Cons\u00f3rcio Doutoral"},"content":{"rendered":"\t\t<div data-elementor-type=\"wp-page\" data-elementor-id=\"28790\" class=\"elementor elementor-28790\">\n\t\t\t\t\t\t<section class=\"elementor-section elementor-top-section elementor-element elementor-element-70c8512 elementor-section-boxed elementor-section-height-default elementor-section-height-default\" data-id=\"70c8512\" data-element_type=\"section\" data-e-type=\"section\">\n\t\t\t\t\t\t<div class=\"elementor-container elementor-column-gap-default\">\n\t\t\t\t\t<div class=\"elementor-column elementor-col-50 elementor-top-column elementor-element elementor-element-49d0d8e\" data-id=\"49d0d8e\" data-element_type=\"column\" data-e-type=\"column\">\n\t\t\t<div class=\"elementor-widget-wrap elementor-element-populated\">\n\t\t\t\t\t\t<div class=\"elementor-element elementor-element-e695bfb elementor-widget elementor-widget-text-editor\" data-id=\"e695bfb\" data-element_type=\"widget\" data-e-type=\"widget\" data-widget_type=\"text-editor.default\">\n\t\t\t\t<div class=\"elementor-widget-container\">\n\t\t\t\t\t\t\t\t\t<p>O Cons\u00f3rcio Doutoral do SemeAd convida os doutorandos para submeter suas propostas de Tese de Doutorado Acad\u00eamico nas seguintes \u00e1reas: Empreendedorismo; Estrat\u00e9gia Organizacional; Estudos Organizacionais; Finan\u00e7as; Gest\u00e3o da Inova\u00e7\u00e3o; Gest\u00e3o de Pessoas; Gest\u00e3o Socioambiental; e Marketing.<\/p><p>Todas as submiss\u00f5es ser\u00e3o apreciadas pelos Coordenadores do Cons\u00f3rcio e pelos L\u00edderes de cada uma das \u00e1reas do Cons\u00f3rcio\u00a0Doutoral. Ser\u00e3o selecionadas as submiss\u00f5es mais adequadas.<\/p><p>As atividades do Cons\u00f3rcio Doutoral ser\u00e3o realizadas, exclusivamente,\u00a0<b>na modalidade presencial.<\/b>\u00a0A programa\u00e7\u00e3o dos hor\u00e1rios das atividades ser\u00e1 divulgada oportunamente.<\/p>\t\t\t\t\t\t\t\t<\/div>\n\t\t\t\t<\/div>\n\t\t\t\t\t<\/div>\n\t\t<\/div>\n\t\t\t\t<div class=\"elementor-column elementor-col-50 elementor-top-column elementor-element elementor-element-d69162f\" data-id=\"d69162f\" data-element_type=\"column\" data-e-type=\"column\">\n\t\t\t<div class=\"elementor-widget-wrap elementor-element-populated\">\n\t\t\t\t\t\t<div class=\"elementor-element elementor-element-a4ff8cf elementor-widget elementor-widget-spacer\" data-id=\"a4ff8cf\" data-element_type=\"widget\" data-e-type=\"widget\" data-widget_type=\"spacer.default\">\n\t\t\t\t<div class=\"elementor-widget-container\">\n\t\t\t\t\t\t\t<div class=\"elementor-spacer\">\n\t\t\t<div class=\"elementor-spacer-inner\"><\/div>\n\t\t<\/div>\n\t\t\t\t\t\t<\/div>\n\t\t\t\t<\/div>\n\t\t\t\t\t<\/div>\n\t\t<\/div>\n\t\t\t\t\t<\/div>\n\t\t<\/section>\n\t\t\t\t<\/div>\n\t\t","protected":false},"excerpt":{"rendered":"<p>O Cons\u00f3rcio Doutoral do SemeAd convida os doutorandos para submeter suas propostas de Tese de Doutorado Acad\u00eamico nas seguintes \u00e1reas: Empreendedorismo; Estrat\u00e9gia Organizacional; Estudos Organizacionais; Finan\u00e7as; Gest\u00e3o da Inova\u00e7\u00e3o; Gest\u00e3o de Pessoas; Gest\u00e3o Socioambiental; e Marketing. Todas as submiss\u00f5es ser\u00e3o apreciadas pelos Coordenadores do Cons\u00f3rcio e pelos L\u00edderes de cada uma das \u00e1reas do Cons\u00f3rcio\u00a0Doutoral&#8230;.<\/p>\n","protected":false},"author":4,"featured_media":0,"parent":0,"menu_order":0,"comment_status":"closed","ping_status":"closed","template":"temas-intermediario.php","meta":{"_acf_changed":false,"_monsterinsights_skip_tracking":false,"_monsterinsights_sitenote_active":false,"_monsterinsights_sitenote_note":"","_monsterinsights_sitenote_category":0,"footnotes":""},"class_list":["post-28790","page","type-page","status-publish","hentry"],"acf":[],"yoast_head":"<!-- This site is optimized with the Yoast SEO plugin v27.1.1 - https:\/\/yoast.com\/product\/yoast-seo-wordpress\/ -->\n<title>Cons\u00f3rcio Doutoral - XXVII SemeAd<\/title>\n<meta name=\"robots\" content=\"index, follow, max-snippet:-1, max-image-preview:large, max-video-preview:-1\" \/>\n<link rel=\"canonical\" href=\"https:\/\/semead.com.br\/27\/consorcio-doutoral\/\" \/>\n<meta property=\"og:locale\" content=\"pt_BR\" \/>\n<meta property=\"og:type\" content=\"article\" \/>\n<meta property=\"og:title\" content=\"Cons\u00f3rcio Doutoral - XXVII SemeAd\" \/>\n<meta property=\"og:description\" content=\"O Cons\u00f3rcio Doutoral do SemeAd convida os doutorandos para submeter suas propostas de Tese de Doutorado Acad\u00eamico nas seguintes \u00e1reas: Empreendedorismo; Estrat\u00e9gia Organizacional; Estudos Organizacionais; Finan\u00e7as; Gest\u00e3o da Inova\u00e7\u00e3o; Gest\u00e3o de Pessoas; Gest\u00e3o Socioambiental; e Marketing. Todas as submiss\u00f5es ser\u00e3o apreciadas pelos Coordenadores do Cons\u00f3rcio e pelos L\u00edderes de cada uma das \u00e1reas do Cons\u00f3rcio\u00a0Doutoral....\" \/>\n<meta property=\"og:url\" content=\"https:\/\/semead.com.br\/27\/consorcio-doutoral\/\" \/>\n<meta property=\"og:site_name\" content=\"XXVII SemeAd\" \/>\n<meta property=\"article:modified_time\" content=\"2024-07-05T14:08:38+00:00\" \/>\n<meta name=\"twitter:card\" content=\"summary_large_image\" \/>\n<meta name=\"twitter:label1\" content=\"Est. tempo de leitura\" \/>\n\t<meta name=\"twitter:data1\" content=\"1 minuto\" \/>\n<script type=\"application\/ld+json\" class=\"yoast-schema-graph\">{\"@context\":\"https:\/\/schema.org\",\"@graph\":[{\"@type\":\"WebPage\",\"@id\":\"https:\/\/semead.com.br\/27\/consorcio-doutoral\/\",\"url\":\"https:\/\/semead.com.br\/27\/consorcio-doutoral\/\",\"name\":\"Cons\u00f3rcio Doutoral - XXVII SemeAd\",\"isPartOf\":{\"@id\":\"https:\/\/semead.com.br\/27\/#website\"},\"datePublished\":\"2023-06-02T15:07:48+00:00\",\"dateModified\":\"2024-07-05T14:08:38+00:00\",\"breadcrumb\":{\"@id\":\"https:\/\/semead.com.br\/27\/consorcio-doutoral\/#breadcrumb\"},\"inLanguage\":\"pt-BR\",\"potentialAction\":[{\"@type\":\"ReadAction\",\"target\":[\"https:\/\/semead.com.br\/27\/consorcio-doutoral\/\"]}]},{\"@type\":\"BreadcrumbList\",\"@id\":\"https:\/\/semead.com.br\/27\/consorcio-doutoral\/#breadcrumb\",\"itemListElement\":[{\"@type\":\"ListItem\",\"position\":1,\"name\":\"In\u00edcio\",\"item\":\"https:\/\/semead.com.br\/27\/\"},{\"@type\":\"ListItem\",\"position\":2,\"name\":\"Cons\u00f3rcio Doutoral\"}]},{\"@type\":\"WebSite\",\"@id\":\"https:\/\/semead.com.br\/27\/#website\",\"url\":\"https:\/\/semead.com.br\/27\/\",\"name\":\"XXVII SemeAd\",\"description\":\"Semin\u00e1rios em Administra\u00e7\u00e3o\",\"potentialAction\":[{\"@type\":\"SearchAction\",\"target\":{\"@type\":\"EntryPoint\",\"urlTemplate\":\"https:\/\/semead.com.br\/27\/?s={search_term_string}\"},\"query-input\":{\"@type\":\"PropertyValueSpecification\",\"valueRequired\":true,\"valueName\":\"search_term_string\"}}],\"inLanguage\":\"pt-BR\"}]}<\/script>\n<!-- \/ Yoast SEO plugin. -->","yoast_head_json":{"title":"Cons\u00f3rcio Doutoral - XXVII SemeAd","robots":{"index":"index","follow":"follow","max-snippet":"max-snippet:-1","max-image-preview":"max-image-preview:large","max-video-preview":"max-video-preview:-1"},"canonical":"https:\/\/semead.com.br\/27\/consorcio-doutoral\/","og_locale":"pt_BR","og_type":"article","og_title":"Cons\u00f3rcio Doutoral - XXVII SemeAd","og_description":"O Cons\u00f3rcio Doutoral do SemeAd convida os doutorandos para submeter suas propostas de Tese de Doutorado Acad\u00eamico nas seguintes \u00e1reas: Empreendedorismo; Estrat\u00e9gia Organizacional; Estudos Organizacionais; Finan\u00e7as; Gest\u00e3o da Inova\u00e7\u00e3o; Gest\u00e3o de Pessoas; Gest\u00e3o Socioambiental; e Marketing. Todas as submiss\u00f5es ser\u00e3o apreciadas pelos Coordenadores do Cons\u00f3rcio e pelos L\u00edderes de cada uma das \u00e1reas do Cons\u00f3rcio\u00a0Doutoral....","og_url":"https:\/\/semead.com.br\/27\/consorcio-doutoral\/","og_site_name":"XXVII SemeAd","article_modified_time":"2024-07-05T14:08:38+00:00","twitter_card":"summary_large_image","twitter_misc":{"Est. tempo de leitura":"1 minuto"},"schema":{"@context":"https:\/\/schema.org","@graph":[{"@type":"WebPage","@id":"https:\/\/semead.com.br\/27\/consorcio-doutoral\/","url":"https:\/\/semead.com.br\/27\/consorcio-doutoral\/","name":"Cons\u00f3rcio Doutoral - XXVII SemeAd","isPartOf":{"@id":"https:\/\/semead.com.br\/27\/#website"},"datePublished":"2023-06-02T15:07:48+00:00","dateModified":"2024-07-05T14:08:38+00:00","breadcrumb":{"@id":"https:\/\/semead.com.br\/27\/consorcio-doutoral\/#breadcrumb"},"inLanguage":"pt-BR","potentialAction":[{"@type":"ReadAction","target":["https:\/\/semead.com.br\/27\/consorcio-doutoral\/"]}]},{"@type":"BreadcrumbList","@id":"https:\/\/semead.com.br\/27\/consorcio-doutoral\/#breadcrumb","itemListElement":[{"@type":"ListItem","position":1,"name":"In\u00edcio","item":"https:\/\/semead.com.br\/27\/"},{"@type":"ListItem","position":2,"name":"Cons\u00f3rcio Doutoral"}]},{"@type":"WebSite","@id":"https:\/\/semead.com.br\/27\/#website","url":"https:\/\/semead.com.br\/27\/","name":"XXVII SemeAd","description":"Semin\u00e1rios em Administra\u00e7\u00e3o","potentialAction":[{"@type":"SearchAction","target":{"@type":"EntryPoint","urlTemplate":"https:\/\/semead.com.br\/27\/?s={search_term_string}"},"query-input":{"@type":"PropertyValueSpecification","valueRequired":true,"valueName":"search_term_string"}}],"inLanguage":"pt-BR"}]}},"_links":{"self":[{"href":"https:\/\/semead.com.br\/27\/wp-json\/wp\/v2\/pages\/28790","targetHints":{"allow":["GET"]}}],"collection":[{"href":"https:\/\/semead.com.br\/27\/wp-json\/wp\/v2\/pages"}],"about":[{"href":"https:\/\/semead.com.br\/27\/wp-json\/wp\/v2\/types\/page"}],"author":[{"embeddable":true,"href":"https:\/\/semead.com.br\/27\/wp-json\/wp\/v2\/users\/4"}],"replies":[{"embeddable":true,"href":"https:\/\/semead.com.br\/27\/wp-json\/wp\/v2\/comments?post=28790"}],"version-history":[{"count":0,"href":"https:\/\/semead.com.br\/27\/wp-json\/wp\/v2\/pages\/28790\/revisions"}],"wp:attachment":[{"href":"https:\/\/semead.com.br\/27\/wp-json\/wp\/v2\/media?parent=28790"}],"curies":[{"name":"wp","href":"https:\/\/api.w.org\/{rel}","templated":true}]}}