{"id":12,"date":"2013-04-26T00:09:47","date_gmt":"2013-04-26T00:09:47","guid":{"rendered":"http:\/\/semead.com.br\/?page_id=12"},"modified":"2026-05-09T16:03:41","modified_gmt":"2026-05-09T19:03:41","slug":"estrategia-em-organizacoes","status":"publish","type":"page","link":"https:\/\/semead.com.br\/28\/areas\/cientificas\/estrategia-em-organizacoes\/","title":{"rendered":"Estrat\u00e9gia em Organiza\u00e7\u00f5es"},"content":{"rendered":"","protected":false},"excerpt":{"rendered":"","protected":false},"author":1,"featured_media":0,"parent":9,"menu_order":3,"comment_status":"closed","ping_status":"closed","template":"temas.php","meta":{"_acf_changed":false,"_monsterinsights_skip_tracking":false,"_monsterinsights_sitenote_active":false,"_monsterinsights_sitenote_note":"","_monsterinsights_sitenote_category":0,"footnotes":""},"class_list":["post-12","page","type-page","status-publish","hentry"],"acf":{"coordenadores":[{"titulo":"Coordenador:","nome":"Prof. Dr. Benny Kramer Costa","instituicao":"(UNINOVE)","imagem":34830},{"titulo":"Coordenadora Adjunta:","nome":"Profa. Dra. Simone Ruchdi Barakat","instituicao":"(FECAP e FGV)","imagem":34841}],"audio_da_coordenacao":"","temas":[{"tema_nome":"Abordagens sociais, cognitivas e comportamentais em Estrat\u00e9gia","tema_descricao":"Strategizing. Estrat\u00e9gia como pr\u00e1tica. Micro-n\u00edvel e compreens\u00e3o das pr\u00e1ticas do estrategista. Aprendizado organizacional. Teoria s\u00f3cio-cognitiva. Criatividade em estrat\u00e9gia. Abordagem das teorias institucionais nas organiza\u00e7\u00f5es. Teorias estruturalistas no enfoque estrat\u00e9gico. Teorias cr\u00edticas para compreens\u00e3o da Estrat\u00e9gia. Implementa\u00e7\u00e3o, mudan\u00e7a, adapta\u00e7\u00e3o e coordena\u00e7\u00e3o estrat\u00e9gicas. Adapta\u00e7\u00e3o e aprendizagem em ambientes incertos e amb\u00edguos. Ambiguidades internas e externas das organiza\u00e7\u00f5es. Cogni\u00e7\u00e3o individual, relacional e coletiva em contextos organizacionais. Cogni\u00e7\u00e3o e comportamento gerencial e organizacional. Contextualiza\u00e7\u00f5es e constru\u00e7\u00f5es sociais, antropol\u00f3gicas, culturais cognitivas, comportamentais e hist\u00f3ricas para compreens\u00e3o da estrat\u00e9gia.","audio":"","lideres":[{"lider_nome":"L\u00edder: Profa. Dra. Adriana Roseli W\u00fcnsch Takahashi (UFPR)","lider_foto":34844},{"lider_nome":"L\u00edder Adjunta: Profa. Dra. Dim\u00e1ria Silva e Meirelles (MACKENZIE)","lider_foto":34838}]},{"tema_nome":"Plataformas digitais, Redes, Clusters e Ecossistemas de Neg\u00f3cios","tema_descricao":"Estrat\u00e9gias coletivas e de coopeti\u00e7\u00e3o t\u00eam se consolidado como perspectivas relevantes diante da evolu\u00e7\u00e3o de tecnologias disruptivas e das transforma\u00e7\u00f5es da sociedade. A crescente demanda por inova\u00e7\u00e3o e acesso a recursos impulsiona empresas, institui\u00e7\u00f5es e organiza\u00e7\u00f5es do terceiro setor a estruturarem parcerias, alian\u00e7as, redes, plataformas digitais e ecossistemas de neg\u00f3cios. Tais arranjos assumem distintos graus de formaliza\u00e7\u00e3o e articulam atores p\u00fablicos, privados e da sociedade civil em torno de solu\u00e7\u00f5es conjuntas com seus stakeholders. O presente tema, nesse sentido, orienta-se para converg\u00eancia de estudos e pesquisas focalizados na compreens\u00e3o de estrat\u00e9gias, pol\u00edticas e a\u00e7\u00f5es colaborativas praticadas por diferentes atores organizacionais. A investiga\u00e7\u00e3o de condicionantes, rela\u00e7\u00f5es e solu\u00e7\u00f5es desses movimentos, envolvendo processos de governan\u00e7a e orquestra\u00e7\u00e3o, em ambientes como redes, plataformas, clusters e ecossistemas s\u00e3o t\u00f3picos particularmente de interesse desse eixo tem\u00e1tico.","audio":"","lideres":[{"lider_nome":"L\u00edder: Prof. Dr. Renato Telles (UNIP)","lider_foto":34835},{"lider_nome":"L\u00edder Adjunto: Prof. Dr. Luis Miguel Zanin (CONQUISTAR Consultoria)","lider_foto":34832},{"lider_nome":"Co-L\u00edder Internacional: Prof. Dr. Wlamir Goncalves Xavier (Biola University - Estados Unidos)","lider_foto":34836}]},{"tema_nome":"Economia de Empresas, Institui\u00e7\u00f5es e Organiza\u00e7\u00e3o Industrial","tema_descricao":"Rela\u00e7\u00e3o entre institui\u00e7\u00f5es e organiza\u00e7\u00f5es. Formula\u00e7\u00e3o e implementa\u00e7\u00e3o de pol\u00edticas p\u00fablicas, design organizacional e setorial, rela\u00e7\u00f5es entre firmas (empresas privadas ou setor p\u00fablico ou PPPs), teoria da firma (ex.: custos de transa\u00e7\u00e3o, RBV), desempenho (cria\u00e7\u00e3o e apropria\u00e7\u00e3o de valor), estrat\u00e9gias pol\u00edticas e de n\u00e3o mercado, A\u00e7\u00f5es coletivas e governan\u00e7a polic\u00eantrica.","audio":"","lideres":[{"lider_nome":"L\u00edder: Profa. Dra. Ticiana Braga De Vincenzi (FEA-USP)","lider_foto":34845},{"lider_nome":"L\u00edder Adjunto: Prof. Dr. Emanoel M\u00e1rcio Nunes (UERN)","lider_foto":34843},{"lider_nome":"Co-L\u00edder Internacional: Prof. Dr. Jo\u00e3o Jos\u00e9 de Matos Ferreira (Universidade Beira Interior UBI &amp; NECE-UBI Research Unit in Business Science - Portugal)","lider_foto":34831}]},{"tema_nome":"Estrat\u00e9gia Competitiva","tema_descricao":"Resource-Based View, Knowledge-Based View. Dimens\u00f5es e fatores internos nas organiza\u00e7\u00f5es que estimulam o desempenho nos neg\u00f3cios. Intera\u00e7\u00e3o entre firmas pela \u00f3tica dos recursos. Fatores internos determinantes para criar e sustentar a vantagem competitiva. As firmas e suas intera\u00e7\u00f5es com produtos e fatores de mercado ao longo do tempo. Dimens\u00f5es e fatores externos as organiza\u00e7\u00f5es que estimulam o desempenho nos neg\u00f3cios. Intera\u00e7\u00e3o entre firmas pela \u00f3tica da organiza\u00e7\u00e3o industrial. Value-Price-Cost. O paradigma de Porter. Fatores externos determinantes para criar e sustentar a vantagem competitiva.","audio":"","lideres":[{"lider_nome":"L\u00edder: Prof. Dr. Saulo Fabiano Am\u00e2ncio Vieira (UEL)","lider_foto":31026},{"lider_nome":"L\u00edder: Prof. Dr. Renato Fabiano Cintra (UFGD)","lider_foto":34852},{"lider_nome":"Co-L\u00edder Internacional: Prof. Dr. Pedro Cesar Lopes Gerum (Cleveland State University)","lider_foto":34858}]},{"tema_nome":"Estrat\u00e9gia Corporativa e de Stakeholders","tema_descricao":"Estrat\u00e9gias gen\u00e9ricas de posicionamento estrat\u00e9gico. Decis\u00f5es, a\u00e7\u00f5es e resultados associados com o portf\u00f3lio de neg\u00f3cios da organiza\u00e7\u00e3o. Rela\u00e7\u00e3o entre as estrat\u00e9gias empresariais e funcionais (fitness). Escopo horizontal e vertical da firma. Crescimento da firma. Integra\u00e7\u00e3o vertical. Estrat\u00e9gias de diversifica\u00e7\u00e3o e gest\u00e3o de portf\u00f3lio. Decis\u00e3o de aloca\u00e7\u00e3o de recursos. Fus\u00f5es e aquisi\u00e7\u00f5es. Business groups. Teoria dos Stakeholders. A perspectiva dos m\u00faltiplos stakeholders da firma. Capitalismo de Stakeholders. Teoria da Sali\u00eancia. Justi\u00e7a nas rela\u00e7\u00f5es entre Stakeholders. Cria\u00e7\u00e3o de Valor sob a \u00f3tica de Stakeholders.","audio":"","lideres":[{"lider_nome":"L\u00edder: Prof. Dr. Edson Ricardo Barbero (FECAP)","lider_foto":34849},{"lider_nome":"L\u00edder Adjunta: Profa. Dra. Greici Sarturi (UFSM)","lider_foto":34856}]},{"tema_nome":"Estrat\u00e9gia de Pequenas e M\u00e9dias Empresas","tema_descricao":"Abordagens te\u00f3ricas e metodol\u00f3gicas de micro, pequenas e m\u00e9dias empresas. Atua\u00e7\u00e3o e modelos de PMEs. O planejamento estrat\u00e9gico formal e sua utilidade para as PME. Aprendizagem em estrat\u00e9gia de PME. Vantagem competitiva em PMEs. Estrat\u00e9gia e o papel das PMEs na economia. Atua\u00e7\u00e3o das PMEs no ambiente de neg\u00f3cios brasileiro. Estrat\u00e9gias de PMEs orientadas por patentes. Cultura, fomento e recursos econ\u00f4micos para a cria\u00e7\u00e3o de PMEs. Gest\u00e3o estrat\u00e9gica realizada por equipes de dire\u00e7\u00e3o em PME. Pequenas e M\u00e9dias Empresas no contexto brasileiro. Demais temas correlatos a estrat\u00e9gia, gest\u00e3o e desempenho para pequenas e m\u00e9dias empresas.","audio":"","lideres":[{"lider_nome":"L\u00edder: Prof. Dr. J\u00falio Ara\u00fajo Carneiro da Cunha (ESPM e USP)","lider_foto":34850},{"lider_nome":"L\u00edder Adjunto: Prof. Dr. Marcelo Carvalho (FATEC SP)","lider_foto":34848},{"lider_nome":"Co-L\u00edder Internacional: Prof. Dr. Lu\u00eds Matos Martins (Universidade de Lisboa - Portugal)","lider_foto":34863}]},{"tema_nome":"Estrat\u00e9gia Internacional e Globaliza\u00e7\u00e3o","tema_descricao":"Processos e teorias de internacionaliza\u00e7\u00e3o. Modelos de gest\u00e3o de empresas internacionalizadas. Networks internacionais e internacionaliza\u00e7\u00e3o de clusters. Padroniza\u00e7\u00e3o versus adapta\u00e7\u00e3o da oferta aos mercados no exterior. Fatores intervenientes do pa\u00eds na estrat\u00e9gia de internacionaliza\u00e7\u00e3o; pol\u00edticas p\u00fablicas relacionadas \u00e0 internacionaliza\u00e7\u00e3o. Globaliza\u00e7\u00e3o e regionaliza\u00e7\u00e3o. Ambiente institucional do pa\u00eds hospedeiro. O impacto no desenvolvimento das firmas internacionais e em suas estrat\u00e9gias da evolu\u00e7\u00e3o das for\u00e7as culturais, sociais, econ\u00f4micas, tecnol\u00f3gicas, ambientais e pol\u00edticas, no \u00e2mbito internacional e regional. Modelagem do desempenho internacional. Empreendedorismo internacional. Processo de internacionaliza\u00e7\u00e3o de empresas brasileiras e de empresas de mercados emergentes. Tipologias de empresas multinacionais brasileiras. Born globals.","audio":"","lideres":[{"lider_nome":"L\u00edder: Prof. Dr. Manuel Anibal Silva Portugal Vasconcelos Ferreira (PUCPR)","lider_foto":34859},{"lider_nome":"L\u00edder Adjunta: Profa. Dra. Claudia Sofia Frias Pinto (FEA-USP)","lider_foto":34854},{"lider_nome":"Co-L\u00edder Internacional: Prof. Dr. Fernando Manuel Pereira de Oliveira Carvalho (Universidade de Coimbra - Portugal)","lider_foto":34862}]},{"tema_nome":"Governan\u00e7a Corporativa","tema_descricao":"Papel dos agentes da governan\u00e7a corporativa (acionistas, investidores institucionais, conselheiros de administra\u00e7\u00e3o e executivos). Estruturas de governan\u00e7a corporativa (conselho de administra\u00e7\u00e3o, comit\u00eas de assessoramento ao conselho, diretoria e \u00f3rg\u00e3os de fiscaliza\u00e7\u00e3o e controle). Mecanismos internos e externos de governan\u00e7a corporativa. Participa\u00e7\u00e3o dos agentes da governan\u00e7a corporativa e a tomada de decis\u00e3o estrat\u00e9gica. Princ\u00edpios e boas pr\u00e1ticas de governan\u00e7a corporativa. \u00c9tica, c\u00f3digo de conduta, compliance e riscos. Governan\u00e7a Corporativa e sustentabilidade em uma perspectiva de Environmental, social, and Governance (ESG). Governan\u00e7a corporativa em diferentes organiza\u00e7\u00f5es (empresas familiares, empresas de capital fechado, cooperativas, organiza\u00e7\u00f5es do terceiro setor, entre outras).","audio":20483,"lideres":[{"lider_nome":"L\u00edder: Prof. Dr. Jeferson Lana (UNIVALI)","lider_foto":34866},{"lider_nome":"L\u00edder Adjunto: Prof. Dr. Silvio Parodi Oliveira Camilo (Unesc)","lider_foto":34872},{"lider_nome":"Co-L\u00edder Internacional: Profa. Dra. Gilda Antonelli (Professor at Universit\u00e0 degli Studi \"G. d'Annunzio\" Chieti \u2013 Pescara - It\u00e1lia)","lider_foto":34870}]},{"tema_nome":"Processo Estrat\u00e9gico nas Organiza\u00e7\u00f5es","tema_descricao":"Este tema se concentra em pesquisar como as estrat\u00e9gias s\u00e3o formadas, implementadas, reconfiguradas em multin\u00edveis (funcional, grupo, empresarial, corporativo e redes). Quest\u00f5es de interesse: Como as organiza\u00e7\u00f5es desenvolvem estrat\u00e9gias no alcancem de seus objetivos e a vantagem competitiva? Como os avan\u00e7os tecnol\u00f3gicos definem e redefinem os processos e rotinas estrat\u00e9gicos? Quais as compet\u00eancias, capacidades e recursos s\u00e3o necess\u00e1rios aos executivos e m\u00e9dia ger\u00eancia para implementa\u00e7\u00e3o de processos estrat\u00e9gicos? Como s\u00e3o implementadas ferramentas de Planejamento Estrat\u00e9gico, Balanced Scorecard, Mapas Estrat\u00e9gicos, Sistemas de Gest\u00e3o Estrat\u00e9gica? Qual o papel das consultorias na formula\u00e7\u00e3o das estrat\u00e9gias e implementa\u00e7\u00e3o dos processos e rotinas estrat\u00e9gicos?  Ainda, as rela\u00e7\u00f5es intraorganizacionais e interorganizacional na implementa\u00e7\u00e3o de processos e rotinas. A racionalidade limitada, poder e pol\u00edtica na tomada de decis\u00e3o e na formula\u00e7\u00e3o das estrat\u00e9gicas deliberadas e emergentes. Rela\u00e7\u00f5es entre capacidades, recursos e processos estrat\u00e9gicos. Os estudos do processo, conte\u00fado e contexto na mudan\u00e7a e adapta\u00e7\u00e3o organizacional. A rela\u00e7\u00e3o estrat\u00e9gia-estrutura organizacional.","audio":"","lideres":[{"lider_nome":"L\u00edder: Prof. Dr. Carlos Ricardo Rossetto (UNIVALI)","lider_foto":34868},{"lider_nome":"L\u00edder Adjunta: Profa. Dra. Jana\u00edna Maria Bueno (UFU)","lider_foto":34876},{"lider_nome":"Co-L\u00edder Internacional: Prof. Dr. Juan Pablo Torres (Universidad Adolph Ib\u00e1nez)","lider_foto":34874}]}]},"yoast_head":"<!-- This site is optimized with the Yoast SEO plugin v27.6 - https:\/\/yoast.com\/product\/yoast-seo-wordpress\/ -->\n<title>Estrat\u00e9gia em Organiza\u00e7\u00f5es - XXVIII SemeAd<\/title>\n<meta name=\"robots\" content=\"index, follow, max-snippet:-1, max-image-preview:large, max-video-preview:-1\" \/>\n<link rel=\"canonical\" href=\"https:\/\/semead.com.br\/28\/areas\/cientificas\/estrategia-em-organizacoes\/\" \/>\n<meta property=\"og:locale\" content=\"pt_BR\" \/>\n<meta property=\"og:type\" content=\"article\" \/>\n<meta property=\"og:title\" content=\"Estrat\u00e9gia em Organiza\u00e7\u00f5es - XXVIII SemeAd\" \/>\n<meta property=\"og:url\" content=\"https:\/\/semead.com.br\/28\/areas\/cientificas\/estrategia-em-organizacoes\/\" \/>\n<meta property=\"og:site_name\" content=\"XXVIII SemeAd\" \/>\n<meta property=\"article:modified_time\" content=\"2026-05-09T19:03:41+00:00\" \/>\n<meta name=\"twitter:card\" content=\"summary_large_image\" \/>\n<script type=\"application\/ld+json\" class=\"yoast-schema-graph\">{\"@context\":\"https:\\\/\\\/schema.org\",\"@graph\":[{\"@type\":\"WebPage\",\"@id\":\"https:\\\/\\\/semead.com.br\\\/28\\\/areas\\\/cientificas\\\/estrategia-em-organizacoes\\\/\",\"url\":\"https:\\\/\\\/semead.com.br\\\/28\\\/areas\\\/cientificas\\\/estrategia-em-organizacoes\\\/\",\"name\":\"Estrat\u00e9gia em Organiza\u00e7\u00f5es - XXVIII SemeAd\",\"isPartOf\":{\"@id\":\"https:\\\/\\\/semead.com.br\\\/28\\\/#website\"},\"datePublished\":\"2013-04-26T00:09:47+00:00\",\"dateModified\":\"2026-05-09T19:03:41+00:00\",\"breadcrumb\":{\"@id\":\"https:\\\/\\\/semead.com.br\\\/28\\\/areas\\\/cientificas\\\/estrategia-em-organizacoes\\\/#breadcrumb\"},\"inLanguage\":\"pt-BR\",\"potentialAction\":[{\"@type\":\"ReadAction\",\"target\":[\"https:\\\/\\\/semead.com.br\\\/28\\\/areas\\\/cientificas\\\/estrategia-em-organizacoes\\\/\"]}]},{\"@type\":\"BreadcrumbList\",\"@id\":\"https:\\\/\\\/semead.com.br\\\/28\\\/areas\\\/cientificas\\\/estrategia-em-organizacoes\\\/#breadcrumb\",\"itemListElement\":[{\"@type\":\"ListItem\",\"position\":1,\"name\":\"In\u00edcio\",\"item\":\"https:\\\/\\\/semead.com.br\\\/28\\\/\"},{\"@type\":\"ListItem\",\"position\":2,\"name\":\"\u00c1reas\",\"item\":\"https:\\\/\\\/semead.com.br\\\/28\\\/areas\\\/\"},{\"@type\":\"ListItem\",\"position\":3,\"name\":\"\u00c1reas Cient\u00edficas\",\"item\":\"https:\\\/\\\/semead.com.br\\\/28\\\/tracks\\\/scientific-areas\\\/\"},{\"@type\":\"ListItem\",\"position\":4,\"name\":\"Estrat\u00e9gia em Organiza\u00e7\u00f5es\"}]},{\"@type\":\"WebSite\",\"@id\":\"https:\\\/\\\/semead.com.br\\\/28\\\/#website\",\"url\":\"https:\\\/\\\/semead.com.br\\\/28\\\/\",\"name\":\"XXVIII SemeAd\",\"description\":\"Semin\u00e1rios em administra\u00e7\u00e3o\",\"potentialAction\":[{\"@type\":\"SearchAction\",\"target\":{\"@type\":\"EntryPoint\",\"urlTemplate\":\"https:\\\/\\\/semead.com.br\\\/28\\\/?s={search_term_string}\"},\"query-input\":{\"@type\":\"PropertyValueSpecification\",\"valueRequired\":true,\"valueName\":\"search_term_string\"}}],\"inLanguage\":\"pt-BR\"}]}<\/script>\n<!-- \/ Yoast SEO plugin. -->","yoast_head_json":{"title":"Estrat\u00e9gia em Organiza\u00e7\u00f5es - XXVIII SemeAd","robots":{"index":"index","follow":"follow","max-snippet":"max-snippet:-1","max-image-preview":"max-image-preview:large","max-video-preview":"max-video-preview:-1"},"canonical":"https:\/\/semead.com.br\/28\/areas\/cientificas\/estrategia-em-organizacoes\/","og_locale":"pt_BR","og_type":"article","og_title":"Estrat\u00e9gia em Organiza\u00e7\u00f5es - XXVIII SemeAd","og_url":"https:\/\/semead.com.br\/28\/areas\/cientificas\/estrategia-em-organizacoes\/","og_site_name":"XXVIII SemeAd","article_modified_time":"2026-05-09T19:03:41+00:00","twitter_card":"summary_large_image","schema":{"@context":"https:\/\/schema.org","@graph":[{"@type":"WebPage","@id":"https:\/\/semead.com.br\/28\/areas\/cientificas\/estrategia-em-organizacoes\/","url":"https:\/\/semead.com.br\/28\/areas\/cientificas\/estrategia-em-organizacoes\/","name":"Estrat\u00e9gia em Organiza\u00e7\u00f5es - XXVIII SemeAd","isPartOf":{"@id":"https:\/\/semead.com.br\/28\/#website"},"datePublished":"2013-04-26T00:09:47+00:00","dateModified":"2026-05-09T19:03:41+00:00","breadcrumb":{"@id":"https:\/\/semead.com.br\/28\/areas\/cientificas\/estrategia-em-organizacoes\/#breadcrumb"},"inLanguage":"pt-BR","potentialAction":[{"@type":"ReadAction","target":["https:\/\/semead.com.br\/28\/areas\/cientificas\/estrategia-em-organizacoes\/"]}]},{"@type":"BreadcrumbList","@id":"https:\/\/semead.com.br\/28\/areas\/cientificas\/estrategia-em-organizacoes\/#breadcrumb","itemListElement":[{"@type":"ListItem","position":1,"name":"In\u00edcio","item":"https:\/\/semead.com.br\/28\/"},{"@type":"ListItem","position":2,"name":"\u00c1reas","item":"https:\/\/semead.com.br\/28\/areas\/"},{"@type":"ListItem","position":3,"name":"\u00c1reas Cient\u00edficas","item":"https:\/\/semead.com.br\/28\/tracks\/scientific-areas\/"},{"@type":"ListItem","position":4,"name":"Estrat\u00e9gia em Organiza\u00e7\u00f5es"}]},{"@type":"WebSite","@id":"https:\/\/semead.com.br\/28\/#website","url":"https:\/\/semead.com.br\/28\/","name":"XXVIII SemeAd","description":"Semin\u00e1rios em administra\u00e7\u00e3o","potentialAction":[{"@type":"SearchAction","target":{"@type":"EntryPoint","urlTemplate":"https:\/\/semead.com.br\/28\/?s={search_term_string}"},"query-input":{"@type":"PropertyValueSpecification","valueRequired":true,"valueName":"search_term_string"}}],"inLanguage":"pt-BR"}]}},"_links":{"self":[{"href":"https:\/\/semead.com.br\/28\/wp-json\/wp\/v2\/pages\/12","targetHints":{"allow":["GET"]}}],"collection":[{"href":"https:\/\/semead.com.br\/28\/wp-json\/wp\/v2\/pages"}],"about":[{"href":"https:\/\/semead.com.br\/28\/wp-json\/wp\/v2\/types\/page"}],"author":[{"embeddable":true,"href":"https:\/\/semead.com.br\/28\/wp-json\/wp\/v2\/users\/1"}],"replies":[{"embeddable":true,"href":"https:\/\/semead.com.br\/28\/wp-json\/wp\/v2\/comments?post=12"}],"version-history":[{"count":3,"href":"https:\/\/semead.com.br\/28\/wp-json\/wp\/v2\/pages\/12\/revisions"}],"predecessor-version":[{"id":33626,"href":"https:\/\/semead.com.br\/28\/wp-json\/wp\/v2\/pages\/12\/revisions\/33626"}],"up":[{"embeddable":true,"href":"https:\/\/semead.com.br\/28\/wp-json\/wp\/v2\/pages\/9"}],"wp:attachment":[{"href":"https:\/\/semead.com.br\/28\/wp-json\/wp\/v2\/media?parent=12"}],"curies":[{"name":"wp","href":"https:\/\/api.w.org\/{rel}","templated":true}]}}