{"id":12679,"date":"2016-05-17T19:39:02","date_gmt":"2016-05-17T22:39:02","guid":{"rendered":"https:\/\/semead.com.br\/28\/?page_id=12679"},"modified":"2026-05-09T15:59:51","modified_gmt":"2026-05-09T18:59:51","slug":"artigos-aplicados","status":"publish","type":"page","link":"https:\/\/semead.com.br\/28\/areas\/artigos-aplicados\/","title":{"rendered":"Artigos Aplicados"},"content":{"rendered":"","protected":false},"excerpt":{"rendered":"","protected":false},"author":1,"featured_media":0,"parent":12676,"menu_order":0,"comment_status":"closed","ping_status":"closed","template":"temas.php","meta":{"_acf_changed":false,"_monsterinsights_skip_tracking":false,"_monsterinsights_sitenote_active":false,"_monsterinsights_sitenote_note":"","_monsterinsights_sitenote_category":0,"footnotes":""},"class_list":["post-12679","page","type-page","status-publish","hentry"],"acf":{"coordenadores":[{"titulo":"Coordenador:","nome":"Prof. Dr. Adilson Caldeira, PhD","instituicao":"MACKENZIE","imagem":34618}],"audio_da_coordenacao":20413,"temas":[{"tema_nome":"Administra\u00e7\u00e3o P\u00fablica","tema_descricao":"Desenvolvimento e sistematiza\u00e7\u00e3o do conhecimento aplicado \u00e0 gest\u00e3o no \u00e2mbito das organiza\u00e7\u00f5es p\u00fablicas, de sa\u00fade e do terceiro setor.\r\n","audio":"","lideres":[{"lider_nome":"L\u00edder: Prof. Dr. Ricardo Luiz Pereira Bueno (UNIFESP)","lider_foto":34620},{"lider_nome":"L\u00edder Adjunta: Profa. Dra. Sibelly Resch (UFMS)","lider_foto":34622}]},{"tema_nome":"Empreendedorismo, Tecnologia e Inova\u00e7\u00e3o","tema_descricao":"Modelos de neg\u00f3cios inovadores e solu\u00e7\u00f5es para problemas de gest\u00e3o da inova\u00e7\u00e3o e tecnologia da informa\u00e7\u00e3o.\r\n","audio":"","lideres":[{"lider_nome":"L\u00edder: Prof. Dr. F\u00e1bio Lotti Oliva (FEA-USP)","lider_foto":34624},{"lider_nome":"L\u00edder Adjunto: Prof. Dr. Jefferson Luiz Bution (FIA)","lider_foto":34626},{"lider_nome":"Co-L\u00edder: Prof. Dr. Marcelo Albuquerque (FEA-USP)","lider_foto":31464},{"lider_nome":"Co-L\u00edder Internacional: Prof. Miguel Pina Cunha (NOVA School of Business and Economics - Lisboa)","lider_foto":18435}]},{"tema_nome":"Estrat\u00e9gia","tema_descricao":"Relatos de experi\u00eancia em an\u00e1lise, diagn\u00f3stico, desenho e implementa\u00e7\u00e3o de estrat\u00e9gias com o objetivo de promover a competitividade e o desenvolvimento nas organiza\u00e7\u00f5es\r\n","audio":"","lideres":[{"lider_nome":"L\u00edder: Prof. Dr. Eduardo Armando (Tecnol\u00f3gico de Monterrey \u2013 ITESM)","lider_foto":14397},{"lider_nome":"L\u00edder Adjunto: Prof. Dr. Marcio Shoiti Kuniyoshi (PUC-SP)","lider_foto":34628},{"lider_nome":"Co-L\u00edder Internacional: Prof. Dr. Ev\u00f3dio Kaltenecker Retto de Queiroz (Tecnol\u00f3gico de Monterrey \u2013 ITESM)","lider_foto":18388}]},{"tema_nome":"Gest\u00e3o de Pessoas","tema_descricao":"Modelos e pr\u00e1ticas que melhoram a gest\u00e3o de pessoas nas organiza\u00e7\u00f5es.\r\n","audio":"","lideres":[{"lider_nome":"L\u00edder: Profa. Dra. Patricia Martins Fagundes Cabral (UAPPG-Unisinos)","lider_foto":34630},{"lider_nome":"L\u00edder Adjunta: Profa. Dra. Clarissa Socal Cervo (UFF)","lider_foto":34632},{"lider_nome":"Co-L\u00edder Internacional: Profa. Dra. Ana Maria Alfaiate Rocha ( Universidade Cat\u00f3lica de Angola)","lider_foto":34634}]},{"tema_nome":"Gest\u00e3o Financeira e Cont\u00e1bil","tema_descricao":"Modelos e instrumentos aplicados no aproveitamento de oportunidades e solu\u00e7\u00e3o de problemas financeiros e cont\u00e1beis nas organiza\u00e7\u00f5es.","audio":"","lideres":[{"lider_nome":"L\u00edder: Profa. Dra. Ana Lucia Fontes de Souza Vasconcelos (UFPE)","lider_foto":34636},{"lider_nome":"L\u00edder Adjunta: Profa. Dra. Liliane Cristina Segura (MACKENZIE)","lider_foto":34638},{"lider_nome":"Co-L\u00edder Internacional: Prof. Dr. Francisco Carreira (Instituto Polit\u00e9cnico de Set\u00fabal, Portugal)","lider_foto":34640},{"lider_nome":"Co-L\u00edder Internacional: Profa. Dr.Rute Abreu (Instituto Polit\u00e9cnico da Guarda)","lider_foto":34642},{"lider_nome":"Co-L\u00eddere Internacional: Profa. Ana Clara Borrego(Instituto Polit\u00e9cnico de Portalegre, Portugal)","lider_foto":29451},{"lider_nome":" Co-L\u00eddere Internacional: Prof. Jos\u00e9 Angel Perez Lopez (Universidad de Sevilla)","lider_foto":29453},{"lider_nome":"Co-L\u00eddere Internacional: Prof. Pedro Pardal (Instituto Polit\u00e9cnico de Set\u00fabal)","lider_foto":29455}]},{"tema_nome":"Gest\u00e3o Socioambiental","tema_descricao":"Pr\u00e1ticas de Responsabilidade Social Corporativa, processos aplicados a ganhos de efici\u00eancia no uso de recursos, controle de impactos ambientais e gest\u00e3o da sustentabilidade nas organiza\u00e7\u00f5es.","audio":"","lideres":[{"lider_nome":"L\u00edder: Prof. Dr. F\u00e1bio Ytoshi Shibao (UNG)","lider_foto":34644},{"lider_nome":"L\u00edder Adjunto: Profa. Dra. Cl\u00e1udia Terezinha Kniess (UNIFESP)","lider_foto":34646},{"lider_nome":"Co-L\u00edder Internacional:  Prof. Dr. Manuel Castelo Branco (Universidade do Porto, Portugal)","lider_foto":34648}]},{"tema_nome":"Marketing","tema_descricao":"Reports of Marketing actions in real situations faced in organizations, involving structural and strategic issues related to consumer behavior, market segmentation, product positioning, price, distribution and communication.\r\n","audio":"","lideres":[{"lider_nome":"L\u00edder: Prof. Dr. Flavio Santino Bizarrias (ESPM)","lider_foto":34650},{"lider_nome":"Lider Adjunta: Prof. Dra. Jussara da Silva Teixeira Cucato (UNINOVE)","lider_foto":34652},{"lider_nome":"Co-l\u00edder Internacional: Prof. Dr. Rodrigo Coimbra (Woosong University \u2013 South Korea)","lider_foto":27766}]},{"tema_nome":"Opera\u00e7\u00f5es","tema_descricao":"Pr\u00e1ticas de gest\u00e3o de opera\u00e7\u00f5es visando efici\u00eancia em servi\u00e7os e processos de produ\u00e7\u00e3o e log\u00edstica.","audio":"","lideres":[{"lider_nome":"L\u00edder: Profa. Dra. Gleriani Torres Carbone Ferreira (FIA)","lider_foto":18329},{"lider_nome":"L\u00edder Adjunto: Prof. Dr. Diego Bonaldo Coelho (FIA)","lider_foto":34654}]}]},"yoast_head":"<!-- This site is optimized with the Yoast SEO plugin v27.6 - https:\/\/yoast.com\/product\/yoast-seo-wordpress\/ -->\n<title>Artigos Aplicados - XXVIII SemeAd<\/title>\n<meta name=\"robots\" content=\"index, follow, max-snippet:-1, max-image-preview:large, max-video-preview:-1\" \/>\n<link rel=\"canonical\" href=\"https:\/\/semead.com.br\/28\/areas\/artigos-aplicados\/\" \/>\n<meta property=\"og:locale\" content=\"pt_BR\" \/>\n<meta property=\"og:type\" content=\"article\" \/>\n<meta property=\"og:title\" content=\"Artigos Aplicados - XXVIII SemeAd\" \/>\n<meta property=\"og:url\" content=\"https:\/\/semead.com.br\/28\/areas\/artigos-aplicados\/\" \/>\n<meta property=\"og:site_name\" content=\"XXVIII SemeAd\" \/>\n<meta property=\"article:modified_time\" content=\"2026-05-09T18:59:51+00:00\" \/>\n<meta name=\"twitter:card\" content=\"summary_large_image\" \/>\n<script type=\"application\/ld+json\" class=\"yoast-schema-graph\">{\"@context\":\"https:\\\/\\\/schema.org\",\"@graph\":[{\"@type\":\"WebPage\",\"@id\":\"https:\\\/\\\/semead.com.br\\\/28\\\/areas\\\/artigos-aplicados\\\/\",\"url\":\"https:\\\/\\\/semead.com.br\\\/28\\\/areas\\\/artigos-aplicados\\\/\",\"name\":\"Artigos Aplicados - XXVIII SemeAd\",\"isPartOf\":{\"@id\":\"https:\\\/\\\/semead.com.br\\\/28\\\/#website\"},\"datePublished\":\"2016-05-17T22:39:02+00:00\",\"dateModified\":\"2026-05-09T18:59:51+00:00\",\"breadcrumb\":{\"@id\":\"https:\\\/\\\/semead.com.br\\\/28\\\/areas\\\/artigos-aplicados\\\/#breadcrumb\"},\"inLanguage\":\"pt-BR\",\"potentialAction\":[{\"@type\":\"ReadAction\",\"target\":[\"https:\\\/\\\/semead.com.br\\\/28\\\/areas\\\/artigos-aplicados\\\/\"]}]},{\"@type\":\"BreadcrumbList\",\"@id\":\"https:\\\/\\\/semead.com.br\\\/28\\\/areas\\\/artigos-aplicados\\\/#breadcrumb\",\"itemListElement\":[{\"@type\":\"ListItem\",\"position\":1,\"name\":\"In\u00edcio\",\"item\":\"https:\\\/\\\/semead.com.br\\\/28\\\/\"},{\"@type\":\"ListItem\",\"position\":2,\"name\":\"\u00c1reas\",\"item\":\"https:\\\/\\\/semead.com.br\\\/28\\\/areas\\\/\"},{\"@type\":\"ListItem\",\"position\":3,\"name\":\"Artigos Aplicados\"}]},{\"@type\":\"WebSite\",\"@id\":\"https:\\\/\\\/semead.com.br\\\/28\\\/#website\",\"url\":\"https:\\\/\\\/semead.com.br\\\/28\\\/\",\"name\":\"XXVIII SemeAd\",\"description\":\"Semin\u00e1rios em administra\u00e7\u00e3o\",\"potentialAction\":[{\"@type\":\"SearchAction\",\"target\":{\"@type\":\"EntryPoint\",\"urlTemplate\":\"https:\\\/\\\/semead.com.br\\\/28\\\/?s={search_term_string}\"},\"query-input\":{\"@type\":\"PropertyValueSpecification\",\"valueRequired\":true,\"valueName\":\"search_term_string\"}}],\"inLanguage\":\"pt-BR\"}]}<\/script>\n<!-- \/ Yoast SEO plugin. -->","yoast_head_json":{"title":"Artigos Aplicados - XXVIII SemeAd","robots":{"index":"index","follow":"follow","max-snippet":"max-snippet:-1","max-image-preview":"max-image-preview:large","max-video-preview":"max-video-preview:-1"},"canonical":"https:\/\/semead.com.br\/28\/areas\/artigos-aplicados\/","og_locale":"pt_BR","og_type":"article","og_title":"Artigos Aplicados - XXVIII SemeAd","og_url":"https:\/\/semead.com.br\/28\/areas\/artigos-aplicados\/","og_site_name":"XXVIII SemeAd","article_modified_time":"2026-05-09T18:59:51+00:00","twitter_card":"summary_large_image","schema":{"@context":"https:\/\/schema.org","@graph":[{"@type":"WebPage","@id":"https:\/\/semead.com.br\/28\/areas\/artigos-aplicados\/","url":"https:\/\/semead.com.br\/28\/areas\/artigos-aplicados\/","name":"Artigos Aplicados - XXVIII SemeAd","isPartOf":{"@id":"https:\/\/semead.com.br\/28\/#website"},"datePublished":"2016-05-17T22:39:02+00:00","dateModified":"2026-05-09T18:59:51+00:00","breadcrumb":{"@id":"https:\/\/semead.com.br\/28\/areas\/artigos-aplicados\/#breadcrumb"},"inLanguage":"pt-BR","potentialAction":[{"@type":"ReadAction","target":["https:\/\/semead.com.br\/28\/areas\/artigos-aplicados\/"]}]},{"@type":"BreadcrumbList","@id":"https:\/\/semead.com.br\/28\/areas\/artigos-aplicados\/#breadcrumb","itemListElement":[{"@type":"ListItem","position":1,"name":"In\u00edcio","item":"https:\/\/semead.com.br\/28\/"},{"@type":"ListItem","position":2,"name":"\u00c1reas","item":"https:\/\/semead.com.br\/28\/areas\/"},{"@type":"ListItem","position":3,"name":"Artigos Aplicados"}]},{"@type":"WebSite","@id":"https:\/\/semead.com.br\/28\/#website","url":"https:\/\/semead.com.br\/28\/","name":"XXVIII SemeAd","description":"Semin\u00e1rios em administra\u00e7\u00e3o","potentialAction":[{"@type":"SearchAction","target":{"@type":"EntryPoint","urlTemplate":"https:\/\/semead.com.br\/28\/?s={search_term_string}"},"query-input":{"@type":"PropertyValueSpecification","valueRequired":true,"valueName":"search_term_string"}}],"inLanguage":"pt-BR"}]}},"_links":{"self":[{"href":"https:\/\/semead.com.br\/28\/wp-json\/wp\/v2\/pages\/12679","targetHints":{"allow":["GET"]}}],"collection":[{"href":"https:\/\/semead.com.br\/28\/wp-json\/wp\/v2\/pages"}],"about":[{"href":"https:\/\/semead.com.br\/28\/wp-json\/wp\/v2\/types\/page"}],"author":[{"embeddable":true,"href":"https:\/\/semead.com.br\/28\/wp-json\/wp\/v2\/users\/1"}],"replies":[{"embeddable":true,"href":"https:\/\/semead.com.br\/28\/wp-json\/wp\/v2\/comments?post=12679"}],"version-history":[{"count":3,"href":"https:\/\/semead.com.br\/28\/wp-json\/wp\/v2\/pages\/12679\/revisions"}],"predecessor-version":[{"id":33614,"href":"https:\/\/semead.com.br\/28\/wp-json\/wp\/v2\/pages\/12679\/revisions\/33614"}],"up":[{"embeddable":true,"href":"https:\/\/semead.com.br\/28\/wp-json\/wp\/v2\/pages\/12676"}],"wp:attachment":[{"href":"https:\/\/semead.com.br\/28\/wp-json\/wp\/v2\/media?parent=12679"}],"curies":[{"name":"wp","href":"https:\/\/api.w.org\/{rel}","templated":true}]}}