{"id":13,"date":"2013-04-26T00:10:07","date_gmt":"2013-04-26T00:10:07","guid":{"rendered":"http:\/\/semead.com.br\/?page_id=13"},"modified":"2026-05-11T14:23:34","modified_gmt":"2026-05-11T17:23:34","slug":"financas","status":"publish","type":"page","link":"https:\/\/semead.com.br\/28\/areas\/cientificas\/financas\/","title":{"rendered":"Finan\u00e7as"},"content":{"rendered":"","protected":false},"excerpt":{"rendered":"","protected":false},"author":1,"featured_media":0,"parent":9,"menu_order":4,"comment_status":"closed","ping_status":"closed","template":"temas.php","meta":{"_acf_changed":false,"_monsterinsights_skip_tracking":false,"_monsterinsights_sitenote_active":false,"_monsterinsights_sitenote_note":"","_monsterinsights_sitenote_category":0,"footnotes":""},"class_list":["post-13","page","type-page","status-publish","hentry"],"acf":{"coordenadores":[{"titulo":"Coordenador:","nome":"Prof. Dr. Wilson Toshiro Nakamura","instituicao":"Universidade Presbiteriana Mackenzie ","imagem":34967}],"audio_da_coordenacao":"","temas":[{"tema_nome":"Apre\u00e7amento de ativos","tema_descricao":"Modelos de precifica\u00e7\u00e3o de ativos financeiros: CAPM, APT, Fama e French, Black-Scholes, binomial, entre outros. Teoria de carteira. Efici\u00eancia de mercado. Anomalias de mercado. Bolhas financeiras. Risco e retorno. Risco de mercado. Desempenho de fundos. ","audio":"","lideres":[{"lider_nome":"L\u00edder: Prof. Dr. Giancarlo \u00c1quila (FATEC)","lider_foto":34961},{"lider_nome":"L\u00edder Adjunto: Prof. Dr. Eli Hadad Junior (Universidade Mackenzie)","lider_foto":34959},{"lider_nome":"Co-L\u00edder Internacional: Prof. Dr. Jos\u00e9 Luis Ruiz Vergara (Universidade do Chile)","lider_foto":34963}]},{"tema_nome":"Contabilidade para usu\u00e1rios externos","tema_descricao":"Contabilidade financeira. Tributa\u00e7\u00e3o. Normas internacionais de contabilidade. Qualidade da informa\u00e7\u00e3o cont\u00e1bil. Evidencia\u00e7\u00e3o cont\u00e1bil. Auditoria cont\u00e1bil e fraudes corporativas. Regula\u00e7\u00e3o cont\u00e1bil. Contabilidade governamental. Relato integrado e sustentabilidade. Impacto da tecnologia na contabilidade e auditoria. Big Data e Blockchain aplicados \u00e0 contabilidade e auditoria. Educa\u00e7\u00e3o e pesquisa em contabilidade financeira. \u00c9tica e forma\u00e7\u00e3o profissional em contabilidade financeira. Hist\u00f3ria da contabilidade Temas emergentes em contabilidade para usu\u00e1rios externos.","audio":20490,"lideres":[{"lider_nome":"L\u00edder: Profa. Dra. M\u00e1rcia Bianchi (UFRGS)","lider_foto":34953},{"lider_nome":"L\u00edder Adjunta: Profa. Dra. Joyce Menezes da Fonseca Tonin (UEM)","lider_foto":34949},{"lider_nome":"Co-L\u00edder Internacional: Profa. Dra. Isabel Louren\u00e7o (ISCTE-IUL)","lider_foto":34947}]},{"tema_nome":"Contabilidade para usu\u00e1rios internos","tema_descricao":"Contabilidade gerencial e controladoria. Sistema de informa\u00e7\u00e3o gerencial. An\u00e1lise e gest\u00e3o de custos. Avalia\u00e7\u00e3o de desempenho e recompensas. Planejamento or\u00e7ament\u00e1rio. Planejamento e gest\u00e3o tribut\u00e1ria. Educa\u00e7\u00e3o e pesquisa em contabilidade gerencial e controladoria. \u00c9tica e forma\u00e7\u00e3o profissional em contabilidade gerencial e controladoria. Temas emergentes em contabilidade para usu\u00e1rios internos.","audio":"","lideres":[{"lider_nome":"L\u00edder: Prof. Dr. Daniel Magalh\u00e3es Mucci (FEA-USP)","lider_foto":34917},{"lider_nome":"L\u00edder Adjunto: Prof. Dr. Graciela Dias Coelho Jones (UFU)","lider_foto":34925},{"lider_nome":"Co-L\u00edder Internacional: Prof. Dr. Rodrigo Silva de Souza (University of Roehampton, ROEHAMPTON, Inglaterra.)","lider_foto":34935}]},{"tema_nome":"Decis\u00f5es de Investimento Empresarial","tema_descricao":"Determinantes do investimento empresarial. Restri\u00e7\u00f5es financeiras. Sensibilidade do investimento a diferentes tipos de risco. T\u00e9cnicas de an\u00e1lise de investimentos. Or\u00e7amento de capital. ","audio":"","lideres":[{"lider_nome":"L\u00edder: Prof. Dr. Johnny Silva Mendes (FAAP)","lider_foto":34913},{"lider_nome":"L\u00edder Adjunto: Prof. Dr. Vagner Naysinger Machado (UFSM)","lider_foto":34957},{"lider_nome":"Co-L\u00edder Internacional: Prof. Dr. Jorge Eduardo Scarpin (Concordia College - Moorhead, Offutt School of Business)","lider_foto":34927}]},{"tema_nome":"Estrutura de Capital, Dividendos e Fus\u00f5es e Aquisi\u00e7\u00f5es","tema_descricao":"Estrutura de capital. Custo de capital. Pol\u00edtica de dividendos. Emiss\u00f5es de a\u00e7\u00f5es. Emiss\u00f5es de d\u00edvida. IPO. Avalia\u00e7\u00e3o de empresas. Gera\u00e7\u00e3o de valor. Reestrutura\u00e7\u00e3o financeira. Fus\u00f5es e aquisi\u00e7\u00f5es. Private equity. Venture capital. Intang\u00edveis.","audio":"","lideres":[{"lider_nome":"L\u00edder: Prof Dr. Bolivar Godinho de Oliveira Filho (UNIFESP)","lider_foto":34915},{"lider_nome":"L\u00edder Adjunta: Profa. Dra. Kelvia Carneiro de Linhares Fernandes Passos","lider_foto":34951},{"lider_nome":"Co-L\u00edder Internacional: Prof. Dr. Pedro Verga Matos (Instituto Superior de Economia e Gest\u00e3o da Universidade de Lisboa (ISEGP)","lider_foto":34931}]},{"tema_nome":"Finan\u00e7as Comportamentais","tema_descricao":"Teoria prospectiva ou perspectivas. Heur\u00edsticas e vieses cognitivos. mente contabilidade. efeito manada. Efeito de disposi\u00e7\u00e3o. Efeito de enquadramento. Vi\u00e9s de otimismo. Excesso de confian\u00e7a. escolha intertemporal. Arquitetura de escolha. Teoria do empurr\u00e3o.\r\n","audio":"","lideres":[{"lider_nome":"L\u00edder: Prof. Dr. Denis Forte (Universidade Presbiteriana Mackenzie)","lider_foto":34919},{"lider_nome":"L\u00edder Adjunto: Prof. Dr. Rog\u00e9rio Paulucci Mauad (IBMEC)","lider_foto":34937},{"lider_nome":"Co-L\u00edder Internaional: Profa. Dra. Ana Paula Matias Gama (BRU - Business Research Unit at ISTCTE\/IUL |University of Institute Lisbon)","lider_foto":34941}]},{"tema_nome":"Finan\u00e7as Quantitativas","tema_descricao":"Econometria Financeira. Negocia\u00e7\u00e3o Algor\u00edtmica. Modelagem de S\u00e9ries Temporais Financeiras. Intelig\u00eancia Artificial e Machine Learning em Finan\u00e7as. Otimiza\u00e7\u00e3o em Finan\u00e7as. Econof\u00edsica. Modelagem Baseada em Agentes em Finan\u00e7as; Modelos de Gerenciamento de Risco de Mercado. Processamento de Linguagem Natural em Finan\u00e7as. Big Data em Finan\u00e7as. T\u00e9cnicas de Gest\u00e3o de Risco de Cr\u00e9dito. Modelagem e Estima\u00e7\u00e3o Bayesiana em Finan\u00e7as. M\u00e9todos de Simula\u00e7\u00e3o em Finan\u00e7as. M\u00e9todos Quantitativos para Macrofinan\u00e7as.","audio":"","lideres":[{"lider_nome":"L\u00edder: Prof. Dr. Leandro dos Santos Maciel (FEA-USP)","lider_foto":34965},{"lider_nome":"L\u00edder Adjunto: Prof. Dr. Fl\u00e1vio A. Ziegelmann (UFRGS)","lider_foto":34923},{"lider_nome":"Co-L\u00edder Internacional: Prof. Dr. Massimiliano Caporin (University of Padova - Italia)","lider_foto":34929}]},{"tema_nome":"Gest\u00e3o Financeira","tema_descricao":"Planejamento financeiro. Controle financeiro. Gest\u00e3o do capital de giro. Gest\u00e3o de ativos de curto prazo. Gest\u00e3o de passivos de curto prazo. An\u00e1lise de cr\u00e9dito. Finan\u00e7as pessoais. Seguro e previd\u00eancia.","audio":"","lideres":[{"lider_nome":"L\u00edder: Prof. Dr. Fabio Gallo Garcia (FGV-EASP)","lider_foto":34921},{"lider_nome":"L\u00edder Adjunta: Profa. Dra. Bianca Quirantes Checon (EAESP\/FGV)","lider_foto":34943},{"lider_nome":"Co-L\u00edder Internacional: Profa. Isabel Louren\u00e7o (ISCTE-IUL)","lider_foto":34955}]},{"tema_nome":"Governan\u00e7a Corporativa, Risco e Compliance ","tema_descricao":"Pr\u00e1ticas de governan\u00e7a corporativa. Princ\u00edpios de governan\u00e7a corporativa: transpar\u00eancia, equidade, presta\u00e7\u00e3o de contas, responsabilidade corporativa. Teoria de ag\u00eancia. Conflitos de ag\u00eancia. Custos de ag\u00eancia. Mecanismos de governan\u00e7a corporativa. Conselho de Administra\u00e7\u00e3o. Conselho Fiscal. Auditoria independente. Rela\u00e7\u00f5es com Investidores. Remunera\u00e7\u00e3o de executivos. Estrutura de propriedade. Direitos de minorit\u00e1rios. Compliance. Controles internos. Gest\u00e3o de riscos empresariais. C\u00f3digo de \u00e9tica. Reputa\u00e7\u00e3o da empresa.","audio":"","lideres":[{"lider_nome":"L\u00edder: Prof. Dr. Talles Vianna Brugni (Fucape)","lider_foto":34939},{"lider_nome":"L\u00edder Adjunta: Profa. Dra. Bruna Camargos Avelino (UFMG)","lider_foto":34945},{"lider_nome":"Co-Lider Internacional: Prof. Dr. Richard LeBlanc (York University) e Harvard University (Summer and Winter Courses - Corporate Governance)","lider_foto":34933}]}]},"yoast_head":"<!-- This site is optimized with the Yoast SEO plugin v27.6 - https:\/\/yoast.com\/product\/yoast-seo-wordpress\/ -->\n<title>Finan\u00e7as - XXVIII SemeAd<\/title>\n<meta name=\"robots\" content=\"index, follow, max-snippet:-1, max-image-preview:large, max-video-preview:-1\" \/>\n<link rel=\"canonical\" href=\"https:\/\/semead.com.br\/28\/areas\/cientificas\/financas\/\" \/>\n<meta property=\"og:locale\" content=\"pt_BR\" \/>\n<meta property=\"og:type\" content=\"article\" \/>\n<meta property=\"og:title\" content=\"Finan\u00e7as - XXVIII SemeAd\" \/>\n<meta property=\"og:url\" content=\"https:\/\/semead.com.br\/28\/areas\/cientificas\/financas\/\" \/>\n<meta property=\"og:site_name\" content=\"XXVIII SemeAd\" \/>\n<meta property=\"article:modified_time\" content=\"2026-05-11T17:23:34+00:00\" \/>\n<meta name=\"twitter:card\" content=\"summary_large_image\" \/>\n<script type=\"application\/ld+json\" class=\"yoast-schema-graph\">{\"@context\":\"https:\\\/\\\/schema.org\",\"@graph\":[{\"@type\":\"WebPage\",\"@id\":\"https:\\\/\\\/semead.com.br\\\/28\\\/areas\\\/cientificas\\\/financas\\\/\",\"url\":\"https:\\\/\\\/semead.com.br\\\/28\\\/areas\\\/cientificas\\\/financas\\\/\",\"name\":\"Finan\u00e7as - XXVIII SemeAd\",\"isPartOf\":{\"@id\":\"https:\\\/\\\/semead.com.br\\\/28\\\/#website\"},\"datePublished\":\"2013-04-26T00:10:07+00:00\",\"dateModified\":\"2026-05-11T17:23:34+00:00\",\"breadcrumb\":{\"@id\":\"https:\\\/\\\/semead.com.br\\\/28\\\/areas\\\/cientificas\\\/financas\\\/#breadcrumb\"},\"inLanguage\":\"pt-BR\",\"potentialAction\":[{\"@type\":\"ReadAction\",\"target\":[\"https:\\\/\\\/semead.com.br\\\/28\\\/areas\\\/cientificas\\\/financas\\\/\"]}]},{\"@type\":\"BreadcrumbList\",\"@id\":\"https:\\\/\\\/semead.com.br\\\/28\\\/areas\\\/cientificas\\\/financas\\\/#breadcrumb\",\"itemListElement\":[{\"@type\":\"ListItem\",\"position\":1,\"name\":\"In\u00edcio\",\"item\":\"https:\\\/\\\/semead.com.br\\\/28\\\/\"},{\"@type\":\"ListItem\",\"position\":2,\"name\":\"\u00c1reas\",\"item\":\"https:\\\/\\\/semead.com.br\\\/28\\\/areas\\\/\"},{\"@type\":\"ListItem\",\"position\":3,\"name\":\"\u00c1reas Cient\u00edficas\",\"item\":\"https:\\\/\\\/semead.com.br\\\/28\\\/tracks\\\/scientific-areas\\\/\"},{\"@type\":\"ListItem\",\"position\":4,\"name\":\"Finan\u00e7as\"}]},{\"@type\":\"WebSite\",\"@id\":\"https:\\\/\\\/semead.com.br\\\/28\\\/#website\",\"url\":\"https:\\\/\\\/semead.com.br\\\/28\\\/\",\"name\":\"XXVIII SemeAd\",\"description\":\"Semin\u00e1rios em administra\u00e7\u00e3o\",\"potentialAction\":[{\"@type\":\"SearchAction\",\"target\":{\"@type\":\"EntryPoint\",\"urlTemplate\":\"https:\\\/\\\/semead.com.br\\\/28\\\/?s={search_term_string}\"},\"query-input\":{\"@type\":\"PropertyValueSpecification\",\"valueRequired\":true,\"valueName\":\"search_term_string\"}}],\"inLanguage\":\"pt-BR\"}]}<\/script>\n<!-- \/ Yoast SEO plugin. -->","yoast_head_json":{"title":"Finan\u00e7as - XXVIII SemeAd","robots":{"index":"index","follow":"follow","max-snippet":"max-snippet:-1","max-image-preview":"max-image-preview:large","max-video-preview":"max-video-preview:-1"},"canonical":"https:\/\/semead.com.br\/28\/areas\/cientificas\/financas\/","og_locale":"pt_BR","og_type":"article","og_title":"Finan\u00e7as - XXVIII SemeAd","og_url":"https:\/\/semead.com.br\/28\/areas\/cientificas\/financas\/","og_site_name":"XXVIII SemeAd","article_modified_time":"2026-05-11T17:23:34+00:00","twitter_card":"summary_large_image","schema":{"@context":"https:\/\/schema.org","@graph":[{"@type":"WebPage","@id":"https:\/\/semead.com.br\/28\/areas\/cientificas\/financas\/","url":"https:\/\/semead.com.br\/28\/areas\/cientificas\/financas\/","name":"Finan\u00e7as - XXVIII SemeAd","isPartOf":{"@id":"https:\/\/semead.com.br\/28\/#website"},"datePublished":"2013-04-26T00:10:07+00:00","dateModified":"2026-05-11T17:23:34+00:00","breadcrumb":{"@id":"https:\/\/semead.com.br\/28\/areas\/cientificas\/financas\/#breadcrumb"},"inLanguage":"pt-BR","potentialAction":[{"@type":"ReadAction","target":["https:\/\/semead.com.br\/28\/areas\/cientificas\/financas\/"]}]},{"@type":"BreadcrumbList","@id":"https:\/\/semead.com.br\/28\/areas\/cientificas\/financas\/#breadcrumb","itemListElement":[{"@type":"ListItem","position":1,"name":"In\u00edcio","item":"https:\/\/semead.com.br\/28\/"},{"@type":"ListItem","position":2,"name":"\u00c1reas","item":"https:\/\/semead.com.br\/28\/areas\/"},{"@type":"ListItem","position":3,"name":"\u00c1reas Cient\u00edficas","item":"https:\/\/semead.com.br\/28\/tracks\/scientific-areas\/"},{"@type":"ListItem","position":4,"name":"Finan\u00e7as"}]},{"@type":"WebSite","@id":"https:\/\/semead.com.br\/28\/#website","url":"https:\/\/semead.com.br\/28\/","name":"XXVIII SemeAd","description":"Semin\u00e1rios em administra\u00e7\u00e3o","potentialAction":[{"@type":"SearchAction","target":{"@type":"EntryPoint","urlTemplate":"https:\/\/semead.com.br\/28\/?s={search_term_string}"},"query-input":{"@type":"PropertyValueSpecification","valueRequired":true,"valueName":"search_term_string"}}],"inLanguage":"pt-BR"}]}},"_links":{"self":[{"href":"https:\/\/semead.com.br\/28\/wp-json\/wp\/v2\/pages\/13","targetHints":{"allow":["GET"]}}],"collection":[{"href":"https:\/\/semead.com.br\/28\/wp-json\/wp\/v2\/pages"}],"about":[{"href":"https:\/\/semead.com.br\/28\/wp-json\/wp\/v2\/types\/page"}],"author":[{"embeddable":true,"href":"https:\/\/semead.com.br\/28\/wp-json\/wp\/v2\/users\/1"}],"replies":[{"embeddable":true,"href":"https:\/\/semead.com.br\/28\/wp-json\/wp\/v2\/comments?post=13"}],"version-history":[{"count":3,"href":"https:\/\/semead.com.br\/28\/wp-json\/wp\/v2\/pages\/13\/revisions"}],"predecessor-version":[{"id":34912,"href":"https:\/\/semead.com.br\/28\/wp-json\/wp\/v2\/pages\/13\/revisions\/34912"}],"up":[{"embeddable":true,"href":"https:\/\/semead.com.br\/28\/wp-json\/wp\/v2\/pages\/9"}],"wp:attachment":[{"href":"https:\/\/semead.com.br\/28\/wp-json\/wp\/v2\/media?parent=13"}],"curies":[{"name":"wp","href":"https:\/\/api.w.org\/{rel}","templated":true}]}}