{"id":30121,"date":"2023-10-03T14:36:39","date_gmt":"2023-10-03T17:36:39","guid":{"rendered":"https:\/\/semead.com.br\/28\/?page_id=30121"},"modified":"2025-11-14T12:29:31","modified_gmt":"2025-11-14T15:29:31","slug":"programacao-sintetica","status":"publish","type":"page","link":"https:\/\/semead.com.br\/28\/programacao-sintetica\/","title":{"rendered":"Programa\u00e7\u00e3o Sint\u00e9tica"},"content":{"rendered":"\n<p>Sujeita a altera\u00e7\u00e3o<\/p>\n\n\n\n<div class=\"semead-programacao\">\n  <style>\n    .semead-programacao{font-family:system-ui,-apple-system,Segoe UI,Roboto,Arial,sans-serif;line-height:1.5;color:#1d1d1f}\n    .semead-programacao h3{margin:0 0 .25rem 0}\n    .semead-programacao .sub{color:#555;margin:0 0 1rem 0}\n    .semead-dia{border:1px solid #e6e6e6;border-radius:12px;padding:16px 16px 8px;margin:14px 0;background:#fff}\n    .semead-bloco{margin:.5rem 0 1rem}\n    .semead-bloco h5{margin:.25rem 0 .25rem;font-size:.95rem;color:#0a58ca}\n    .semead-lista{list-style:none;padding-left:0;margin:.25rem 0}\n    .semead-item{padding:.5rem .75rem;border:1px solid #f0f0f0;border-radius:10px;margin:.5rem 0;background:#fafafa}\n    .hora{font-weight:600;white-space:nowrap;margin-right:.35rem}\n    .titulo{display:inline}\n.tag {\n \n    font-size: 20px;\n    font-weight: 600;\n    padding: 5px 10px;\n    border-radius: 999px;\n    margin-right: .5rem;\n}    .tag-online{background:#e8f3ff;color:#0a58ca;border:1px solid #cfe3ff}\n    .tag-presencial{background:#fff3cd;color:#212529;border:1px solid #ffc107}\n    .nota{color:#666;font-style:italic}\n  <\/style>\n  <section class=\"semead-dia\">\n    <h4>10\/11\/2025 (Segunda-feira) <span class=\"tag tag-online\">Online<\/span> <span class=\"tag tag-presencial\">Presencial<\/span><\/h4>\n\n    <div class=\"semead-bloco\">\n      <h5><span class=\"tag tag-online\">Online<\/span><\/h5>\n      <ul class=\"semead-lista\">\n        <li class=\"semead-item\"><span class=\"hora\">09h00 \u2013 10h00<\/span> <span class=\"titulo\">Abertura e Instru\u00e7\u00f5es Online<\/span><\/li>\n        <li class=\"semead-item\"><span class=\"hora\">10h00 \u2013 10h30<\/span> <span class=\"titulo\">Intervalo<\/span><\/li>\n        <li class=\"semead-item\"><span class=\"hora\">10h30 \u2013 12h00<\/span> <span class=\"titulo\">Sess\u00e3o de Apresenta\u00e7\u00e3o de Trabalhos (1) + Sapiens Online<\/span><\/li>\n        <li class=\"semead-item\"><span class=\"hora\">12h00 \u2013 13h00<\/span> <span class=\"titulo\">Intervalo<\/span><\/li>\n        <li class=\"semead-item\"><span class=\"hora\">13h00 \u2013 14h30<\/span> <span class=\"titulo\">Keynote \/ Painel<\/span><\/li>\n        <li class=\"semead-item\"><span class=\"hora\">14h30 \u2013 16h00<\/span> <span class=\"titulo\">Workshops<\/span><\/li>\n        <li class=\"semead-item\"><span class=\"hora\">16h00 \u2013 16h30<\/span> <span class=\"titulo\">Intervalo<\/span><\/li>\n        <li class=\"semead-item\"><span class=\"hora\">16h30 \u2013 18h00<\/span> <span class=\"titulo\">Sess\u00e3o de Apresenta\u00e7\u00e3o de Trabalhos (2) + Sapiens Online<\/span><\/li>\n        <li class=\"semead-item\"><span class=\"hora\">18h00 \u2013 19h30<\/span> <span class=\"titulo\">Sess\u00e3o de Apresenta\u00e7\u00e3o de Trabalhos (3) + Sapiens Online<\/span><\/li>\n      <\/ul>\n    <\/div>\n\n    <div class=\"semead-bloco\">\n      <h5><span class=\"tag tag-presencial\">Presencial<\/span><\/h5>\n      <ul class=\"semead-lista\">\n        <li class=\"semead-item\"><span class=\"titulo\">Colloquium<\/span> <span class=\"nota\">(hor\u00e1rio a definir)<\/span><\/li>\n      <\/ul>\n    <\/div>\n  <\/section>\n\n  <!-- 11\/11\/2025 -->\n  <section class=\"semead-dia\">\n    <h4>11\/11\/2025 (Ter\u00e7a-feira) <span class=\"tag tag-online\">Online<\/span> <span class=\"tag tag-presencial\">Presencial<\/span><\/h4>\n\n    <div class=\"semead-bloco\">\n      <h5><span class=\"tag tag-online\">Online<\/span><\/h5>\n      <ul class=\"semead-lista\">\n        <li class=\"semead-item\"><span class=\"hora\">08h00 \u2013 09h30<\/span> <span class=\"titulo\">Sess\u00e3o de Apresenta\u00e7\u00e3o de Trabalhos (4)<\/span><\/li>\n        <li class=\"semead-item\"><span class=\"hora\">10h30 \u2013 12h00<\/span> <span class=\"titulo\">Workshops<\/span><\/li>\n        <li class=\"semead-item\"><span class=\"hora\">09h00 \u2013 12h30<\/span> <span class=\"titulo\">Bancas Cons\u00f3rcio Pr\u00e9-Doutoral<\/span><\/li>\n        <li class=\"semead-item\"><span class=\"hora\">12h00 \u2013 13h00<\/span> <span class=\"titulo\">Intervalo<\/span><\/li>\n        <li class=\"semead-item\"><span class=\"hora\">13h00 \u2013 14h30<\/span> <span class=\"titulo\">Keynote \/ Painel<\/span><\/li>\n        <li class=\"semead-item\"><span class=\"hora\">14h30 \u2013 16h00<\/span> <span class=\"titulo\">Workshops<\/span><\/li>\n        <li class=\"semead-item\"><span class=\"hora\">16h00 \u2013 16h30<\/span> <span class=\"titulo\">Intervalo<\/span><\/li>\n        <li class=\"semead-item\"><span class=\"hora\">16h30 \u2013 18h00<\/span> <span class=\"titulo\">Sess\u00e3o de Apresenta\u00e7\u00e3o de Trabalhos (5) + Sapiens Online<\/span><\/li>\n        <li class=\"semead-item\"><span class=\"hora\">18h00 \u2013 19h30<\/span> <span class=\"titulo\">Sess\u00e3o de Apresenta\u00e7\u00e3o de Trabalhos (6) + Sapiens Online<\/span><\/li>\n      <\/ul>\n    <\/div>\n\n    <div class=\"semead-bloco\">\n      <h5><span class=\"tag tag-presencial\">Presencial<\/span><\/h5>\n      <ul class=\"semead-lista\">\n        <li class=\"semead-item\"><span class=\"hora\">08h30 \u2013 09h00<\/span> <span class=\"titulo\">Cons\u00f3rcio Doutoral: Credenciamento e Abertura<\/span><\/li>\n        <li class=\"semead-item\"><span class=\"hora\">09h00 \u2013 10h00<\/span> <span class=\"titulo\">Cons\u00f3rcio Doutoral: Sess\u00e3o de Aprimoramento dos Projetos<\/span><\/li>\n        <li class=\"semead-item\"><span class=\"hora\">10h00 \u2013 10h30<\/span> <span class=\"titulo\">Cons\u00f3rcio Doutoral: Intervalo<\/span><\/li>\n        <li class=\"semead-item\"><span class=\"hora\">10h30 \u2013 12h30<\/span> <span class=\"titulo\">Cons\u00f3rcio Doutoral: Bancas<\/span><\/li>\n        <li class=\"semead-item\"><span class=\"hora\">10h00 \u2013 12h00<\/span> <span class=\"titulo\">Visitas T\u00e9cnicas<\/span> <span class=\"nota\">(Cubo Ita\u00fa, Cietec, Museu B3)<\/span><\/li>\n        <li class=\"semead-item\"><span class=\"hora\">12h00 \u2013 14h00<\/span> <span class=\"titulo\">Intervalo<\/span><\/li>\n        <li class=\"semead-item\"><span class=\"hora\">14h00 \u2013 18h00<\/span> <span class=\"titulo\">Visitas T\u00e9cnicas<\/span> <span class=\"nota\">(Auspin, Heineken, Inova USP, Bradesco Asset)<\/span><\/li>\n        <li class=\"semead-item\"><span class=\"titulo\">Colloquium<\/span> <span class=\"nota\">(hor\u00e1rio a definir)<\/span><\/li>\n      <\/ul>\n    <\/div>\n  <\/section>\n\n  <!-- 12\/11\/2025 -->\n  <section class=\"semead-dia\">\n    <h4>12\/11\/2025 (Quarta-feira) <span class=\"tag tag-presencial\">Presencial<\/span><\/h4>\n    <ul class=\"semead-lista\">\n      <li class=\"semead-item\"><span class=\"hora\">08h00 \u2013 08h30<\/span> <span class=\"titulo\">Credenciamento<\/span><\/li>\n      <li class=\"semead-item\"><span class=\"hora\">08h30 \u2013 10h00<\/span> <span class=\"titulo\">Sess\u00e3o de Apresenta\u00e7\u00e3o de Trabalhos (1) + Sapiens<\/span> <span class=\"nota\">(Administra\u00e7\u00e3o P\u00fablica, Agribusiness e Opera\u00e7\u00f5es)<\/span><\/li>\n      <li class=\"semead-item\"><span class=\"hora\">11h00 \u2013 12h30<\/span> <span class=\"titulo\">Abertura Oficial &#8211; Audit\u00f3rio Carmargo Guarnieri<\/span><br>\nAbertura com a apresenta\u00e7\u00e3o da Orquestra Sinf\u00f4nica da Universidade de S\u00e3o Paulo. O concerto ter\u00e1 a dire\u00e7\u00e3o musical de Claudio Micheletti (spalla da orquestra) e media\u00e7\u00e3o de Mayra Moraes (vice-diretora), que ir\u00e1 conduzir um espl\u00eandido espet\u00e1culo musical para os congressistas SemeAd. Local: Anfiteatro Camargo Guarnieri<\/li>\n      <li class=\"semead-item\"><span class=\"hora\">12h30 \u2013 14h00<\/span> <span class=\"titulo\">Almo\u00e7o<\/span><\/li>\n      <li class=\"semead-item\"><span class=\"hora\">14h00 \u2013 15h30<\/span> <span class=\"titulo\">Keynotes \/ Pain\u00e9is<\/span><\/li>\n      <li class=\"semead-item\"><span class=\"hora\">15h30 \u2013 17h00<\/span> <span class=\"titulo\">Workshops<\/span><\/li>\n      <li class=\"semead-item\"><span class=\"hora\">17h00 \u2013 17h30<\/span> <span class=\"titulo\">Coffee Break<\/span><\/li>\n      <li class=\"semead-item\"><span class=\"hora\">17h30 \u2013 19h00<\/span> <span class=\"titulo\">Sess\u00e3o de Apresenta\u00e7\u00e3o de Trabalhos (2) + Sapiens<\/span> <span class=\"nota\">(Estudos Organizacionais, Turismo e Hospitalidade)<\/span><\/li>\n    <\/ul>\n  <\/section>\n\n  <!-- 13\/11\/2025 -->\n  <section class=\"semead-dia\">\n    <h4>13\/11\/2025 (Quinta-feira) <span class=\"tag tag-presencial\">Presencial<\/span><\/h4>\n    <ul class=\"semead-lista\">\n      <li class=\"semead-item\"><span class=\"hora\">08h00 \u2013 08h30<\/span> <span class=\"titulo\">Credenciamento<\/span><\/li>\n      <li class=\"semead-item\"><span class=\"hora\">08h30 \u2013 10h00<\/span> <span class=\"titulo\">Sess\u00e3o de Apresenta\u00e7\u00e3o de Trabalhos (3) + Sapiens<\/span> <span class=\"nota\">(Estrat\u00e9gia e Gest\u00e3o Socioambiental)<\/span><\/li>\n      <li class=\"semead-item\"><span class=\"hora\">10h00 \u2013 10h30<\/span> <span class=\"titulo\">Coffee Break<\/span><\/li>\n      <li class=\"semead-item\"><span class=\"hora\">10h30 \u2013 12h00<\/span> <span class=\"titulo\">Workshops<\/span><\/li>\n      <li class=\"semead-item\"><span class=\"hora\">12h00 \u2013 13h00<\/span> <span class=\"titulo\">Almo\u00e7o<\/span><\/li>\n      <li class=\"semead-item\"><span class=\"hora\">13h00 \u2013 14h30<\/span> <span class=\"titulo\">Pain\u00e9is\/Keynotes<\/span><\/li>\n      <li class=\"semead-item\"><span class=\"hora\">14h30 \u2013 16h00<\/span> <span class=\"titulo\">Workshops<\/span><\/li>\n      <li class=\"semead-item\"><span class=\"hora\">16h00 \u2013 16h30<\/span> <span class=\"titulo\">Coffee Break<\/span><\/li>\n      <li class=\"semead-item\"><span class=\"hora\">16h30 \u2013 18h00<\/span> <span class=\"titulo\">Sess\u00e3o de Apresenta\u00e7\u00e3o de Trabalhos (4) + Sapiens<\/span> <span class=\"nota\">(Gest\u00e3o de Pessoas e Inova\u00e7\u00e3o)<\/span><\/li>\n      <li class=\"semead-item\"><span class=\"hora\">18h30 \u2013 20h00<\/span> <span class=\"titulo\">Premia\u00e7\u00e3o &amp; Fast-Track<\/span> Audit\u00f3rio FEA-5<\/li>\n    <\/ul>\n  <\/section>\n\n  <!-- 14\/11\/2025 -->\n  <section class=\"semead-dia\">\n    <h4>14\/11\/2025 (Sexta-feira) <span class=\"tag tag-presencial\">Presencial<\/span><\/h4>\n    <ul class=\"semead-lista\">\n      <li class=\"semead-item\"><span class=\"hora\">08h00 \u2013 08h30<\/span> <span class=\"titulo\">Credenciamento<\/span><\/li>\n      <li class=\"semead-item\"><span class=\"hora\">08h30 \u2013 10h00<\/span> <span class=\"titulo\">Sess\u00e3o de Apresenta\u00e7\u00e3o de Trabalhos (5) + Sapiens<\/span> <span class=\"nota\">(Finan\u00e7as, Ensino &amp; Pesquisa, Empreendedorismo)<\/span><\/li>\n      <li class=\"semead-item\"><span class=\"hora\">10h00 \u2013 10h30<\/span> <span class=\"titulo\">Coffee Break<\/span><\/li>\n      <li class=\"semead-item\"><span class=\"hora\">10h30 \u2013 12h00<\/span> <span class=\"titulo\">Workshops<\/span><\/li>\n      <li class=\"semead-item\"><span class=\"hora\">12h00 \u2013 13h00<\/span> <span class=\"titulo\">Almo\u00e7o<\/span><\/li>\n      <li class=\"semead-item\"><span class=\"hora\">13h00 \u2013 14h30<\/span> <span class=\"titulo\">Painel \/ Keynotes<\/span><\/li>\n      <li class=\"semead-item\"><span class=\"hora\">14h30 \u2013 16h00<\/span> <span class=\"titulo\">Sess\u00e3o de Apresenta\u00e7\u00e3o de Trabalhos (6) + Sapiens<\/span> <span class=\"nota\">(Marketing &amp; TI)<\/span><\/li>\n      <li class=\"semead-item\"><span class=\"hora\">16h00 \u2013 16h30<\/span> <span class=\"titulo\">Coffee Break<\/span><\/li>\n      <li class=\"semead-item\"><span class=\"hora\">16h30 \u2013 18h00<\/span> <span class=\"titulo\">Sess\u00e3o de Apresenta\u00e7\u00e3o de Trabalhos (7)<\/span><\/li>\n    <\/ul>\n  <\/section>\n<\/div>\n","protected":false},"excerpt":{"rendered":"<p>Sujeita a altera\u00e7\u00e3o 10\/11\/2025 (Segunda-feira) Online Presencial Online 09h00 \u2013 10h00 Abertura e Instru\u00e7\u00f5es Online 10h00 \u2013 10h30 Intervalo 10h30 \u2013 12h00 Sess\u00e3o de Apresenta\u00e7\u00e3o de Trabalhos (1) + Sapiens Online 12h00 \u2013 13h00 Intervalo 13h00 \u2013 14h30 Keynote \/ Painel 14h30 \u2013 16h00 Workshops 16h00 \u2013 16h30 Intervalo 16h30 \u2013 18h00 Sess\u00e3o de Apresenta\u00e7\u00e3o&#8230;<\/p>\n","protected":false},"author":14,"featured_media":0,"parent":0,"menu_order":0,"comment_status":"closed","ping_status":"closed","template":"","meta":{"_acf_changed":false,"_monsterinsights_skip_tracking":false,"_monsterinsights_sitenote_active":false,"_monsterinsights_sitenote_note":"","_monsterinsights_sitenote_category":0,"footnotes":""},"class_list":["post-30121","page","type-page","status-publish","hentry"],"acf":[],"yoast_head":"<!-- This site is optimized with the Yoast SEO plugin v27.1.1 - https:\/\/yoast.com\/product\/yoast-seo-wordpress\/ -->\n<title>Programa\u00e7\u00e3o Sint\u00e9tica - XXVIII SemeAd<\/title>\n<meta name=\"robots\" content=\"index, follow, max-snippet:-1, max-image-preview:large, max-video-preview:-1\" \/>\n<link rel=\"canonical\" href=\"https:\/\/semead.com.br\/28\/programacao-sintetica\/\" \/>\n<meta property=\"og:locale\" content=\"pt_BR\" \/>\n<meta property=\"og:type\" content=\"article\" \/>\n<meta property=\"og:title\" content=\"Programa\u00e7\u00e3o Sint\u00e9tica - XXVIII SemeAd\" \/>\n<meta property=\"og:description\" content=\"Sujeita a altera\u00e7\u00e3o 10\/11\/2025 (Segunda-feira) Online Presencial Online 09h00 \u2013 10h00 Abertura e Instru\u00e7\u00f5es Online 10h00 \u2013 10h30 Intervalo 10h30 \u2013 12h00 Sess\u00e3o de Apresenta\u00e7\u00e3o de Trabalhos (1) + Sapiens Online 12h00 \u2013 13h00 Intervalo 13h00 \u2013 14h30 Keynote \/ Painel 14h30 \u2013 16h00 Workshops 16h00 \u2013 16h30 Intervalo 16h30 \u2013 18h00 Sess\u00e3o de Apresenta\u00e7\u00e3o...\" \/>\n<meta property=\"og:url\" content=\"https:\/\/semead.com.br\/28\/programacao-sintetica\/\" \/>\n<meta property=\"og:site_name\" content=\"XXVIII SemeAd\" \/>\n<meta property=\"article:modified_time\" content=\"2025-11-14T15:29:31+00:00\" \/>\n<meta name=\"twitter:card\" content=\"summary_large_image\" \/>\n<meta name=\"twitter:label1\" content=\"Est. tempo de leitura\" \/>\n\t<meta name=\"twitter:data1\" content=\"3 minutos\" \/>\n<script type=\"application\/ld+json\" class=\"yoast-schema-graph\">{\"@context\":\"https:\/\/schema.org\",\"@graph\":[{\"@type\":\"WebPage\",\"@id\":\"https:\/\/semead.com.br\/28\/programacao-sintetica\/\",\"url\":\"https:\/\/semead.com.br\/28\/programacao-sintetica\/\",\"name\":\"Programa\u00e7\u00e3o Sint\u00e9tica - XXVIII SemeAd\",\"isPartOf\":{\"@id\":\"https:\/\/semead.com.br\/28\/#website\"},\"datePublished\":\"2023-10-03T17:36:39+00:00\",\"dateModified\":\"2025-11-14T15:29:31+00:00\",\"breadcrumb\":{\"@id\":\"https:\/\/semead.com.br\/28\/programacao-sintetica\/#breadcrumb\"},\"inLanguage\":\"pt-BR\",\"potentialAction\":[{\"@type\":\"ReadAction\",\"target\":[\"https:\/\/semead.com.br\/28\/programacao-sintetica\/\"]}]},{\"@type\":\"BreadcrumbList\",\"@id\":\"https:\/\/semead.com.br\/28\/programacao-sintetica\/#breadcrumb\",\"itemListElement\":[{\"@type\":\"ListItem\",\"position\":1,\"name\":\"In\u00edcio\",\"item\":\"https:\/\/semead.com.br\/28\/\"},{\"@type\":\"ListItem\",\"position\":2,\"name\":\"Programa\u00e7\u00e3o Sint\u00e9tica\"}]},{\"@type\":\"WebSite\",\"@id\":\"https:\/\/semead.com.br\/28\/#website\",\"url\":\"https:\/\/semead.com.br\/28\/\",\"name\":\"XXVIII SemeAd\",\"description\":\"Semin\u00e1rios em administra\u00e7\u00e3o\",\"potentialAction\":[{\"@type\":\"SearchAction\",\"target\":{\"@type\":\"EntryPoint\",\"urlTemplate\":\"https:\/\/semead.com.br\/28\/?s={search_term_string}\"},\"query-input\":{\"@type\":\"PropertyValueSpecification\",\"valueRequired\":true,\"valueName\":\"search_term_string\"}}],\"inLanguage\":\"pt-BR\"}]}<\/script>\n<!-- \/ Yoast SEO plugin. -->","yoast_head_json":{"title":"Programa\u00e7\u00e3o Sint\u00e9tica - XXVIII SemeAd","robots":{"index":"index","follow":"follow","max-snippet":"max-snippet:-1","max-image-preview":"max-image-preview:large","max-video-preview":"max-video-preview:-1"},"canonical":"https:\/\/semead.com.br\/28\/programacao-sintetica\/","og_locale":"pt_BR","og_type":"article","og_title":"Programa\u00e7\u00e3o Sint\u00e9tica - XXVIII SemeAd","og_description":"Sujeita a altera\u00e7\u00e3o 10\/11\/2025 (Segunda-feira) Online Presencial Online 09h00 \u2013 10h00 Abertura e Instru\u00e7\u00f5es Online 10h00 \u2013 10h30 Intervalo 10h30 \u2013 12h00 Sess\u00e3o de Apresenta\u00e7\u00e3o de Trabalhos (1) + Sapiens Online 12h00 \u2013 13h00 Intervalo 13h00 \u2013 14h30 Keynote \/ Painel 14h30 \u2013 16h00 Workshops 16h00 \u2013 16h30 Intervalo 16h30 \u2013 18h00 Sess\u00e3o de Apresenta\u00e7\u00e3o...","og_url":"https:\/\/semead.com.br\/28\/programacao-sintetica\/","og_site_name":"XXVIII SemeAd","article_modified_time":"2025-11-14T15:29:31+00:00","twitter_card":"summary_large_image","twitter_misc":{"Est. tempo de leitura":"3 minutos"},"schema":{"@context":"https:\/\/schema.org","@graph":[{"@type":"WebPage","@id":"https:\/\/semead.com.br\/28\/programacao-sintetica\/","url":"https:\/\/semead.com.br\/28\/programacao-sintetica\/","name":"Programa\u00e7\u00e3o Sint\u00e9tica - XXVIII SemeAd","isPartOf":{"@id":"https:\/\/semead.com.br\/28\/#website"},"datePublished":"2023-10-03T17:36:39+00:00","dateModified":"2025-11-14T15:29:31+00:00","breadcrumb":{"@id":"https:\/\/semead.com.br\/28\/programacao-sintetica\/#breadcrumb"},"inLanguage":"pt-BR","potentialAction":[{"@type":"ReadAction","target":["https:\/\/semead.com.br\/28\/programacao-sintetica\/"]}]},{"@type":"BreadcrumbList","@id":"https:\/\/semead.com.br\/28\/programacao-sintetica\/#breadcrumb","itemListElement":[{"@type":"ListItem","position":1,"name":"In\u00edcio","item":"https:\/\/semead.com.br\/28\/"},{"@type":"ListItem","position":2,"name":"Programa\u00e7\u00e3o Sint\u00e9tica"}]},{"@type":"WebSite","@id":"https:\/\/semead.com.br\/28\/#website","url":"https:\/\/semead.com.br\/28\/","name":"XXVIII SemeAd","description":"Semin\u00e1rios em administra\u00e7\u00e3o","potentialAction":[{"@type":"SearchAction","target":{"@type":"EntryPoint","urlTemplate":"https:\/\/semead.com.br\/28\/?s={search_term_string}"},"query-input":{"@type":"PropertyValueSpecification","valueRequired":true,"valueName":"search_term_string"}}],"inLanguage":"pt-BR"}]}},"_links":{"self":[{"href":"https:\/\/semead.com.br\/28\/wp-json\/wp\/v2\/pages\/30121","targetHints":{"allow":["GET"]}}],"collection":[{"href":"https:\/\/semead.com.br\/28\/wp-json\/wp\/v2\/pages"}],"about":[{"href":"https:\/\/semead.com.br\/28\/wp-json\/wp\/v2\/types\/page"}],"author":[{"embeddable":true,"href":"https:\/\/semead.com.br\/28\/wp-json\/wp\/v2\/users\/14"}],"replies":[{"embeddable":true,"href":"https:\/\/semead.com.br\/28\/wp-json\/wp\/v2\/comments?post=30121"}],"version-history":[{"count":3,"href":"https:\/\/semead.com.br\/28\/wp-json\/wp\/v2\/pages\/30121\/revisions"}],"predecessor-version":[{"id":34546,"href":"https:\/\/semead.com.br\/28\/wp-json\/wp\/v2\/pages\/30121\/revisions\/34546"}],"wp:attachment":[{"href":"https:\/\/semead.com.br\/28\/wp-json\/wp\/v2\/media?parent=30121"}],"curies":[{"name":"wp","href":"https:\/\/api.w.org\/{rel}","templated":true}]}}