{"id":31534,"date":"2024-07-12T20:42:36","date_gmt":"2024-07-12T23:42:36","guid":{"rendered":"https:\/\/semead.com.br\/28\/?page_id=31534"},"modified":"2026-05-09T16:00:35","modified_gmt":"2026-05-09T19:00:35","slug":"empreendedorismo","status":"publish","type":"page","link":"https:\/\/semead.com.br\/28\/areas\/cientificas\/empreendedorismo\/","title":{"rendered":"Empreendedorismo"},"content":{"rendered":"","protected":false},"excerpt":{"rendered":"","protected":false},"author":4,"featured_media":0,"parent":9,"menu_order":0,"comment_status":"closed","ping_status":"closed","template":"temas.php","meta":{"_acf_changed":false,"_monsterinsights_skip_tracking":false,"_monsterinsights_sitenote_active":false,"_monsterinsights_sitenote_note":"","_monsterinsights_sitenote_category":0,"footnotes":""},"class_list":["post-31534","page","type-page","status-publish","hentry"],"acf":{"coordenadores":[{"titulo":"Coordenadora:","nome":"Profa. Dra. V\u00e2nia Maria Jorge Nassif","instituicao":"UNINOVE","imagem":34657},{"titulo":"Coordenador Adjunto:","nome":"Prof. Dr. Eduardo Pinto Vilas Boas","instituicao":"Faculdade Sebrae","imagem":34666}],"audio_da_coordenacao":21811,"temas":[{"tema_nome":"A figura do Empreendedor: Perfil, Personalidade, Comportamento e Compet\u00eancias","tema_descricao":"Fazem parte deste tema artigos sobre a figura do empreendedor, o que inclui diversos aspectos sobre a sua a\u00e7\u00e3o, tais como an\u00e1lises de perfil do empreendedor, personalidade, comportamento e a\u00e7\u00f5es empreendedoras.\r\n\r\n\r\n","audio":"","lideres":[{"lider_nome":" L\u00edder: Prof. Dr. Victor Silva Corr\u00eaa (UNIP)","lider_foto":34670},{"lider_nome":"L\u00edder Adjunto: Prof. Dr. Wilquer Silvano de Souza Ferreira (PUC-MINAS)","lider_foto":34656},{"lider_nome":"Co-L\u00edder Internacional: Prof. Dr. Nuno Manuel Rosa dos Reis (Instituto Polit\u00e9cnico de Leiria - Portugal)","lider_foto":31365}]},{"tema_nome":"Empreendedorismo Inovador: Startups, Incubadoras e Parques Tecnol\u00f3gicos, Capital de Risco","tema_descricao":"Fazem parte deste tema artigos sobre empreendedorismo inovador; empresas startups baseadas no uso intensivo de conhecimentos, empresas que explorem modelos de neg\u00f3cios inovadores, empresas de base tecnol\u00f3gica, al\u00e9m daqueles que tratam da gest\u00e3o das incubadoras e de parques tecnol\u00f3gicos; Capital de risco e investimento anjo com foco em empresas inovadoras.\r\n\r\n\r\n\r\n","audio":"","lideres":[{"lider_nome":"L\u00edder: Prof. Dr. \u00c9verton Lu\u00eds Pellizzaro de Lorenzi Cancellier (ESAG\/UDESC)","lider_foto":34668},{"lider_nome":"L\u00edder Adjunto: Prof. Dr. Alexandre Moraes Ramos (UFSC)","lider_foto":34662},{"lider_nome":"Co-L\u00edder Internacional: Profa. Dra. Lu\u00edsa Margarida Cagica Carvalho (Instituto Polit\u00e9cnico de Set\u00fabal - Portugal)","lider_foto":28088}]},{"tema_nome":"Empreendedorismo Social","tema_descricao":"Fazem parte deste tema artigos sobre empreendedorismo e inova\u00e7\u00e3o social; empreendedorismo social e sustent\u00e1vel; empreendedores sociais; empreendedorismo social e sua interface com os governos e empresas; bioeconomia e neg\u00f3cios sustent\u00e1veis, empresas sociais, neg\u00f3cios inclusivos, sociais e de impacto, finan\u00e7as de impacto; tecnologias sociais.","audio":"","lideres":[{"lider_nome":"L\u00edder: Prof. Dr. Edson Sadao Iizuka (FEI)","lider_foto":34659},{"lider_nome":"L\u00edder Adjunta: Profa. Dra. Ver\u00f4nica Mac\u00e1rio de Oliveira (UFCG)","lider_foto":34664},{"lider_nome":"Co-L\u00edder Internacional: Prof. Dr. Jacinto Jardim (Universidade Aberta de Portugal - Portugal)","lider_foto":31078}]},{"tema_nome":"Redes de Empreendedores, Desenvolvimento Regional e Microempreendedorismo","tema_descricao":"Fazem parte deste tema artigos sobre empreendedores que se organizam de forma coletiva em \"redes de neg\u00f3cios\", visando o fortalecimento da sua atua\u00e7\u00e3o tanto regional como internacional. Sendo de interesse estudos sobre empreendedorismo envolvendo quest\u00f5es territoriais relativos ao \"desenvolvimento regional\", \"ecossistema empreendedor\", \"ambiente institucional para empreendedorismo\" e \"neg\u00f3cios internacionais\". Al\u00e9m de discuss\u00f5es sobre as particularidades competitivas dos \"microempreendimentos.\"\r\n\r\n\r\n\r\n\r\n","audio":"","lideres":[{"lider_nome":"L\u00edder: Prof. Dr. Pedro Lucas de Resende Melo (UNIP E PUC-SP)","lider_foto":28686},{"lider_nome":"L\u00edder Adjunto: Prof. Dr. Victor Ragazzi Isaac (SENAC)","lider_foto":28682},{"lider_nome":"Co-L\u00edder Internacional: Prof. Dr. Antonio Fern\u00e1ndez-Portillo (Universidad de Extremadura - Espanha)","lider_foto":18445}]}]},"yoast_head":"<!-- This site is optimized with the Yoast SEO plugin v27.6 - https:\/\/yoast.com\/product\/yoast-seo-wordpress\/ -->\n<title>Empreendedorismo - XXVIII SemeAd<\/title>\n<meta name=\"robots\" content=\"index, follow, max-snippet:-1, max-image-preview:large, max-video-preview:-1\" \/>\n<link rel=\"canonical\" href=\"https:\/\/semead.com.br\/28\/areas\/cientificas\/empreendedorismo\/\" \/>\n<meta property=\"og:locale\" content=\"pt_BR\" \/>\n<meta property=\"og:type\" content=\"article\" \/>\n<meta property=\"og:title\" content=\"Empreendedorismo - XXVIII SemeAd\" \/>\n<meta property=\"og:url\" content=\"https:\/\/semead.com.br\/28\/areas\/cientificas\/empreendedorismo\/\" \/>\n<meta property=\"og:site_name\" content=\"XXVIII SemeAd\" \/>\n<meta property=\"article:modified_time\" content=\"2026-05-09T19:00:35+00:00\" \/>\n<meta name=\"twitter:card\" content=\"summary_large_image\" \/>\n<script type=\"application\/ld+json\" class=\"yoast-schema-graph\">{\"@context\":\"https:\\\/\\\/schema.org\",\"@graph\":[{\"@type\":\"WebPage\",\"@id\":\"https:\\\/\\\/semead.com.br\\\/28\\\/areas\\\/cientificas\\\/empreendedorismo\\\/\",\"url\":\"https:\\\/\\\/semead.com.br\\\/28\\\/areas\\\/cientificas\\\/empreendedorismo\\\/\",\"name\":\"Empreendedorismo - XXVIII SemeAd\",\"isPartOf\":{\"@id\":\"https:\\\/\\\/semead.com.br\\\/28\\\/#website\"},\"datePublished\":\"2024-07-12T23:42:36+00:00\",\"dateModified\":\"2026-05-09T19:00:35+00:00\",\"breadcrumb\":{\"@id\":\"https:\\\/\\\/semead.com.br\\\/28\\\/areas\\\/cientificas\\\/empreendedorismo\\\/#breadcrumb\"},\"inLanguage\":\"pt-BR\",\"potentialAction\":[{\"@type\":\"ReadAction\",\"target\":[\"https:\\\/\\\/semead.com.br\\\/28\\\/areas\\\/cientificas\\\/empreendedorismo\\\/\"]}]},{\"@type\":\"BreadcrumbList\",\"@id\":\"https:\\\/\\\/semead.com.br\\\/28\\\/areas\\\/cientificas\\\/empreendedorismo\\\/#breadcrumb\",\"itemListElement\":[{\"@type\":\"ListItem\",\"position\":1,\"name\":\"In\u00edcio\",\"item\":\"https:\\\/\\\/semead.com.br\\\/28\\\/\"},{\"@type\":\"ListItem\",\"position\":2,\"name\":\"\u00c1reas\",\"item\":\"https:\\\/\\\/semead.com.br\\\/28\\\/areas\\\/\"},{\"@type\":\"ListItem\",\"position\":3,\"name\":\"\u00c1reas Cient\u00edficas\",\"item\":\"https:\\\/\\\/semead.com.br\\\/28\\\/tracks\\\/scientific-areas\\\/\"},{\"@type\":\"ListItem\",\"position\":4,\"name\":\"Empreendedorismo\"}]},{\"@type\":\"WebSite\",\"@id\":\"https:\\\/\\\/semead.com.br\\\/28\\\/#website\",\"url\":\"https:\\\/\\\/semead.com.br\\\/28\\\/\",\"name\":\"XXVIII SemeAd\",\"description\":\"Semin\u00e1rios em administra\u00e7\u00e3o\",\"potentialAction\":[{\"@type\":\"SearchAction\",\"target\":{\"@type\":\"EntryPoint\",\"urlTemplate\":\"https:\\\/\\\/semead.com.br\\\/28\\\/?s={search_term_string}\"},\"query-input\":{\"@type\":\"PropertyValueSpecification\",\"valueRequired\":true,\"valueName\":\"search_term_string\"}}],\"inLanguage\":\"pt-BR\"}]}<\/script>\n<!-- \/ Yoast SEO plugin. -->","yoast_head_json":{"title":"Empreendedorismo - XXVIII SemeAd","robots":{"index":"index","follow":"follow","max-snippet":"max-snippet:-1","max-image-preview":"max-image-preview:large","max-video-preview":"max-video-preview:-1"},"canonical":"https:\/\/semead.com.br\/28\/areas\/cientificas\/empreendedorismo\/","og_locale":"pt_BR","og_type":"article","og_title":"Empreendedorismo - XXVIII SemeAd","og_url":"https:\/\/semead.com.br\/28\/areas\/cientificas\/empreendedorismo\/","og_site_name":"XXVIII SemeAd","article_modified_time":"2026-05-09T19:00:35+00:00","twitter_card":"summary_large_image","schema":{"@context":"https:\/\/schema.org","@graph":[{"@type":"WebPage","@id":"https:\/\/semead.com.br\/28\/areas\/cientificas\/empreendedorismo\/","url":"https:\/\/semead.com.br\/28\/areas\/cientificas\/empreendedorismo\/","name":"Empreendedorismo - XXVIII SemeAd","isPartOf":{"@id":"https:\/\/semead.com.br\/28\/#website"},"datePublished":"2024-07-12T23:42:36+00:00","dateModified":"2026-05-09T19:00:35+00:00","breadcrumb":{"@id":"https:\/\/semead.com.br\/28\/areas\/cientificas\/empreendedorismo\/#breadcrumb"},"inLanguage":"pt-BR","potentialAction":[{"@type":"ReadAction","target":["https:\/\/semead.com.br\/28\/areas\/cientificas\/empreendedorismo\/"]}]},{"@type":"BreadcrumbList","@id":"https:\/\/semead.com.br\/28\/areas\/cientificas\/empreendedorismo\/#breadcrumb","itemListElement":[{"@type":"ListItem","position":1,"name":"In\u00edcio","item":"https:\/\/semead.com.br\/28\/"},{"@type":"ListItem","position":2,"name":"\u00c1reas","item":"https:\/\/semead.com.br\/28\/areas\/"},{"@type":"ListItem","position":3,"name":"\u00c1reas Cient\u00edficas","item":"https:\/\/semead.com.br\/28\/tracks\/scientific-areas\/"},{"@type":"ListItem","position":4,"name":"Empreendedorismo"}]},{"@type":"WebSite","@id":"https:\/\/semead.com.br\/28\/#website","url":"https:\/\/semead.com.br\/28\/","name":"XXVIII SemeAd","description":"Semin\u00e1rios em administra\u00e7\u00e3o","potentialAction":[{"@type":"SearchAction","target":{"@type":"EntryPoint","urlTemplate":"https:\/\/semead.com.br\/28\/?s={search_term_string}"},"query-input":{"@type":"PropertyValueSpecification","valueRequired":true,"valueName":"search_term_string"}}],"inLanguage":"pt-BR"}]}},"_links":{"self":[{"href":"https:\/\/semead.com.br\/28\/wp-json\/wp\/v2\/pages\/31534","targetHints":{"allow":["GET"]}}],"collection":[{"href":"https:\/\/semead.com.br\/28\/wp-json\/wp\/v2\/pages"}],"about":[{"href":"https:\/\/semead.com.br\/28\/wp-json\/wp\/v2\/types\/page"}],"author":[{"embeddable":true,"href":"https:\/\/semead.com.br\/28\/wp-json\/wp\/v2\/users\/4"}],"replies":[{"embeddable":true,"href":"https:\/\/semead.com.br\/28\/wp-json\/wp\/v2\/comments?post=31534"}],"version-history":[{"count":3,"href":"https:\/\/semead.com.br\/28\/wp-json\/wp\/v2\/pages\/31534\/revisions"}],"predecessor-version":[{"id":33265,"href":"https:\/\/semead.com.br\/28\/wp-json\/wp\/v2\/pages\/31534\/revisions\/33265"}],"up":[{"embeddable":true,"href":"https:\/\/semead.com.br\/28\/wp-json\/wp\/v2\/pages\/9"}],"wp:attachment":[{"href":"https:\/\/semead.com.br\/28\/wp-json\/wp\/v2\/media?parent=31534"}],"curies":[{"name":"wp","href":"https:\/\/api.w.org\/{rel}","templated":true}]}}