{"id":20969,"date":"2021-06-30T20:48:44","date_gmt":"2021-06-30T23:48:44","guid":{"rendered":"https:\/\/semead.com.br\/29-novo\/?page_id=20969"},"modified":"2026-08-17T16:35:32","modified_gmt":"2026-08-17T19:35:32","slug":"evento","status":"publish","type":"page","link":"https:\/\/semead.com.br\/29\/es\/evento\/","title":{"rendered":"Evento"},"content":{"rendered":"\t\t<div data-elementor-type=\"wp-page\" data-elementor-id=\"20969\" class=\"elementor elementor-20969 elementor-12254\" data-elementor-post-type=\"page\">\n\t\t\t\t<div class=\"elementor-element elementor-element-4a3f28e0 e-flex e-con-boxed e-con e-parent\" data-id=\"4a3f28e0\" data-element_type=\"container\" data-e-type=\"container\">\n\t\t\t\t\t<div class=\"e-con-inner\">\n\t\t\t\t<div class=\"elementor-element elementor-element-af41e32 elementor-widget elementor-widget-text-editor\" data-id=\"af41e32\" data-element_type=\"widget\" data-e-type=\"widget\" data-widget_type=\"text-editor.default\">\n\t\t\t\t<div class=\"elementor-widget-container\">\n\t\t\t\t\t\t\t\t\t<p>El SemeAd \u2014Seminarios de Administraci\u00f3n de la Facultad de Econom\u00eda, Administraci\u00f3n, Contabilidad y Actuaria de la Universidad de S\u00e3o Paulo\u2014 es uno de los principales eventos cient\u00edficos del sector en Brasil. El SemeAd, que se celebra anualmente, desempe\u00f1a un papel fundamental en el intercambio y el debate sobre la producci\u00f3n acad\u00e9mica y tecnol\u00f3gica en el \u00e1mbito de la Administraci\u00f3n, tanto a nivel nacional como internacional.<\/p><p>Desde su creaci\u00f3n, en 1996, el evento ha evolucionado continuamente, consolid\u00e1ndose como un referente en el \u00e1mbito. Los art\u00edculos presentados se someten a un riguroso proceso de evaluaci\u00f3n mediante el sistema de revisi\u00f3n doble ciego, lo que garantiza la calidad cient\u00edfica de las investigaciones presentadas. Los trabajos aprobados se publican en las actas del evento y se difunden en la p\u00e1gina web oficial. Adem\u00e1s, los mejores art\u00edculos reciben premios y son seleccionados para su tramitaci\u00f3n acelerada en m\u00e1s de 70 revistas asociadas, entre las que se incluyen prestigiosas publicaciones internacionales.<\/p><p>La edici\u00f3n de <strong>2025<\/strong> consolid\u00f3 el <strong>formato h\u00edbrido<\/strong> y registr\u00f3 cifras significativas:<\/p><p>\ud83d\udccc <strong>2.403<\/strong><strong> art\u00edculos presentados<\/strong><br \/>\ud83d\udccc <strong>1.596 art\u00edculos aprobados<\/strong><br \/>\ud83d\udccc <strong>2.038 asistentes<\/strong><\/p><p>Ahora, en <strong>2026<\/strong>, \u00a1el SemeAd promete ser a\u00fan m\u00e1s grande e innovador! El evento seguir\u00e1 ofreciendo sus actividades tradicionales, entre las que se incluyen:<\/p><p>\u2714 <strong>Sesiones de presentaci\u00f3n de art\u00edculos, informes tecnol\u00f3gicos y casos de ense\u00f1anza<\/strong><br \/>\u2714 <strong>Sesiones Sapiens<\/strong>, orientadas a la mejora de los art\u00edculos cient\u00edficos para su publicaci\u00f3n<br \/>\u2714 <strong>Talleres y minicursos metodol\u00f3gicos<\/strong><br \/>\u2714 <strong>Consorcios de predoctorado y doctorado<\/strong>, que facilitan interacciones valiosas entre investigadores experimentados y doctorandos<\/p><p>\u00a1S\u00edguenos en nuestras redes sociales para estar al tanto de las novedades de <strong>SemeAd 2026<\/strong>!<\/p><p>Con todas estas iniciativas, no puedes quedarte fuera. <strong>\u00a1Participa y contribuye a fortalecer este ecosistema de ense\u00f1anza, investigaci\u00f3n y extensi\u00f3n en el \u00e1mbito de la Administraci\u00f3n!<\/strong><\/p>\t\t\t\t\t\t\t\t<\/div>\n\t\t\t\t<\/div>\n\t\t\t\t\t<\/div>\n\t\t\t\t<\/div>\n\t\t\t\t<\/div>\n\t\t","protected":false},"excerpt":{"rendered":"<p>El SemeAd \u2014Seminarios de Administraci\u00f3n de la Facultad de Econom\u00eda, Administraci\u00f3n, Contabilidad y Actuaria de la Universidad de S\u00e3o Paulo\u2014 es uno de los principales eventos cient\u00edficos del sector en Brasil. El SemeAd, que se celebra anualmente, desempe\u00f1a un papel fundamental en el intercambio y el debate sobre la producci\u00f3n acad\u00e9mica y tecnol\u00f3gica en el [&hellip;]<\/p>\n","protected":false},"author":10,"featured_media":0,"parent":0,"menu_order":0,"comment_status":"closed","ping_status":"open","template":"","meta":{"_acf_changed":false,"tpgb_global_settings":"","inline_featured_image":false,"_monsterinsights_skip_tracking":false,"_monsterinsights_sitenote_active":false,"_monsterinsights_sitenote_note":"","_monsterinsights_sitenote_category":0,"footnotes":""},"class_list":["post-20969","page","type-page","status-publish","hentry"],"acf":{"coordenadores":null,"audio_da_coordenacao":"","temas":null},"yoast_head":"<!-- This site is optimized with the Yoast SEO plugin v28.4 - https:\/\/yoast.com\/product\/yoast-seo-wordpress\/ -->\n<title>Evento - XXIX SemeAd<\/title>\n<meta name=\"robots\" content=\"index, follow, max-snippet:-1, max-image-preview:large, max-video-preview:-1\" \/>\n<link rel=\"canonical\" href=\"https:\/\/semead.com.br\/29\/es\/evento\/\" \/>\n<meta property=\"og:locale\" content=\"es_ES\" \/>\n<meta property=\"og:type\" content=\"article\" \/>\n<meta property=\"og:title\" content=\"Evento - XXIX SemeAd\" \/>\n<meta property=\"og:description\" content=\"El SemeAd \u2014Seminarios de Administraci\u00f3n de la Facultad de Econom\u00eda, Administraci\u00f3n, Contabilidad y Actuaria de la Universidad de S\u00e3o Paulo\u2014 es uno de los principales eventos cient\u00edficos del sector en Brasil. El SemeAd, que se celebra anualmente, desempe\u00f1a un papel fundamental en el intercambio y el debate sobre la producci\u00f3n acad\u00e9mica y tecnol\u00f3gica en el [&hellip;]\" \/>\n<meta property=\"og:url\" content=\"https:\/\/semead.com.br\/29\/es\/evento\/\" \/>\n<meta property=\"og:site_name\" content=\"XXIX SemeAd\" \/>\n<meta property=\"article:modified_time\" content=\"2026-08-17T19:35:32+00:00\" \/>\n<meta name=\"twitter:card\" content=\"summary_large_image\" \/>\n<meta name=\"twitter:label1\" content=\"Tiempo de lectura\" \/>\n\t<meta name=\"twitter:data1\" content=\"2 minutos\" \/>\n<script type=\"application\/ld+json\" class=\"yoast-schema-graph\">{\"@context\":\"https:\\\/\\\/schema.org\",\"@graph\":[{\"@type\":\"WebPage\",\"@id\":\"https:\\\/\\\/semead.com.br\\\/29\\\/es\\\/evento\\\/\",\"url\":\"https:\\\/\\\/semead.com.br\\\/29\\\/es\\\/evento\\\/\",\"name\":\"Evento - XXIX SemeAd\",\"isPartOf\":{\"@id\":\"https:\\\/\\\/semead.com.br\\\/29\\\/es\\\/#website\"},\"datePublished\":\"2021-06-30T23:48:44+00:00\",\"dateModified\":\"2026-08-17T19:35:32+00:00\",\"breadcrumb\":{\"@id\":\"https:\\\/\\\/semead.com.br\\\/29\\\/es\\\/evento\\\/#breadcrumb\"},\"inLanguage\":\"es\",\"potentialAction\":[{\"@type\":\"ReadAction\",\"target\":[\"https:\\\/\\\/semead.com.br\\\/29\\\/es\\\/evento\\\/\"]}]},{\"@type\":\"BreadcrumbList\",\"@id\":\"https:\\\/\\\/semead.com.br\\\/29\\\/es\\\/evento\\\/#breadcrumb\",\"itemListElement\":[{\"@type\":\"ListItem\",\"position\":1,\"name\":\"In\u00edcio\",\"item\":\"https:\\\/\\\/semead.com.br\\\/29\\\/es\\\/\"},{\"@type\":\"ListItem\",\"position\":2,\"name\":\"Evento\"}]},{\"@type\":\"WebSite\",\"@id\":\"https:\\\/\\\/semead.com.br\\\/29\\\/es\\\/#website\",\"url\":\"https:\\\/\\\/semead.com.br\\\/29\\\/es\\\/\",\"name\":\"XXIX SemeAd\",\"description\":\"Semin\u00e1rios em administra\u00e7\u00e3o\",\"potentialAction\":[{\"@type\":\"SearchAction\",\"target\":{\"@type\":\"EntryPoint\",\"urlTemplate\":\"https:\\\/\\\/semead.com.br\\\/29\\\/es\\\/?s={search_term_string}\"},\"query-input\":{\"@type\":\"PropertyValueSpecification\",\"valueRequired\":true,\"valueName\":\"search_term_string\"}}],\"inLanguage\":\"es\"}]}<\/script>\n<!-- \/ Yoast SEO plugin. -->","yoast_head_json":{"title":"Evento - XXIX SemeAd","robots":{"index":"index","follow":"follow","max-snippet":"max-snippet:-1","max-image-preview":"max-image-preview:large","max-video-preview":"max-video-preview:-1"},"canonical":"https:\/\/semead.com.br\/29\/es\/evento\/","og_locale":"es_ES","og_type":"article","og_title":"Evento - XXIX SemeAd","og_description":"El SemeAd \u2014Seminarios de Administraci\u00f3n de la Facultad de Econom\u00eda, Administraci\u00f3n, Contabilidad y Actuaria de la Universidad de S\u00e3o Paulo\u2014 es uno de los principales eventos cient\u00edficos del sector en Brasil. El SemeAd, que se celebra anualmente, desempe\u00f1a un papel fundamental en el intercambio y el debate sobre la producci\u00f3n acad\u00e9mica y tecnol\u00f3gica en el [&hellip;]","og_url":"https:\/\/semead.com.br\/29\/es\/evento\/","og_site_name":"XXIX SemeAd","article_modified_time":"2026-08-17T19:35:32+00:00","twitter_card":"summary_large_image","twitter_misc":{"Tiempo de lectura":"2 minutos"},"schema":{"@context":"https:\/\/schema.org","@graph":[{"@type":"WebPage","@id":"https:\/\/semead.com.br\/29\/es\/evento\/","url":"https:\/\/semead.com.br\/29\/es\/evento\/","name":"Evento - XXIX SemeAd","isPartOf":{"@id":"https:\/\/semead.com.br\/29\/es\/#website"},"datePublished":"2021-06-30T23:48:44+00:00","dateModified":"2026-08-17T19:35:32+00:00","breadcrumb":{"@id":"https:\/\/semead.com.br\/29\/es\/evento\/#breadcrumb"},"inLanguage":"es","potentialAction":[{"@type":"ReadAction","target":["https:\/\/semead.com.br\/29\/es\/evento\/"]}]},{"@type":"BreadcrumbList","@id":"https:\/\/semead.com.br\/29\/es\/evento\/#breadcrumb","itemListElement":[{"@type":"ListItem","position":1,"name":"In\u00edcio","item":"https:\/\/semead.com.br\/29\/es\/"},{"@type":"ListItem","position":2,"name":"Evento"}]},{"@type":"WebSite","@id":"https:\/\/semead.com.br\/29\/es\/#website","url":"https:\/\/semead.com.br\/29\/es\/","name":"XXIX SemeAd","description":"Semin\u00e1rios em administra\u00e7\u00e3o","potentialAction":[{"@type":"SearchAction","target":{"@type":"EntryPoint","urlTemplate":"https:\/\/semead.com.br\/29\/es\/?s={search_term_string}"},"query-input":{"@type":"PropertyValueSpecification","valueRequired":true,"valueName":"search_term_string"}}],"inLanguage":"es"}]}},"tpgb_featured_images":null,"tpgb_post_meta_info":{"get_date":"30 de junio de 2021","get_modified_date":"17 de agosto de 2026","author_name":"","author_url":"https:\/\/semead.com.br\/29\/es\/author\/","author_email":"","author_website":"","author_description":"","author_facebook":"","author_twitter":"","author_instagram":"","author_role":"","author_firstname":"","author_lastname":"","user_login":"","author_avatar":"<img alt='' src='https:\/\/secure.gravatar.com\/avatar\/?s=200&#038;d=mm&#038;r=g' srcset='https:\/\/secure.gravatar.com\/avatar\/?s=400&#038;d=mm&#038;r=g 2x' class='avatar avatar-200 photo avatar-default' height='200' width='200' decoding='async'\/>","author_avatar_url":"https:\/\/secure.gravatar.com\/avatar\/?s=96&d=mm&r=g","comment_count":0,"post_likes":0,"post_views":0},"tpgb_post_category":[],"jetpack_sharing_enabled":true,"_links":{"self":[{"href":"https:\/\/semead.com.br\/29\/es\/wp-json\/wp\/v2\/pages\/20969","targetHints":{"allow":["GET"]}}],"collection":[{"href":"https:\/\/semead.com.br\/29\/es\/wp-json\/wp\/v2\/pages"}],"about":[{"href":"https:\/\/semead.com.br\/29\/es\/wp-json\/wp\/v2\/types\/page"}],"author":[{"embeddable":true,"href":"https:\/\/semead.com.br\/29\/es\/wp-json\/wp\/v2\/users\/10"}],"replies":[{"embeddable":true,"href":"https:\/\/semead.com.br\/29\/es\/wp-json\/wp\/v2\/comments?post=20969"}],"version-history":[{"count":3,"href":"https:\/\/semead.com.br\/29\/es\/wp-json\/wp\/v2\/pages\/20969\/revisions"}],"predecessor-version":[{"id":36811,"href":"https:\/\/semead.com.br\/29\/es\/wp-json\/wp\/v2\/pages\/20969\/revisions\/36811"}],"wp:attachment":[{"href":"https:\/\/semead.com.br\/29\/es\/wp-json\/wp\/v2\/media?parent=20969"}],"curies":[{"name":"wp","href":"https:\/\/api.w.org\/{rel}","templated":true}]}}

<div data-elementor-type="wp-page" data-elementor-id="20969" class="elementor elementor-20969 elementor-12254" data-elementor-post-type="page">
				<div class="elementor-element elementor-element-4a3f28e0 e-flex e-con-boxed e-con e-parent" data-id="4a3f28e0" data-element_type="container" data-e-type="container">
					<div class="e-con-inner">
				<div class="elementor-element elementor-element-af41e32 elementor-widget elementor-widget-text-editor" data-id="af41e32" data-element_type="widget" data-e-type="widget" data-widget_type="text-editor.default">
				<div class="elementor-widget-container">
									<p>El SemeAd —Seminarios de Administración de la Facultad de Economía, Administración, Contabilidad y Actuaria de la Universidad de São Paulo— es uno de los principales eventos científicos del sector en Brasil. El SemeAd, que se celebra anualmente, desempeña un papel fundamental en el intercambio y el debate sobre la producción académica y tecnológica en el ámbito de la Administración, tanto a nivel nacional como internacional.</p><p>Desde su creación, en 1996, el evento ha evolucionado continuamente, consolidándose como un referente en el ámbito. Los artículos presentados se someten a un riguroso proceso de evaluación mediante el sistema de revisión doble ciego, lo que garantiza la calidad científica de las investigaciones presentadas. Los trabajos aprobados se publican en las actas del evento y se difunden en la página web oficial. Además, los mejores artículos reciben premios y son seleccionados para su tramitación acelerada en más de 70 revistas asociadas, entre las que se incluyen prestigiosas publicaciones internacionales.</p><p>La edición de <strong>2025</strong> consolidó el <strong>formato híbrido</strong> y registró cifras significativas:</p><p>📌 <strong>2.403</strong><strong> artículos presentados</strong><br />📌 <strong>1.596 artículos aprobados</strong><br />📌 <strong>2.038 asistentes</strong></p><p>Ahora, en <strong>2026</strong>, ¡el SemeAd promete ser aún más grande e innovador! El evento seguirá ofreciendo sus actividades tradicionales, entre las que se incluyen:</p><p>✔ <strong>Sesiones de presentación de artículos, informes tecnológicos y casos de enseñanza</strong><br />✔ <strong>Sesiones Sapiens</strong>, orientadas a la mejora de los artículos científicos para su publicación<br />✔ <strong>Talleres y minicursos metodológicos</strong><br />✔ <strong>Consorcios de predoctorado y doctorado</strong>, que facilitan interacciones valiosas entre investigadores experimentados y doctorandos</p><p>¡Síguenos en nuestras redes sociales para estar al tanto de las novedades de <strong>SemeAd 2026</strong>!</p><p>Con todas estas iniciativas, no puedes quedarte fuera. <strong>¡Participa y contribuye a fortalecer este ecosistema de enseñanza, investigación y extensión en el ámbito de la Administración!</strong></p>								</div>
				</div>
					</div>
				</div>
				</div>

<p>El SemeAd —Seminarios de Administración de la Facultad de Economía, Administración, Contabilidad y Actuaria de la Universidad de São Paulo— es uno de los principales eventos científicos del sector en Brasil. El SemeAd, que se celebra anualmente, desempeña un papel fundamental en el intercambio y el debate sobre la producción académica y tecnológica en el [&hellip;]</p>

<!-- This site is optimized with the Yoast SEO plugin v28.4 - https://yoast.com/product/yoast-seo-wordpress/ -->
<title>Evento - XXIX SemeAd</title>
<meta name="robots" content="index, follow, max-snippet:-1, max-image-preview:large, max-video-preview:-1" />
<link rel="canonical" href="https://semead.com.br/29/es/evento/" />
<meta property="og:locale" content="es_ES" />
<meta property="og:type" content="article" />
<meta property="og:title" content="Evento - XXIX SemeAd" />
<meta property="og:description" content="El SemeAd —Seminarios de Administración de la Facultad de Economía, Administración, Contabilidad y Actuaria de la Universidad de São Paulo— es uno de los principales eventos científicos del sector en Brasil. El SemeAd, que se celebra anualmente, desempeña un papel fundamental en el intercambio y el debate sobre la producción académica y tecnológica en el [&hellip;]" />
<meta property="og:url" content="https://semead.com.br/29/es/evento/" />
<meta property="og:site_name" content="XXIX SemeAd" />
<meta property="article:modified_time" content="2026-08-17T19:35:32+00:00" />
<meta name="twitter:card" content="summary_large_image" />
<meta name="twitter:label1" content="Tiempo de lectura" />
	<meta name="twitter:data1" content="2 minutos" />
<script type="application/ld+json" class="yoast-schema-graph">{"@context":"https:\/\/schema.org","@graph":[{"@type":"WebPage","@id":"https:\/\/semead.com.br\/29\/es\/evento\/","url":"https:\/\/semead.com.br\/29\/es\/evento\/","name":"Evento - XXIX SemeAd","isPartOf":{"@id":"https:\/\/semead.com.br\/29\/es\/#website"},"datePublished":"2021-06-30T23:48:44+00:00","dateModified":"2026-08-17T19:35:32+00:00","breadcrumb":{"@id":"https:\/\/semead.com.br\/29\/es\/evento\/#breadcrumb"},"inLanguage":"es","potentialAction":[{"@type":"ReadAction","target":["https:\/\/semead.com.br\/29\/es\/evento\/"]}]},{"@type":"BreadcrumbList","@id":"https:\/\/semead.com.br\/29\/es\/evento\/#breadcrumb","itemListElement":[{"@type":"ListItem","position":1,"name":"Início","item":"https:\/\/semead.com.br\/29\/es\/"},{"@type":"ListItem","position":2,"name":"Evento"}]},{"@type":"WebSite","@id":"https:\/\/semead.com.br\/29\/es\/#website","url":"https:\/\/semead.com.br\/29\/es\/","name":"XXIX SemeAd","description":"Seminários em administração","potentialAction":[{"@type":"SearchAction","target":{"@type":"EntryPoint","urlTemplate":"https:\/\/semead.com.br\/29\/es\/?s={search_term_string}"},"query-input":{"@type":"PropertyValueSpecification","valueRequired":true,"valueName":"search_term_string"}}],"inLanguage":"es"}]}</script>
<!-- / Yoast SEO plugin. -->

El SemeAd —Seminarios de Administración de la Facultad de Economía, Administración, Contabilidad y Actuaria de la Universidad de São Paulo— es uno de los principales eventos científicos del sector en Brasil. El SemeAd, que se celebra anualmente, desempeña un papel fundamental en el intercambio y el debate sobre la producción académica y tecnológica en el [&hellip;]

Início

Seminários em administração
