{"id":12254,"date":"2013-04-23T14:32:18","date_gmt":"2013-04-23T14:32:18","guid":{"rendered":"http:\/\/semead.com.br\/?page_id=2"},"modified":"2026-08-17T16:33:33","modified_gmt":"2026-08-17T19:33:33","slug":"evento","status":"publish","type":"page","link":"https:\/\/semead.com.br\/29\/evento\/","title":{"rendered":"Evento"},"content":{"rendered":"\t\t<div data-elementor-type=\"wp-page\" data-elementor-id=\"12254\" class=\"elementor elementor-12254\" data-elementor-post-type=\"page\">\n\t\t\t\t\t\t<section class=\"elementor-section elementor-top-section elementor-element elementor-element-6ba63cfd elementor-section-boxed elementor-section-height-default elementor-section-height-default\" data-id=\"6ba63cfd\" data-element_type=\"section\" data-e-type=\"section\">\n\t\t\t\t\t\t<div class=\"elementor-container elementor-column-gap-default\">\n\t\t\t\t\t<div class=\"elementor-column elementor-col-100 elementor-top-column elementor-element elementor-element-415c587d\" data-id=\"415c587d\" data-element_type=\"column\" data-e-type=\"column\">\n\t\t\t<div class=\"elementor-widget-wrap elementor-element-populated\">\n\t\t\t\t\t\t<div class=\"elementor-element elementor-element-f944c91 elementor-widget elementor-widget-text-editor\" data-id=\"f944c91\" data-element_type=\"widget\" data-e-type=\"widget\" data-widget_type=\"text-editor.default\">\n\t\t\t\t<div class=\"elementor-widget-container\">\n\t\t\t\t\t\t\t\t\t<p>O SemeAd \u2013 Semin\u00e1rios em Administra\u00e7\u00e3o da Faculdade de Economia, Administra\u00e7\u00e3o, Contabilidade e Atu\u00e1ria da Universidade de S\u00e3o Paulo \u00e9 um dos principais eventos cient\u00edficos da \u00e1rea no Brasil. Realizado anualmente, o SemeAd tem um papel fundamental no interc\u00e2mbio e na discuss\u00e3o da produ\u00e7\u00e3o acad\u00eamica e tecnol\u00f3gica em Administra\u00e7\u00e3o, tanto no cen\u00e1rio nacional quanto internacional.<\/p><p>Desde sua cria\u00e7\u00e3o, em 1996, o evento tem evolu\u00eddo continuamente, consolidando-se como refer\u00eancia na \u00e1rea. Os artigos submetidos passam por um rigoroso processo de avalia\u00e7\u00e3o no sistema double blind review, garantindo a qualidade cient\u00edfica das pesquisas apresentadas. Os trabalhos aprovados s\u00e3o publicados nos anais do evento e divulgados no site oficial. Al\u00e9m disso, os melhores artigos s\u00e3o premiados e indicados para fast track em mais de 70 peri\u00f3dicos parceiros, incluindo publica\u00e7\u00f5es internacionais de prest\u00edgio.<\/p><p>A edi\u00e7\u00e3o de<strong> 2025<\/strong>\u00a0consolidou o <strong>formato h\u00edbrido<\/strong> e registrou n\u00fameros expressivos:<\/p><p>\ud83d\udccc <strong>2.403<\/strong><strong>\u00a0artigos submetidos<\/strong><br \/>\ud83d\udccc <strong>1.596 artigos aprovados<\/strong><br \/>\ud83d\udccc <strong>2.038 congressistas<\/strong><\/p><p>Agora, em <strong>2026<\/strong>, o SemeAd promete ser ainda maior e mais inovador! O evento seguir\u00e1 oferecendo suas tradicionais atividades, incluindo:<\/p><p>\u2714 <strong>Sess\u00f5es de apresenta\u00e7\u00e3o de artigos, relatos tecnol\u00f3gicos e casos de ensino<\/strong><br \/>\u2714 <strong>Sess\u00f5es Sapiens<\/strong>, voltadas ao aprimoramento de artigos cient\u00edficos para publica\u00e7\u00e3o<br \/>\u2714 <strong>Oficinas e Minicursos metodol\u00f3gicos<\/strong><br \/>\u2714 <strong>Cons\u00f3rcios pr\u00e9 e doutoral<\/strong>, que proporcionam intera\u00e7\u00f5es valiosas entre pesquisadores experientes e doutorandos<\/p><p>Acompanhe nossas redes sociais para ficar por dentro das novidades do <strong>SemeAd 2026!<\/strong><\/p><p>Com todas essas iniciativas, voc\u00ea n\u00e3o pode ficar de fora. <strong>Participe e fortale\u00e7a esse ecossistema de ensino, pesquisa e extens\u00e3o na Administra\u00e7\u00e3o!<\/strong><\/p>\t\t\t\t\t\t\t\t<\/div>\n\t\t\t\t<\/div>\n\t\t\t\t\t<\/div>\n\t\t<\/div>\n\t\t\t\t\t<\/div>\n\t\t<\/section>\n\t\t\t\t<\/div>\n\t\t","protected":false},"excerpt":{"rendered":"<p>O SemeAd \u2013 Semin\u00e1rios em Administra\u00e7\u00e3o da Faculdade de Economia, Administra\u00e7\u00e3o, Contabilidade e Atu\u00e1ria da Universidade de S\u00e3o Paulo \u00e9 um dos principais eventos cient\u00edficos da \u00e1rea no Brasil. Realizado anualmente, o SemeAd tem um papel fundamental no interc\u00e2mbio e na discuss\u00e3o da produ\u00e7\u00e3o acad\u00eamica e tecnol\u00f3gica em Administra\u00e7\u00e3o, tanto no cen\u00e1rio nacional quanto internacional. [&hellip;]<\/p>\n","protected":false},"author":1,"featured_media":0,"parent":0,"menu_order":0,"comment_status":"closed","ping_status":"open","template":"","meta":{"_acf_changed":false,"tpgb_global_settings":"","inline_featured_image":false,"_monsterinsights_skip_tracking":false,"_monsterinsights_sitenote_active":false,"_monsterinsights_sitenote_note":"","_monsterinsights_sitenote_category":0,"footnotes":""},"class_list":["post-12254","page","type-page","status-publish","hentry"],"acf":{"coordenadores":null,"audio_da_coordenacao":"","temas":null},"yoast_head":"<!-- This site is optimized with the Yoast SEO plugin v28.4 - https:\/\/yoast.com\/product\/yoast-seo-wordpress\/ -->\n<title>Evento - XXIX SemeAd<\/title>\n<meta name=\"robots\" content=\"index, follow, max-snippet:-1, max-image-preview:large, max-video-preview:-1\" \/>\n<link rel=\"canonical\" href=\"https:\/\/semead.com.br\/29\/evento\/\" \/>\n<meta property=\"og:locale\" content=\"pt_BR\" \/>\n<meta property=\"og:type\" content=\"article\" \/>\n<meta property=\"og:title\" content=\"Evento - XXIX SemeAd\" \/>\n<meta property=\"og:description\" content=\"O SemeAd \u2013 Semin\u00e1rios em Administra\u00e7\u00e3o da Faculdade de Economia, Administra\u00e7\u00e3o, Contabilidade e Atu\u00e1ria da Universidade de S\u00e3o Paulo \u00e9 um dos principais eventos cient\u00edficos da \u00e1rea no Brasil. Realizado anualmente, o SemeAd tem um papel fundamental no interc\u00e2mbio e na discuss\u00e3o da produ\u00e7\u00e3o acad\u00eamica e tecnol\u00f3gica em Administra\u00e7\u00e3o, tanto no cen\u00e1rio nacional quanto internacional. [&hellip;]\" \/>\n<meta property=\"og:url\" content=\"https:\/\/semead.com.br\/29\/evento\/\" \/>\n<meta property=\"og:site_name\" content=\"XXIX SemeAd\" \/>\n<meta property=\"article:modified_time\" content=\"2026-08-17T19:33:33+00:00\" \/>\n<meta name=\"twitter:card\" content=\"summary_large_image\" \/>\n<meta name=\"twitter:label1\" content=\"Est. tempo de leitura\" \/>\n\t<meta name=\"twitter:data1\" content=\"2 minutos\" \/>\n<script type=\"application\/ld+json\" class=\"yoast-schema-graph\">{\"@context\":\"https:\\\/\\\/schema.org\",\"@graph\":[{\"@type\":\"WebPage\",\"@id\":\"https:\\\/\\\/semead.com.br\\\/29\\\/evento\\\/\",\"url\":\"https:\\\/\\\/semead.com.br\\\/29\\\/evento\\\/\",\"name\":\"Evento - XXIX SemeAd\",\"isPartOf\":{\"@id\":\"https:\\\/\\\/semead.com.br\\\/29\\\/#website\"},\"datePublished\":\"2013-04-23T14:32:18+00:00\",\"dateModified\":\"2026-08-17T19:33:33+00:00\",\"breadcrumb\":{\"@id\":\"https:\\\/\\\/semead.com.br\\\/29\\\/evento\\\/#breadcrumb\"},\"inLanguage\":\"pt-BR\",\"potentialAction\":[{\"@type\":\"ReadAction\",\"target\":[\"https:\\\/\\\/semead.com.br\\\/29\\\/evento\\\/\"]}]},{\"@type\":\"BreadcrumbList\",\"@id\":\"https:\\\/\\\/semead.com.br\\\/29\\\/evento\\\/#breadcrumb\",\"itemListElement\":[{\"@type\":\"ListItem\",\"position\":1,\"name\":\"In\u00edcio\",\"item\":\"https:\\\/\\\/semead.com.br\\\/29\\\/\"},{\"@type\":\"ListItem\",\"position\":2,\"name\":\"Evento\"}]},{\"@type\":\"WebSite\",\"@id\":\"https:\\\/\\\/semead.com.br\\\/29\\\/#website\",\"url\":\"https:\\\/\\\/semead.com.br\\\/29\\\/\",\"name\":\"XXIX SemeAd\",\"description\":\"Semin\u00e1rios em administra\u00e7\u00e3o\",\"potentialAction\":[{\"@type\":\"SearchAction\",\"target\":{\"@type\":\"EntryPoint\",\"urlTemplate\":\"https:\\\/\\\/semead.com.br\\\/29\\\/?s={search_term_string}\"},\"query-input\":{\"@type\":\"PropertyValueSpecification\",\"valueRequired\":true,\"valueName\":\"search_term_string\"}}],\"inLanguage\":\"pt-BR\"}]}<\/script>\n<!-- \/ Yoast SEO plugin. -->","yoast_head_json":{"title":"Evento - XXIX SemeAd","robots":{"index":"index","follow":"follow","max-snippet":"max-snippet:-1","max-image-preview":"max-image-preview:large","max-video-preview":"max-video-preview:-1"},"canonical":"https:\/\/semead.com.br\/29\/evento\/","og_locale":"pt_BR","og_type":"article","og_title":"Evento - XXIX SemeAd","og_description":"O SemeAd \u2013 Semin\u00e1rios em Administra\u00e7\u00e3o da Faculdade de Economia, Administra\u00e7\u00e3o, Contabilidade e Atu\u00e1ria da Universidade de S\u00e3o Paulo \u00e9 um dos principais eventos cient\u00edficos da \u00e1rea no Brasil. Realizado anualmente, o SemeAd tem um papel fundamental no interc\u00e2mbio e na discuss\u00e3o da produ\u00e7\u00e3o acad\u00eamica e tecnol\u00f3gica em Administra\u00e7\u00e3o, tanto no cen\u00e1rio nacional quanto internacional. [&hellip;]","og_url":"https:\/\/semead.com.br\/29\/evento\/","og_site_name":"XXIX SemeAd","article_modified_time":"2026-08-17T19:33:33+00:00","twitter_card":"summary_large_image","twitter_misc":{"Est. tempo de leitura":"2 minutos"},"schema":{"@context":"https:\/\/schema.org","@graph":[{"@type":"WebPage","@id":"https:\/\/semead.com.br\/29\/evento\/","url":"https:\/\/semead.com.br\/29\/evento\/","name":"Evento - XXIX SemeAd","isPartOf":{"@id":"https:\/\/semead.com.br\/29\/#website"},"datePublished":"2013-04-23T14:32:18+00:00","dateModified":"2026-08-17T19:33:33+00:00","breadcrumb":{"@id":"https:\/\/semead.com.br\/29\/evento\/#breadcrumb"},"inLanguage":"pt-BR","potentialAction":[{"@type":"ReadAction","target":["https:\/\/semead.com.br\/29\/evento\/"]}]},{"@type":"BreadcrumbList","@id":"https:\/\/semead.com.br\/29\/evento\/#breadcrumb","itemListElement":[{"@type":"ListItem","position":1,"name":"In\u00edcio","item":"https:\/\/semead.com.br\/29\/"},{"@type":"ListItem","position":2,"name":"Evento"}]},{"@type":"WebSite","@id":"https:\/\/semead.com.br\/29\/#website","url":"https:\/\/semead.com.br\/29\/","name":"XXIX SemeAd","description":"Semin\u00e1rios em administra\u00e7\u00e3o","potentialAction":[{"@type":"SearchAction","target":{"@type":"EntryPoint","urlTemplate":"https:\/\/semead.com.br\/29\/?s={search_term_string}"},"query-input":{"@type":"PropertyValueSpecification","valueRequired":true,"valueName":"search_term_string"}}],"inLanguage":"pt-BR"}]}},"tpgb_featured_images":null,"tpgb_post_meta_info":{"get_date":"23 de abril de 2013","get_modified_date":"17 de agosto de 2026","author_name":"fernando yada","author_url":"https:\/\/semead.com.br\/29\/author\/fernando-yada\/","author_email":"fernandoyada@gmail.com","author_website":"","author_description":"","author_facebook":"","author_twitter":"","author_instagram":"","author_role":[],"author_firstname":"","author_lastname":"","user_login":"fernando yada","author_avatar":"<img alt='' src='https:\/\/secure.gravatar.com\/avatar\/e12b4edc71c65a7866bb5109793beca18c7cebc936f8b62643a50a4c990e8426?s=200&#038;d=mm&#038;r=g' srcset='https:\/\/secure.gravatar.com\/avatar\/e12b4edc71c65a7866bb5109793beca18c7cebc936f8b62643a50a4c990e8426?s=400&#038;d=mm&#038;r=g 2x' class='avatar avatar-200 photo' height='200' width='200' decoding='async'\/>","author_avatar_url":"https:\/\/secure.gravatar.com\/avatar\/e12b4edc71c65a7866bb5109793beca18c7cebc936f8b62643a50a4c990e8426?s=96&d=mm&r=g","comment_count":0,"post_likes":0,"post_views":0},"tpgb_post_category":[],"jetpack_sharing_enabled":true,"_links":{"self":[{"href":"https:\/\/semead.com.br\/29\/wp-json\/wp\/v2\/pages\/12254","targetHints":{"allow":["GET"]}}],"collection":[{"href":"https:\/\/semead.com.br\/29\/wp-json\/wp\/v2\/pages"}],"about":[{"href":"https:\/\/semead.com.br\/29\/wp-json\/wp\/v2\/types\/page"}],"author":[{"embeddable":true,"href":"https:\/\/semead.com.br\/29\/wp-json\/wp\/v2\/users\/1"}],"replies":[{"embeddable":true,"href":"https:\/\/semead.com.br\/29\/wp-json\/wp\/v2\/comments?post=12254"}],"version-history":[{"count":3,"href":"https:\/\/semead.com.br\/29\/wp-json\/wp\/v2\/pages\/12254\/revisions"}],"predecessor-version":[{"id":36808,"href":"https:\/\/semead.com.br\/29\/wp-json\/wp\/v2\/pages\/12254\/revisions\/36808"}],"wp:attachment":[{"href":"https:\/\/semead.com.br\/29\/wp-json\/wp\/v2\/media?parent=12254"}],"curies":[{"name":"wp","href":"https:\/\/api.w.org\/{rel}","templated":true}]}}

<div data-elementor-type="wp-page" data-elementor-id="12254" class="elementor elementor-12254" data-elementor-post-type="page">
						<section class="elementor-section elementor-top-section elementor-element elementor-element-6ba63cfd elementor-section-boxed elementor-section-height-default elementor-section-height-default" data-id="6ba63cfd" data-element_type="section" data-e-type="section">
						<div class="elementor-container elementor-column-gap-default">
					<div class="elementor-column elementor-col-100 elementor-top-column elementor-element elementor-element-415c587d" data-id="415c587d" data-element_type="column" data-e-type="column">
			<div class="elementor-widget-wrap elementor-element-populated">
						<div class="elementor-element elementor-element-f944c91 elementor-widget elementor-widget-text-editor" data-id="f944c91" data-element_type="widget" data-e-type="widget" data-widget_type="text-editor.default">
				<div class="elementor-widget-container">
									<p>O SemeAd – Seminários em Administração da Faculdade de Economia, Administração, Contabilidade e Atuária da Universidade de São Paulo é um dos principais eventos científicos da área no Brasil. Realizado anualmente, o SemeAd tem um papel fundamental no intercâmbio e na discussão da produção acadêmica e tecnológica em Administração, tanto no cenário nacional quanto internacional.</p><p>Desde sua criação, em 1996, o evento tem evoluído continuamente, consolidando-se como referência na área. Os artigos submetidos passam por um rigoroso processo de avaliação no sistema double blind review, garantindo a qualidade científica das pesquisas apresentadas. Os trabalhos aprovados são publicados nos anais do evento e divulgados no site oficial. Além disso, os melhores artigos são premiados e indicados para fast track em mais de 70 periódicos parceiros, incluindo publicações internacionais de prestígio.</p><p>A edição de<strong> 2025</strong> consolidou o <strong>formato híbrido</strong> e registrou números expressivos:</p><p>📌 <strong>2.403</strong><strong> artigos submetidos</strong><br />📌 <strong>1.596 artigos aprovados</strong><br />📌 <strong>2.038 congressistas</strong></p><p>Agora, em <strong>2026</strong>, o SemeAd promete ser ainda maior e mais inovador! O evento seguirá oferecendo suas tradicionais atividades, incluindo:</p><p>✔ <strong>Sessões de apresentação de artigos, relatos tecnológicos e casos de ensino</strong><br />✔ <strong>Sessões Sapiens</strong>, voltadas ao aprimoramento de artigos científicos para publicação<br />✔ <strong>Oficinas e Minicursos metodológicos</strong><br />✔ <strong>Consórcios pré e doutoral</strong>, que proporcionam interações valiosas entre pesquisadores experientes e doutorandos</p><p>Acompanhe nossas redes sociais para ficar por dentro das novidades do <strong>SemeAd 2026!</strong></p><p>Com todas essas iniciativas, você não pode ficar de fora. <strong>Participe e fortaleça esse ecossistema de ensino, pesquisa e extensão na Administração!</strong></p>								</div>
				</div>
					</div>
		</div>
					</div>
		</section>
				</div>

<p>O SemeAd – Seminários em Administração da Faculdade de Economia, Administração, Contabilidade e Atuária da Universidade de São Paulo é um dos principais eventos científicos da área no Brasil. Realizado anualmente, o SemeAd tem um papel fundamental no intercâmbio e na discussão da produção acadêmica e tecnológica em Administração, tanto no cenário nacional quanto internacional. [&hellip;]</p>

<!-- This site is optimized with the Yoast SEO plugin v28.4 - https://yoast.com/product/yoast-seo-wordpress/ -->
<title>Evento - XXIX SemeAd</title>
<meta name="robots" content="index, follow, max-snippet:-1, max-image-preview:large, max-video-preview:-1" />
<link rel="canonical" href="https://semead.com.br/29/evento/" />
<meta property="og:locale" content="pt_BR" />
<meta property="og:type" content="article" />
<meta property="og:title" content="Evento - XXIX SemeAd" />
<meta property="og:description" content="O SemeAd – Seminários em Administração da Faculdade de Economia, Administração, Contabilidade e Atuária da Universidade de São Paulo é um dos principais eventos científicos da área no Brasil. Realizado anualmente, o SemeAd tem um papel fundamental no intercâmbio e na discussão da produção acadêmica e tecnológica em Administração, tanto no cenário nacional quanto internacional. [&hellip;]" />
<meta property="og:url" content="https://semead.com.br/29/evento/" />
<meta property="og:site_name" content="XXIX SemeAd" />
<meta property="article:modified_time" content="2026-08-17T19:33:33+00:00" />
<meta name="twitter:card" content="summary_large_image" />
<meta name="twitter:label1" content="Est. tempo de leitura" />
	<meta name="twitter:data1" content="2 minutos" />
<script type="application/ld+json" class="yoast-schema-graph">{"@context":"https:\/\/schema.org","@graph":[{"@type":"WebPage","@id":"https:\/\/semead.com.br\/29\/evento\/","url":"https:\/\/semead.com.br\/29\/evento\/","name":"Evento - XXIX SemeAd","isPartOf":{"@id":"https:\/\/semead.com.br\/29\/#website"},"datePublished":"2013-04-23T14:32:18+00:00","dateModified":"2026-08-17T19:33:33+00:00","breadcrumb":{"@id":"https:\/\/semead.com.br\/29\/evento\/#breadcrumb"},"inLanguage":"pt-BR","potentialAction":[{"@type":"ReadAction","target":["https:\/\/semead.com.br\/29\/evento\/"]}]},{"@type":"BreadcrumbList","@id":"https:\/\/semead.com.br\/29\/evento\/#breadcrumb","itemListElement":[{"@type":"ListItem","position":1,"name":"Início","item":"https:\/\/semead.com.br\/29\/"},{"@type":"ListItem","position":2,"name":"Evento"}]},{"@type":"WebSite","@id":"https:\/\/semead.com.br\/29\/#website","url":"https:\/\/semead.com.br\/29\/","name":"XXIX SemeAd","description":"Seminários em administração","potentialAction":[{"@type":"SearchAction","target":{"@type":"EntryPoint","urlTemplate":"https:\/\/semead.com.br\/29\/?s={search_term_string}"},"query-input":{"@type":"PropertyValueSpecification","valueRequired":true,"valueName":"search_term_string"}}],"inLanguage":"pt-BR"}]}</script>
<!-- / Yoast SEO plugin. -->

O SemeAd – Seminários em Administração da Faculdade de Economia, Administração, Contabilidade e Atuária da Universidade de São Paulo é um dos principais eventos científicos da área no Brasil. Realizado anualmente, o SemeAd tem um papel fundamental no intercâmbio e na discussão da produção acadêmica e tecnológica em Administração, tanto no cenário nacional quanto internacional. [&hellip;]

Início

Seminários em administração
