{"id":24,"date":"2013-04-26T00:16:54","date_gmt":"2013-04-26T00:16:54","guid":{"rendered":"http:\/\/semead.com.br\/?page_id=24"},"modified":"2026-04-15T23:41:30","modified_gmt":"2026-04-16T02:41:30","slug":"avaliacao","status":"publish","type":"page","link":"https:\/\/semead.com.br\/29\/avaliacao\/","title":{"rendered":"Avalia\u00e7\u00e3o"},"content":{"rendered":"<p>Os trabalhos (artigos) submetidos ao SemeAd passam pelo processo de avalia\u00e7\u00e3o do SemeAd. Os professores respons\u00e1veis pela coordena\u00e7\u00e3o das \u00e1reas e temas escolhem os avaliadores dos artigos. Os avaliadores recebem orienta\u00e7\u00f5es sobre os crit\u00e9rios de avalia\u00e7\u00e3o. S\u00e3o escolhidos dois avaliadores para cada trabalho submetido. Um dos avaliadores deve ser doutor e profundo conhecedor do tema de submiss\u00e3o. Os avaliados s\u00e3o denominados parecerista trabalham em sistema de <i>double review<\/i> e<em> blind review<\/em> ( sem acesso aos nomes dos autores). Caso o resultado das avalia\u00e7\u00f5es apresente diverg\u00eancias acentuadas sobre os crit\u00e9rios de avalia\u00e7\u00e3o, um terceiro parecerista \u00e9 convidado a fazer a avalia\u00e7\u00e3o do trabalho. Os coordenadores de \u00e1rea s\u00e3o respons\u00e1veis por finalizar o processo de avalia\u00e7\u00e3o.<\/p>\n<p>Os fatores de avalia\u00e7\u00e3o s\u00e3o espec\u00edficos para cada modalidade de submiss\u00e3o.<\/p>\n<p>Para os <b>artigos acad\u00eamicos (te\u00f3ricos e te\u00f3rico emp\u00edricos)<\/b> os fatores s\u00e3o : (1) coer\u00eancia entre o contexto de pesquisa a pergunta de pesquisa e a identifica\u00e7\u00e3o das potenciais contribui\u00e7\u00f5es acad\u00eamicas, gerenciais e sociais,\u00a0 (2) qualidade da apresenta\u00e7\u00e3o do \u201cestado-da-arte\u201d do tema escolhido, (3) adequa\u00e7\u00e3o da metodologia utilizada e t\u00e9cnicas aplicadas, (4) qualidade da apresenta\u00e7\u00e3o dos resultados, discuss\u00e3o dos resultados e conclus\u00e3o (5) Coer\u00eancia da discuss\u00e3o dos resultados com a pergunta de pesquisa e os objetivos propostos.<\/p>\n<p>Para os <b>artigos aplicados,<\/b> os fatores s\u00e3o: (1) adequa\u00e7\u00e3o da estrutura, (2) coer\u00eancia da apresenta\u00e7\u00e3o do conte\u00fado com os objetivos, (3) objetividade e clareza na descri\u00e7\u00e3o, (4) ader\u00eancia \u00e0 norma de formata\u00e7\u00e3o escolhida.<\/p>\n<p>Para os <b>casos de ensino<\/b> os fatores s\u00e3o: (1) defini\u00e7\u00e3o clara do tema, do contexto e dos atores envolvidos, (2) contribui\u00e7\u00e3o do caso para a \u00e1rea de conhecimento, (3) imparcialidade do(s) autor(es) e (4) qualidade das notas de ensino.<\/p>\n<p>Por gentileza, pedimos aos avaliadores para consultarem nossas orienta\u00e7\u00f5es em rela\u00e7\u00e3o ao uso de IA.<br \/>\n<a href=\"https:\/\/semead.com.br\/29-novo\/wp-content\/uploads\/sites\/21\/2025\/07\/Orientacoes-Avaliadores-Semead-2025.pdf\"><br \/>\nOrienta\u00e7\u00f5es para a Avalia\u00e7\u00e3o de Trabalhos<br \/>\n<\/a><\/p>\n","protected":false},"excerpt":{"rendered":"<p>Os trabalhos (artigos) submetidos ao SemeAd passam pelo processo de avalia\u00e7\u00e3o do SemeAd. Os professores respons\u00e1veis pela coordena\u00e7\u00e3o das \u00e1reas e temas escolhem os avaliadores dos artigos. Os avaliadores recebem orienta\u00e7\u00f5es sobre os crit\u00e9rios de avalia\u00e7\u00e3o. S\u00e3o escolhidos dois avaliadores para cada trabalho submetido. Um dos avaliadores deve ser doutor e profundo conhecedor do tema [&hellip;]<\/p>\n","protected":false},"author":1,"featured_media":0,"parent":0,"menu_order":0,"comment_status":"closed","ping_status":"open","template":"","meta":{"_acf_changed":false,"tpgb_global_settings":"","inline_featured_image":false,"_monsterinsights_skip_tracking":false,"_monsterinsights_sitenote_active":false,"_monsterinsights_sitenote_note":"","_monsterinsights_sitenote_category":0,"footnotes":""},"class_list":["post-24","page","type-page","status-publish","hentry"],"acf":{"coordenadores":null,"audio_da_coordenacao":"","temas":null},"yoast_head":"<!-- This site is optimized with the Yoast SEO plugin v27.5 - https:\/\/yoast.com\/product\/yoast-seo-wordpress\/ -->\n<title>Avalia\u00e7\u00e3o - XXIX SemeAd<\/title>\n<meta name=\"robots\" content=\"index, follow, max-snippet:-1, max-image-preview:large, max-video-preview:-1\" \/>\n<link rel=\"canonical\" href=\"https:\/\/semead.com.br\/29\/avaliacao\/\" \/>\n<meta property=\"og:locale\" content=\"pt_BR\" \/>\n<meta property=\"og:type\" content=\"article\" \/>\n<meta property=\"og:title\" content=\"Avalia\u00e7\u00e3o - XXIX SemeAd\" \/>\n<meta property=\"og:description\" content=\"Os trabalhos (artigos) submetidos ao SemeAd passam pelo processo de avalia\u00e7\u00e3o do SemeAd. Os professores respons\u00e1veis pela coordena\u00e7\u00e3o das \u00e1reas e temas escolhem os avaliadores dos artigos. Os avaliadores recebem orienta\u00e7\u00f5es sobre os crit\u00e9rios de avalia\u00e7\u00e3o. S\u00e3o escolhidos dois avaliadores para cada trabalho submetido. Um dos avaliadores deve ser doutor e profundo conhecedor do tema [&hellip;]\" \/>\n<meta property=\"og:url\" content=\"https:\/\/semead.com.br\/29\/avaliacao\/\" \/>\n<meta property=\"og:site_name\" content=\"XXIX SemeAd\" \/>\n<meta property=\"article:modified_time\" content=\"2026-04-16T02:41:30+00:00\" \/>\n<meta name=\"twitter:card\" content=\"summary_large_image\" \/>\n<meta name=\"twitter:label1\" content=\"Est. tempo de leitura\" \/>\n\t<meta name=\"twitter:data1\" content=\"2 minutos\" \/>\n<script type=\"application\/ld+json\" class=\"yoast-schema-graph\">{\"@context\":\"https:\\\/\\\/schema.org\",\"@graph\":[{\"@type\":\"WebPage\",\"@id\":\"https:\\\/\\\/semead.com.br\\\/29\\\/avaliacao\\\/\",\"url\":\"https:\\\/\\\/semead.com.br\\\/29\\\/avaliacao\\\/\",\"name\":\"Avalia\u00e7\u00e3o - XXIX SemeAd\",\"isPartOf\":{\"@id\":\"https:\\\/\\\/semead.com.br\\\/29\\\/#website\"},\"datePublished\":\"2013-04-26T00:16:54+00:00\",\"dateModified\":\"2026-04-16T02:41:30+00:00\",\"breadcrumb\":{\"@id\":\"https:\\\/\\\/semead.com.br\\\/29\\\/avaliacao\\\/#breadcrumb\"},\"inLanguage\":\"pt-BR\",\"potentialAction\":[{\"@type\":\"ReadAction\",\"target\":[\"https:\\\/\\\/semead.com.br\\\/29\\\/avaliacao\\\/\"]}]},{\"@type\":\"BreadcrumbList\",\"@id\":\"https:\\\/\\\/semead.com.br\\\/29\\\/avaliacao\\\/#breadcrumb\",\"itemListElement\":[{\"@type\":\"ListItem\",\"position\":1,\"name\":\"In\u00edcio\",\"item\":\"https:\\\/\\\/semead.com.br\\\/29\\\/\"},{\"@type\":\"ListItem\",\"position\":2,\"name\":\"Avalia\u00e7\u00e3o\"}]},{\"@type\":\"WebSite\",\"@id\":\"https:\\\/\\\/semead.com.br\\\/29\\\/#website\",\"url\":\"https:\\\/\\\/semead.com.br\\\/29\\\/\",\"name\":\"XXIX SemeAd\",\"description\":\"Semin\u00e1rios em administra\u00e7\u00e3o\",\"potentialAction\":[{\"@type\":\"SearchAction\",\"target\":{\"@type\":\"EntryPoint\",\"urlTemplate\":\"https:\\\/\\\/semead.com.br\\\/29\\\/?s={search_term_string}\"},\"query-input\":{\"@type\":\"PropertyValueSpecification\",\"valueRequired\":true,\"valueName\":\"search_term_string\"}}],\"inLanguage\":\"pt-BR\"}]}<\/script>\n<!-- \/ Yoast SEO plugin. -->","yoast_head_json":{"title":"Avalia\u00e7\u00e3o - XXIX SemeAd","robots":{"index":"index","follow":"follow","max-snippet":"max-snippet:-1","max-image-preview":"max-image-preview:large","max-video-preview":"max-video-preview:-1"},"canonical":"https:\/\/semead.com.br\/29\/avaliacao\/","og_locale":"pt_BR","og_type":"article","og_title":"Avalia\u00e7\u00e3o - XXIX SemeAd","og_description":"Os trabalhos (artigos) submetidos ao SemeAd passam pelo processo de avalia\u00e7\u00e3o do SemeAd. Os professores respons\u00e1veis pela coordena\u00e7\u00e3o das \u00e1reas e temas escolhem os avaliadores dos artigos. Os avaliadores recebem orienta\u00e7\u00f5es sobre os crit\u00e9rios de avalia\u00e7\u00e3o. S\u00e3o escolhidos dois avaliadores para cada trabalho submetido. Um dos avaliadores deve ser doutor e profundo conhecedor do tema [&hellip;]","og_url":"https:\/\/semead.com.br\/29\/avaliacao\/","og_site_name":"XXIX SemeAd","article_modified_time":"2026-04-16T02:41:30+00:00","twitter_card":"summary_large_image","twitter_misc":{"Est. tempo de leitura":"2 minutos"},"schema":{"@context":"https:\/\/schema.org","@graph":[{"@type":"WebPage","@id":"https:\/\/semead.com.br\/29\/avaliacao\/","url":"https:\/\/semead.com.br\/29\/avaliacao\/","name":"Avalia\u00e7\u00e3o - XXIX SemeAd","isPartOf":{"@id":"https:\/\/semead.com.br\/29\/#website"},"datePublished":"2013-04-26T00:16:54+00:00","dateModified":"2026-04-16T02:41:30+00:00","breadcrumb":{"@id":"https:\/\/semead.com.br\/29\/avaliacao\/#breadcrumb"},"inLanguage":"pt-BR","potentialAction":[{"@type":"ReadAction","target":["https:\/\/semead.com.br\/29\/avaliacao\/"]}]},{"@type":"BreadcrumbList","@id":"https:\/\/semead.com.br\/29\/avaliacao\/#breadcrumb","itemListElement":[{"@type":"ListItem","position":1,"name":"In\u00edcio","item":"https:\/\/semead.com.br\/29\/"},{"@type":"ListItem","position":2,"name":"Avalia\u00e7\u00e3o"}]},{"@type":"WebSite","@id":"https:\/\/semead.com.br\/29\/#website","url":"https:\/\/semead.com.br\/29\/","name":"XXIX SemeAd","description":"Semin\u00e1rios em administra\u00e7\u00e3o","potentialAction":[{"@type":"SearchAction","target":{"@type":"EntryPoint","urlTemplate":"https:\/\/semead.com.br\/29\/?s={search_term_string}"},"query-input":{"@type":"PropertyValueSpecification","valueRequired":true,"valueName":"search_term_string"}}],"inLanguage":"pt-BR"}]}},"tpgb_featured_images":null,"tpgb_post_meta_info":{"get_date":"26 de abril de 2013","get_modified_date":"15 de abril de 2026","author_name":"fernando yada","author_url":"https:\/\/semead.com.br\/29\/author\/fernando-yada\/","author_email":"fernandoyada@gmail.com","author_website":"","author_description":"","author_facebook":"","author_twitter":"","author_instagram":"","author_role":[],"author_firstname":"","author_lastname":"","user_login":"fernando yada","author_avatar":"<img alt='' src='https:\/\/secure.gravatar.com\/avatar\/e12b4edc71c65a7866bb5109793beca18c7cebc936f8b62643a50a4c990e8426?s=200&#038;d=mm&#038;r=g' srcset='https:\/\/secure.gravatar.com\/avatar\/e12b4edc71c65a7866bb5109793beca18c7cebc936f8b62643a50a4c990e8426?s=400&#038;d=mm&#038;r=g 2x' class='avatar avatar-200 photo' height='200' width='200' decoding='async'\/>","author_avatar_url":"https:\/\/secure.gravatar.com\/avatar\/e12b4edc71c65a7866bb5109793beca18c7cebc936f8b62643a50a4c990e8426?s=96&d=mm&r=g","comment_count":0,"post_likes":0,"post_views":0},"tpgb_post_category":[],"jetpack_sharing_enabled":true,"_links":{"self":[{"href":"https:\/\/semead.com.br\/29\/wp-json\/wp\/v2\/pages\/24","targetHints":{"allow":["GET"]}}],"collection":[{"href":"https:\/\/semead.com.br\/29\/wp-json\/wp\/v2\/pages"}],"about":[{"href":"https:\/\/semead.com.br\/29\/wp-json\/wp\/v2\/types\/page"}],"author":[{"embeddable":true,"href":"https:\/\/semead.com.br\/29\/wp-json\/wp\/v2\/users\/1"}],"replies":[{"embeddable":true,"href":"https:\/\/semead.com.br\/29\/wp-json\/wp\/v2\/comments?post=24"}],"version-history":[{"count":3,"href":"https:\/\/semead.com.br\/29\/wp-json\/wp\/v2\/pages\/24\/revisions"}],"predecessor-version":[{"id":35071,"href":"https:\/\/semead.com.br\/29\/wp-json\/wp\/v2\/pages\/24\/revisions\/35071"}],"wp:attachment":[{"href":"https:\/\/semead.com.br\/29\/wp-json\/wp\/v2\/media?parent=24"}],"curies":[{"name":"wp","href":"https:\/\/api.w.org\/{rel}","templated":true}]}}